{"id":13018,"date":"2025-02-13T22:45:52","date_gmt":"2025-02-13T22:45:52","guid":{"rendered":"https:\/\/edimeinter.com\/libreria\/?post_type=product&#038;p=13018"},"modified":"2025-05-30T18:13:35","modified_gmt":"2025-05-30T18:13:35","slug":"ultrasonografia-en-obstetricia-y-diagnostico-prenatal-2a-edicion","status":"publish","type":"product","link":"https:\/\/edimeinter.com\/libreria\/product\/ultrasonografia-en-obstetricia-y-diagnostico-prenatal-2a-edicion\/","title":{"rendered":"Ultrasonograf\u00eda en obstetricia y diagn\u00f3stico prenatal. 2\u00aa Edici\u00f3n"},"content":{"rendered":"\t\t<div data-elementor-type=\"wp-post\" data-elementor-id=\"13018\" class=\"elementor elementor-13018\">\n\t\t\t\t<div class=\"elementor-element elementor-element-2612b12 e-flex e-con-boxed e-con e-parent\" data-id=\"2612b12\" data-element_type=\"container\" data-e-type=\"container\">\n\t\t\t\t\t<div class=\"e-con-inner\">\n\t\t\n\t\t<div class=\"elementor-element elementor-element-498707ae elementor-widget elementor-widget-text-editor\" data-id=\"498707ae\" data-element_type=\"widget\" data-e-type=\"widget\" data-widget_type=\"text-editor.default\">\n\t\t\t\t<div class=\"elementor-widget-container\">\n\t\t\t\t\t\t\t\t\t<div class=\"accordionContent pulir\"><div class=\"accordionContent pulir\"><p>En esta segunda edici\u00f3n, los doctores Cafici y Sep\u00falveda mantienen como principal objetivo brindar al lector las herramientas necesarias para el aprendizaje del ultrasonido en obstetricia y diagn\u00f3stico prenatal. La obra cubre todos los aspectos necesarios para la formaci\u00f3n en esta disciplina, tanto los hallazgos anat\u00f3micos normales y su representaci\u00f3n ultrasonogr\u00e1fica como la revisi\u00f3n de las manifestaciones de las diferentes malformaciones de todos los sistemas.<\/p><p>Revisa el aporte de la ecograf\u00eda en la evaluaci\u00f3n del crecimiento fetal normal y sus alteraciones, as\u00ed como el estudio de la placenta y el l\u00edquido amni\u00f3tico. Incluye una cuidadosa y actualizada revisi\u00f3n de los \u00faltimos avances del diagn\u00f3stico prenatal ultrasonogr\u00e1fico y bioqu\u00edmico en el primer trimestre.<\/p><p>El resultado es un libro escrito con criterio eminentemente did\u00e1ctico, que gu\u00eda al lector llev\u00e1ndolo desde las nociones m\u00e1s b\u00e1sicas a la puesta al d\u00eda m\u00e1s avanzada en cada uno de los cap\u00edtulos.<\/p><\/div><\/div>\t\t\t\t\t\t\t\t<\/div>\n\t\t\t\t<\/div>\n\t\t\t\t\t<\/div>\n\t\t\t\t<\/div>\n\t\t\t\t<\/div>\n\t\t","protected":false},"excerpt":{"rendered":"<p><strong>Autores:<\/strong>\u00a0Cafici, Daniel Sep\u00falveda, Waldo.<br \/>\n<strong>ISBN:<\/strong>\u00a09789873954511<br \/>\n<strong>Editorial:<\/strong>\u00a0Ediciones Journal<br \/>\n<strong>Edici\u00f3n:<\/strong>\u00a02\u00aa<br \/>\n<strong>Especialidad<\/strong>: Diagn\u00f3stico por Im\u00e1genes<br \/>\n<strong>P\u00e1ginas<\/strong>: 759<br \/>\n\u00a9 2018<\/p>\n","protected":false},"featured_media":13019,"comment_status":"open","ping_status":"closed","template":"","meta":{"_joinchat":[]},"product_cat":[80],"product_tag":[81,110],"class_list":{"0":"post-13018","1":"product","2":"type-product","3":"status-publish","4":"has-post-thumbnail","6":"product_cat-diagnostico-por-imagenes","7":"product_tag-diagnostico-por-imagenes","8":"product_tag-ediciones-journal","10":"first","11":"instock","12":"featured","13":"taxable","14":"shipping-taxable","15":"purchasable","16":"product-type-simple"},"_links":{"self":[{"href":"https:\/\/edimeinter.com\/libreria\/wp-json\/wp\/v2\/product\/13018","targetHints":{"allow":["GET"]}}],"collection":[{"href":"https:\/\/edimeinter.com\/libreria\/wp-json\/wp\/v2\/product"}],"about":[{"href":"https:\/\/edimeinter.com\/libreria\/wp-json\/wp\/v2\/types\/product"}],"replies":[{"embeddable":true,"href":"https:\/\/edimeinter.com\/libreria\/wp-json\/wp\/v2\/comments?post=13018"}],"version-history":[{"count":1,"href":"https:\/\/edimeinter.com\/libreria\/wp-json\/wp\/v2\/product\/13018\/revisions"}],"predecessor-version":[{"id":15498,"href":"https:\/\/edimeinter.com\/libreria\/wp-json\/wp\/v2\/product\/13018\/revisions\/15498"}],"wp:featuredmedia":[{"embeddable":true,"href":"https:\/\/edimeinter.com\/libreria\/wp-json\/wp\/v2\/media\/13019"}],"wp:attachment":[{"href":"https:\/\/edimeinter.com\/libreria\/wp-json\/wp\/v2\/media?parent=13018"}],"wp:term":[{"taxonomy":"product_cat","embeddable":true,"href":"https:\/\/edimeinter.com\/libreria\/wp-json\/wp\/v2\/product_cat?post=13018"},{"taxonomy":"product_tag","embeddable":true,"href":"https:\/\/edimeinter.com\/libreria\/wp-json\/wp\/v2\/product_tag?post=13018"}],"curies":[{"name":"wp","href":"https:\/\/api.w.org\/{rel}","templated":true}]}}