{"id":13024,"date":"2025-02-14T00:02:50","date_gmt":"2025-02-14T00:02:50","guid":{"rendered":"https:\/\/edimeinter.com\/libreria\/?post_type=product&#038;p=13024"},"modified":"2025-03-04T22:08:47","modified_gmt":"2025-03-04T22:08:47","slug":"ultrasonografia-del-primer-trimestre-3a-edicion","status":"publish","type":"product","link":"https:\/\/edimeinter.com\/libreria\/product\/ultrasonografia-del-primer-trimestre-3a-edicion\/","title":{"rendered":"Ultrasonograf\u00eda del primer trimestre. 3\u00aa Edici\u00f3n"},"content":{"rendered":"\t\t<div data-elementor-type=\"wp-post\" data-elementor-id=\"13024\" class=\"elementor elementor-13024\">\n\t\t\t\t<div class=\"elementor-element elementor-element-2612b12 e-flex e-con-boxed e-con e-parent\" data-id=\"2612b12\" data-element_type=\"container\" data-e-type=\"container\">\n\t\t\t\t\t<div class=\"e-con-inner\">\n\t\t\n\t\t<div class=\"elementor-element elementor-element-498707ae elementor-widget elementor-widget-text-editor\" data-id=\"498707ae\" data-element_type=\"widget\" data-e-type=\"widget\" data-widget_type=\"text-editor.default\">\n\t\t\t\t<div class=\"elementor-widget-container\">\n\t\t\t\t\t\t\t\t\t<div class=\"accordionContent pulir\"><div class=\"accordionContent pulir\"><p>Ultrasonograf\u00eda del primer trimestre: Diagn\u00f3stico de anomal\u00edas fetales es una gu\u00eda acreditada y sistem\u00e1tica sobre el rol de la ecograf\u00eda del primer trimestre en la evaluaci\u00f3n del riesgo del embarazo y la detecci\u00f3n temprana de malformaciones fetales.<\/p><p>Las ilustraciones de alta calidad y las numerosas tablas lo convierten en un excelente recurso diario en la pr\u00e1ctica cl\u00ednica. Presenta informaci\u00f3n de vanguardia acompa\u00f1ada por magn\u00edficas im\u00e1genes que reflejan la mejor tecnolog\u00eda ecogr\u00e1fica de la actualidad.<\/p><p>Cubre aspectos generales de la ecograf\u00eda del primer trimestre, que incluyen fundamentos f\u00edsicos y bioefectos, aspectos t\u00e9cnicos, biometr\u00eda fetal y determinaci\u00f3n de la edad gestacional, tamizaje de aneuploid\u00edas cromos\u00f3micas, embarazos m\u00faltiples, etc.<\/p><\/div><\/div>\t\t\t\t\t\t\t\t<\/div>\n\t\t\t\t<\/div>\n\t\t\t\t\t<\/div>\n\t\t\t\t<\/div>\n\t\t\t\t<\/div>\n\t\t","protected":false},"excerpt":{"rendered":"<p><strong>Autores:<\/strong>\u00a0Abuhamad, Alfred Chaoui Rabih.<br \/>\n<strong>ISBN:<\/strong>\u00a09789874922502<br \/>\n<strong>Editorial:<\/strong>\u00a0Ediciones Journal<br \/>\n<strong>Edici\u00f3n:<\/strong>\u00a03\u00aa<br \/>\n<strong>Especialidad<\/strong>: Diagn\u00f3stico por Im\u00e1genes<br \/>\n<strong>P\u00e1ginas<\/strong>: 341<br \/>\n\u00a9 2020<\/p>\n","protected":false},"featured_media":13025,"comment_status":"open","ping_status":"open","template":"","meta":{"_joinchat":[]},"product_cat":[80],"product_tag":[81,110],"class_list":{"0":"post-13024","1":"product","2":"type-product","3":"status-publish","4":"has-post-thumbnail","6":"product_cat-diagnostico-por-imagenes","7":"product_tag-diagnostico-por-imagenes","8":"product_tag-ediciones-journal","10":"first","11":"instock","12":"featured","13":"taxable","14":"shipping-taxable","15":"purchasable","16":"product-type-simple"},"_links":{"self":[{"href":"https:\/\/edimeinter.com\/libreria\/wp-json\/wp\/v2\/product\/13024","targetHints":{"allow":["GET"]}}],"collection":[{"href":"https:\/\/edimeinter.com\/libreria\/wp-json\/wp\/v2\/product"}],"about":[{"href":"https:\/\/edimeinter.com\/libreria\/wp-json\/wp\/v2\/types\/product"}],"replies":[{"embeddable":true,"href":"https:\/\/edimeinter.com\/libreria\/wp-json\/wp\/v2\/comments?post=13024"}],"version-history":[{"count":1,"href":"https:\/\/edimeinter.com\/libreria\/wp-json\/wp\/v2\/product\/13024\/revisions"}],"predecessor-version":[{"id":15499,"href":"https:\/\/edimeinter.com\/libreria\/wp-json\/wp\/v2\/product\/13024\/revisions\/15499"}],"wp:featuredmedia":[{"embeddable":true,"href":"https:\/\/edimeinter.com\/libreria\/wp-json\/wp\/v2\/media\/13025"}],"wp:attachment":[{"href":"https:\/\/edimeinter.com\/libreria\/wp-json\/wp\/v2\/media?parent=13024"}],"wp:term":[{"taxonomy":"product_cat","embeddable":true,"href":"https:\/\/edimeinter.com\/libreria\/wp-json\/wp\/v2\/product_cat?post=13024"},{"taxonomy":"product_tag","embeddable":true,"href":"https:\/\/edimeinter.com\/libreria\/wp-json\/wp\/v2\/product_tag?post=13024"}],"curies":[{"name":"wp","href":"https:\/\/api.w.org\/{rel}","templated":true}]}}

Ultrasonografía del primer trimestre. 3ª Edición

<div data-elementor-type="wp-post" data-elementor-id="13024" class="elementor elementor-13024">
				<div class="elementor-element elementor-element-2612b12 e-flex e-con-boxed e-con e-parent" data-id="2612b12" data-element_type="container" data-e-type="container">
					<div class="e-con-inner">
		
		<div class="elementor-element elementor-element-498707ae elementor-widget elementor-widget-text-editor" data-id="498707ae" data-element_type="widget" data-e-type="widget" data-widget_type="text-editor.default">
				<div class="elementor-widget-container">
									<div class="accordionContent pulir"><div class="accordionContent pulir"><p>Ultrasonografía del primer trimestre: Diagnóstico de anomalías fetales es una guía acreditada y sistemática sobre el rol de la ecografía del primer trimestre en la evaluación del riesgo del embarazo y la detección temprana de malformaciones fetales.</p><p>Las ilustraciones de alta calidad y las numerosas tablas lo convierten en un excelente recurso diario en la práctica clínica. Presenta información de vanguardia acompañada por magníficas imágenes que reflejan la mejor tecnología ecográfica de la actualidad.</p><p>Cubre aspectos generales de la ecografía del primer trimestre, que incluyen fundamentos físicos y bioefectos, aspectos técnicos, biometría fetal y determinación de la edad gestacional, tamizaje de aneuploidías cromosómicas, embarazos múltiples, etc.</p></div></div>								</div>
				</div>
					</div>
				</div>
				</div>

<p><strong>Autores:</strong> Abuhamad, Alfred Chaoui Rabih.<br />
<strong>ISBN:</strong> 9789874922502<br />
<strong>Editorial:</strong> Ediciones Journal<br />
<strong>Edición:</strong> 3ª<br />
<strong>Especialidad</strong>: Diagnóstico por Imágenes<br />
<strong>Páginas</strong>: 341<br />
© 2020</p>
