{"id":13102,"date":"2025-02-17T19:26:18","date_gmt":"2025-02-17T19:26:18","guid":{"rendered":"https:\/\/edimeinter.com\/libreria\/?post_type=product&#038;p=13102"},"modified":"2025-03-04T16:40:31","modified_gmt":"2025-03-04T16:40:31","slug":"manual-para-la-ensenanza-practica-de-la-salud-sexual-y-reproductiva-1a-edicion","status":"publish","type":"product","link":"https:\/\/edimeinter.com\/libreria\/product\/manual-para-la-ensenanza-practica-de-la-salud-sexual-y-reproductiva-1a-edicion\/","title":{"rendered":"Manual para la ense\u00f1anza pr\u00e1ctica de la salud sexual y reproductiva. 1\u00aa Edici\u00f3n"},"content":{"rendered":"\t\t<div data-elementor-type=\"wp-post\" data-elementor-id=\"13102\" class=\"elementor elementor-13102\">\n\t\t\t\t<div class=\"elementor-element elementor-element-2612b12 e-flex e-con-boxed e-con e-parent\" data-id=\"2612b12\" data-element_type=\"container\" data-e-type=\"container\">\n\t\t\t\t\t<div class=\"e-con-inner\">\n\t\t\n\t\t<div class=\"elementor-element elementor-element-498707ae elementor-widget elementor-widget-text-editor\" data-id=\"498707ae\" data-element_type=\"widget\" data-e-type=\"widget\" data-widget_type=\"text-editor.default\">\n\t\t\t\t<div class=\"elementor-widget-container\">\n\t\t\t\t\t\t\t\t\t<p><span lang=\"ES\">Este manual<i>\u00a0<\/i>est\u00e1 elaborado para servir tanto de material de estudio del alumnado como de recurso docente para orientar y apoyar al profesorado en la elaboraci\u00f3n de las distintas pr\u00e1cticas que pueden desarrollarse para el aprendizaje de la materia. Las t\u00e9cnicas docentes propuestas en la realizaci\u00f3n de las pr\u00e1cticas, aunque en su mayor parte se basan en simulaci\u00f3n, tambi\u00e9n incluyen otras, como el\u00a0<i>role-playing<\/i>\u00a0y el\u00a0<i>brainstorming<\/i>\u00a0(o tormenta de ideas). De este modo, se estimula la participaci\u00f3n del alumnado fomentando su capacidad cr\u00edtica, el entrenamiento en la toma de decisiones y el trabajo en equipo.<\/span><\/p><p>Con esta metodolog\u00eda innovadora, la interacci\u00f3n docente-alumnado se inclina hacia una mayor intervenci\u00f3n del estudiantado y fomentando el papel del profesorado como facilitador en la adquisici\u00f3n de los conocimientos y las destrezas por parte del estudiantado.<\/p><p>Tiene una doble funci\u00f3n: servir de material de estudio y de autoevaluaci\u00f3n. La autoevaluaci\u00f3n para determinar el nivel de conocimientos adquiridos se realiza a trav\u00e9s de la resoluci\u00f3n de casos cl\u00ednicos comentados, con los que se valora el desarrollo de las habilidades a trav\u00e9s de preguntas con respuestas argumentadas.<\/p><p>El texto ha sido elaborado por un equipo de profesionales con amplia experiencia en la enfermer\u00eda de la salud sexual y reproductiva, tanto en los \u00e1mbitos asistencial, docente y de gesti\u00f3n como en el de la investigaci\u00f3n, que desarrollan su labor en diferentes universidades y centros sanitarios.<\/p><p>Los temas que tratan son amplios y abarcan desde la exploraci\u00f3n obst\u00e9trica hasta los cuidados en las complicaciones en el parto y el puerperio, sin descuidar un aspecto tan fundamental como los cuidados en la lactancia materna. El texto est\u00e1 escrito de forma que pueda ser f\u00e1cilmente comprensible y con una orientaci\u00f3n did\u00e1ctica que refleje la situaci\u00f3n m\u00e1s parecida a lo que el alumnado va a encontrar en las pr\u00e1cticas docentes, incluyendo para ello material audiovisual e iconograf\u00eda, lo que permite una mejor comprensi\u00f3n de los contenidos desarrollados y una aproximaci\u00f3n m\u00e1s fiel a\u00a0<span lang=\"ES\">la realidad contextual donde se desarrolla el proceso de aprendizaje.<\/span><\/p>\t\t\t\t\t\t\t\t<\/div>\n\t\t\t\t<\/div>\n\t\t\t\t\t<\/div>\n\t\t\t\t<\/div>\n\t\t\t\t<\/div>\n\t\t","protected":false},"excerpt":{"rendered":"<p><strong>Autores:<\/strong>\u00a0Juan Miguel Mart\u00ednez Galiano &amp; Antonio Hern\u00e1ndez Mart\u00ednez<br \/>\n<strong>ISBN:<\/strong>\u00a09788413823058<br \/>\n<strong>Editorial:<\/strong>\u00a0Elsevier<br \/>\n<strong>Edici\u00f3n:<\/strong>\u00a01\u00aa<br \/>\n<strong>Especialidad<\/strong>: Ginecolog\u00eda y Obstetricia<br \/>\n<strong>P\u00e1ginas<\/strong>: 208<br \/>\n\u00a9 2023<\/p>\n","protected":false},"featured_media":13103,"comment_status":"open","ping_status":"open","template":"","meta":{"_joinchat":[]},"product_cat":[104],"product_tag":[85,105],"class_list":{"0":"post-13102","1":"product","2":"type-product","3":"status-publish","4":"has-post-thumbnail","6":"product_cat-ginecologia-y-obstetricia","7":"product_tag-elsevier","8":"product_tag-ginecologia-y-obstetricia","10":"first","11":"instock","12":"featured","13":"taxable","14":"shipping-taxable","15":"purchasable","16":"product-type-simple"},"_links":{"self":[{"href":"https:\/\/edimeinter.com\/libreria\/wp-json\/wp\/v2\/product\/13102","targetHints":{"allow":["GET"]}}],"collection":[{"href":"https:\/\/edimeinter.com\/libreria\/wp-json\/wp\/v2\/product"}],"about":[{"href":"https:\/\/edimeinter.com\/libreria\/wp-json\/wp\/v2\/types\/product"}],"replies":[{"embeddable":true,"href":"https:\/\/edimeinter.com\/libreria\/wp-json\/wp\/v2\/comments?post=13102"}],"version-history":[{"count":1,"href":"https:\/\/edimeinter.com\/libreria\/wp-json\/wp\/v2\/product\/13102\/revisions"}],"predecessor-version":[{"id":15347,"href":"https:\/\/edimeinter.com\/libreria\/wp-json\/wp\/v2\/product\/13102\/revisions\/15347"}],"wp:featuredmedia":[{"embeddable":true,"href":"https:\/\/edimeinter.com\/libreria\/wp-json\/wp\/v2\/media\/13103"}],"wp:attachment":[{"href":"https:\/\/edimeinter.com\/libreria\/wp-json\/wp\/v2\/media?parent=13102"}],"wp:term":[{"taxonomy":"product_cat","embeddable":true,"href":"https:\/\/edimeinter.com\/libreria\/wp-json\/wp\/v2\/product_cat?post=13102"},{"taxonomy":"product_tag","embeddable":true,"href":"https:\/\/edimeinter.com\/libreria\/wp-json\/wp\/v2\/product_tag?post=13102"}],"curies":[{"name":"wp","href":"https:\/\/api.w.org\/{rel}","templated":true}]}}