{"id":13132,"date":"2025-02-17T20:23:03","date_gmt":"2025-02-17T20:23:03","guid":{"rendered":"https:\/\/edimeinter.com\/libreria\/?post_type=product&#038;p=13132"},"modified":"2026-03-27T16:25:06","modified_gmt":"2026-03-27T16:25:06","slug":"atencion-familiar-y-salud-comunitaria-3a-edicion","status":"publish","type":"product","link":"https:\/\/edimeinter.com\/libreria\/product\/atencion-familiar-y-salud-comunitaria-3a-edicion\/","title":{"rendered":"Atenci\u00f3n familiar y salud comunitaria. 3\u00aa Edici\u00f3n"},"content":{"rendered":"\t\t<div data-elementor-type=\"wp-post\" data-elementor-id=\"13132\" class=\"elementor elementor-13132\">\n\t\t\t\t<div class=\"elementor-element elementor-element-2612b12 e-flex e-con-boxed e-con e-parent\" data-id=\"2612b12\" data-element_type=\"container\" data-e-type=\"container\">\n\t\t\t\t\t<div class=\"e-con-inner\">\n\t\t\n\t\t<div class=\"elementor-element elementor-element-498707ae elementor-widget elementor-widget-text-editor\" data-id=\"498707ae\" data-element_type=\"widget\" data-e-type=\"widget\" data-widget_type=\"text-editor.default\">\n\t\t\t\t<div class=\"elementor-widget-container\">\n\t\t\t\t\t\t\t\t\t<p>Este texto ayudar\u00e1 tanto profesionales como estudiantes a aproximarse con mayor rigor y profundidad a los fundamentos te\u00f3ricos y pr\u00e1cticos de la atenci\u00f3n familiar y la salud comunitaria para completar, en el primer caso, su perfil competencial, y en el segundo, su aprendizaje.<br \/>La nueva edici\u00f3n incorpora cambios relevantes en su estructura y contenidos para potenciar su utilidad. En la primera parte, sobre conceptos y organizaci\u00f3n, se han introducido dos cap\u00edtulos nuevos. Uno sobre perfiles y competencias de los profesionales de Atenci\u00f3n Familiar y Salud Comunitaria en el que se describen las funciones y caracter\u00edsticas de la actividad de los componentes de los equipos de atenci\u00f3n primaria y comunitaria (APyC).Tambi\u00e9n se ha a\u00f1adido un cap\u00edtulo sobre elementos de Epidemiolog\u00eda B\u00e1sica, esenciales para los estudiantes y profesionales interesados por la APyC.<br \/>En la segunda parte, sobre herramientas de trabajo, se ha introducido un cap\u00edtulo que aborda las interacciones cada vez m\u00e1s profundas entre las perspectivas cl\u00ednica y comunitaria en este \u00e1mbito del sistema. Tambi\u00e9n se ha actualizado el cap\u00edtulo sobre digitalizaci\u00f3n y asistencia virtual, que cada d\u00eda adquiere mayor rellev\u00e0ncia, analizando sus ventajas e inconvenientes.<br \/>En la tercera parte, sobre promoci\u00f3n, prevenci\u00f3n y abordaje de problemas de salud, se ha introducido un cap\u00edtulo nuevo para abordar de forma m\u00e1s individualizada el tema esencial de la atenci\u00f3n domiciliaria, \u00e1mbito en el que, enfermeras y trabajadores sociales, han de incrementar de forma decidida sus responsabilidades y actuaciones.<br \/>Estos cambios estructurales y de contenidos han conllevado la incorporaci\u00f3n de nuevos autores, principalmente enfermeras.<\/p>\t\t\t\t\t\t\t\t<\/div>\n\t\t\t\t<\/div>\n\t\t\t\t\t<\/div>\n\t\t\t\t<\/div>\n\t\t\t\t<\/div>\n\t\t","protected":false},"excerpt":{"rendered":"<p><strong>Autores:<\/strong>\u00a0Amando Mart\u00edn Zurro &amp; Gloria Jodar Sol\u00e0<br \/>\n<strong>ISBN:<\/strong>\u00a09788413822808<br \/>\n<strong>Editorial:<\/strong>\u00a0Elsevier<br \/>\n<strong>Edici\u00f3n:<\/strong>\u00a03\u00aa<br \/>\n<strong>Especialidad<\/strong>: Medicina Familiar y Comunitaria<br \/>\n<strong>P\u00e1ginas<\/strong>: 440<br \/>\n\u00a9 2023<\/p>\n","protected":false},"featured_media":13133,"comment_status":"open","ping_status":"closed","template":"","meta":{"_joinchat":[]},"product_cat":[138],"product_tag":[85,139],"class_list":{"0":"post-13132","1":"product","2":"type-product","3":"status-publish","4":"has-post-thumbnail","6":"product_cat-medicina-familiar-y-comunitaria","7":"product_tag-elsevier","8":"product_tag-medicina-familiar-y-comunitaria","10":"first","11":"instock","12":"featured","13":"taxable","14":"shipping-taxable","15":"purchasable","16":"product-type-simple"},"_links":{"self":[{"href":"https:\/\/edimeinter.com\/libreria\/wp-json\/wp\/v2\/product\/13132","targetHints":{"allow":["GET"]}}],"collection":[{"href":"https:\/\/edimeinter.com\/libreria\/wp-json\/wp\/v2\/product"}],"about":[{"href":"https:\/\/edimeinter.com\/libreria\/wp-json\/wp\/v2\/types\/product"}],"replies":[{"embeddable":true,"href":"https:\/\/edimeinter.com\/libreria\/wp-json\/wp\/v2\/comments?post=13132"}],"version-history":[{"count":1,"href":"https:\/\/edimeinter.com\/libreria\/wp-json\/wp\/v2\/product\/13132\/revisions"}],"predecessor-version":[{"id":15342,"href":"https:\/\/edimeinter.com\/libreria\/wp-json\/wp\/v2\/product\/13132\/revisions\/15342"}],"wp:featuredmedia":[{"embeddable":true,"href":"https:\/\/edimeinter.com\/libreria\/wp-json\/wp\/v2\/media\/13133"}],"wp:attachment":[{"href":"https:\/\/edimeinter.com\/libreria\/wp-json\/wp\/v2\/media?parent=13132"}],"wp:term":[{"taxonomy":"product_cat","embeddable":true,"href":"https:\/\/edimeinter.com\/libreria\/wp-json\/wp\/v2\/product_cat?post=13132"},{"taxonomy":"product_tag","embeddable":true,"href":"https:\/\/edimeinter.com\/libreria\/wp-json\/wp\/v2\/product_tag?post=13132"}],"curies":[{"name":"wp","href":"https:\/\/api.w.org\/{rel}","templated":true}]}}