{"id":13168,"date":"2025-02-17T20:52:16","date_gmt":"2025-02-17T20:52:16","guid":{"rendered":"https:\/\/edimeinter.com\/libreria\/?post_type=product&#038;p=13168"},"modified":"2025-09-19T16:46:03","modified_gmt":"2025-09-19T16:46:03","slug":"manual-practico-de-inteligencia-artificial-en-entornos-sanitarios-2a-edicion","status":"publish","type":"product","link":"https:\/\/edimeinter.com\/libreria\/product\/manual-practico-de-inteligencia-artificial-en-entornos-sanitarios-2a-edicion\/","title":{"rendered":"Manual pr\u00e1ctico de inteligencia artificial en entornos sanitarios. 2\u00aa Edici\u00f3n"},"content":{"rendered":"\t\t<div data-elementor-type=\"wp-post\" data-elementor-id=\"13168\" class=\"elementor elementor-13168\">\n\t\t\t\t<div class=\"elementor-element elementor-element-2612b12 e-flex e-con-boxed e-con e-parent\" data-id=\"2612b12\" data-element_type=\"container\" data-e-type=\"container\">\n\t\t\t\t\t<div class=\"e-con-inner\">\n\t\t\n\t\t<div class=\"elementor-element elementor-element-498707ae elementor-widget elementor-widget-text-editor\" data-id=\"498707ae\" data-element_type=\"widget\" data-e-type=\"widget\" data-widget_type=\"text-editor.default\">\n\t\t\t\t<div class=\"elementor-widget-container\">\n\t\t\t\t\t\t\t\t\t<p>Segunda edici\u00f3n de esta obra que recoge los temas actuales que van surgiendo en el \u00e1mbito de la inteligencia artificial aplicada a la salud. Enfoque pr\u00e1ctico que se combina perfectamente con la parte m\u00e1s te\u00f3rica de la obra y que hace que sea de gran utilidad como para los profesionales que se inician en este \u00e1mbito y tambi\u00e9n para aquellos que quieren actualizarse en la materia.<\/p>\t\t\t\t\t\t\t\t<\/div>\n\t\t\t\t<\/div>\n\t\t\t\t\t<\/div>\n\t\t\t\t<\/div>\n\t\t\t\t<\/div>\n\t\t","protected":false},"excerpt":{"rendered":"<p><strong>Autores:<\/strong>\u00a0Juan Jos\u00e9 Beunza Nuin &amp; Julo Bonis Sanz &amp; Enrique Puertas Sanz &amp; Borja Rodr\u00edguez Vila &amp; Emilia Cond\u00e9s Moreno<br \/>\n<strong>ISBN:<\/strong>\u00a09788413823881<br \/>\n<strong>Editorial:<\/strong>\u00a0Elsevier<br \/>\n<strong>Edici\u00f3n:<\/strong>\u00a02\u00aa<br \/>\n<strong>Especialidad<\/strong>: Administraci\u00f3n y Gesti\u00f3n<br \/>\n<strong>P\u00e1ginas<\/strong>: 172<br \/>\n\u00a9 2023<\/p>\n","protected":false},"featured_media":13169,"comment_status":"open","ping_status":"closed","template":"","meta":{"_joinchat":[]},"product_cat":[230],"product_tag":[231,85],"class_list":{"0":"post-13168","1":"product","2":"type-product","3":"status-publish","4":"has-post-thumbnail","6":"product_cat-administracion-y-gestion","7":"product_tag-administracion-y-gestion","8":"product_tag-elsevier","10":"first","11":"instock","12":"featured","13":"taxable","14":"shipping-taxable","15":"purchasable","16":"product-type-simple"},"_links":{"self":[{"href":"https:\/\/edimeinter.com\/libreria\/wp-json\/wp\/v2\/product\/13168","targetHints":{"allow":["GET"]}}],"collection":[{"href":"https:\/\/edimeinter.com\/libreria\/wp-json\/wp\/v2\/product"}],"about":[{"href":"https:\/\/edimeinter.com\/libreria\/wp-json\/wp\/v2\/types\/product"}],"replies":[{"embeddable":true,"href":"https:\/\/edimeinter.com\/libreria\/wp-json\/wp\/v2\/comments?post=13168"}],"version-history":[{"count":1,"href":"https:\/\/edimeinter.com\/libreria\/wp-json\/wp\/v2\/product\/13168\/revisions"}],"predecessor-version":[{"id":15336,"href":"https:\/\/edimeinter.com\/libreria\/wp-json\/wp\/v2\/product\/13168\/revisions\/15336"}],"wp:featuredmedia":[{"embeddable":true,"href":"https:\/\/edimeinter.com\/libreria\/wp-json\/wp\/v2\/media\/13169"}],"wp:attachment":[{"href":"https:\/\/edimeinter.com\/libreria\/wp-json\/wp\/v2\/media?parent=13168"}],"wp:term":[{"taxonomy":"product_cat","embeddable":true,"href":"https:\/\/edimeinter.com\/libreria\/wp-json\/wp\/v2\/product_cat?post=13168"},{"taxonomy":"product_tag","embeddable":true,"href":"https:\/\/edimeinter.com\/libreria\/wp-json\/wp\/v2\/product_tag?post=13168"}],"curies":[{"name":"wp","href":"https:\/\/api.w.org\/{rel}","templated":true}]}}