{"id":13180,"date":"2025-02-17T21:15:29","date_gmt":"2025-02-17T21:15:29","guid":{"rendered":"https:\/\/edimeinter.com\/libreria\/?post_type=product&#038;p=13180"},"modified":"2025-12-29T18:17:23","modified_gmt":"2025-12-29T18:17:23","slug":"nelson-pediatria-esencial-9a-edicion","status":"publish","type":"product","link":"https:\/\/edimeinter.com\/libreria\/product\/nelson-pediatria-esencial-9a-edicion\/","title":{"rendered":"Nelson. Pediatr\u00eda Esencial. 9\u00aa Edici\u00f3n"},"content":{"rendered":"\t\t<div data-elementor-type=\"wp-post\" data-elementor-id=\"13180\" class=\"elementor elementor-13180\">\n\t\t\t\t<div class=\"elementor-element elementor-element-2612b12 e-flex e-con-boxed e-con e-parent\" data-id=\"2612b12\" data-element_type=\"container\" data-e-type=\"container\">\n\t\t\t\t\t<div class=\"e-con-inner\">\n\t\t\n\t\t<div class=\"elementor-element elementor-element-498707ae elementor-widget elementor-widget-text-editor\" data-id=\"498707ae\" data-element_type=\"widget\" data-e-type=\"widget\" data-widget_type=\"text-editor.default\">\n\t\t\t\t<div class=\"elementor-widget-container\">\n\t\t\t\t\t\t\t\t\t<p>Esta 9.\u00aa edici\u00f3n presenta la informaci\u00f3n imprescindible sobre pediatr\u00eda de un modo conciso, actualizado y pr\u00e1ctico. Su formato en color y de f\u00e1cil consulta se estructura en cap\u00edtulos espec\u00edficos y exhaustivos, que garantizan la cobertura de los conocimientos fundamentales, as\u00ed como de los avances m\u00e1s recientes en la materia.<\/p><p>Este recurso especializado es ideal para estudiantes de Medicina, residentes de Pediatr\u00eda, auxiliares m\u00e9dicos y profesionales de enfermer\u00eda en diversos contextos docentes y cl\u00ednicos, como residencias, rotaciones y ex\u00e1menes de pediatr\u00eda.<\/p><p>Abarca el crecimiento y el desarrollo normales, as\u00ed como el diagn\u00f3stico, el tratamiento y la prevenci\u00f3n de las patolog\u00edas y los trastornos pedi\u00e1tricos m\u00e1s frecuentes.<\/p><p>Contiene nueva informaci\u00f3n sobre la COVID-19, el s\u00edndrome inflamatorio multisist\u00e9mico pedi\u00e1trico y la lesi\u00f3n pulmonar inducida por el vapeo, incluye calendarios vacunales actualizados, as\u00ed como un apartado ampliado sobre asistencia en traumatismos. Asimismo, presenta contenidos concienzudamente redactados y de gran utilidad, que siguen las gu\u00edas curriculares del COMSEP para las rotaciones pedi\u00e1tricas.<\/p><p>Utiliza un formato a todo color con un gran n\u00famero de figuras y tablas nuevas, que permiten visualizar f\u00e1cilmente la informaci\u00f3n m\u00e1s compleja. Proporciona ejemplos pr\u00e1cticos de los autores de los cap\u00edtulos, que tambi\u00e9n son directores de rotaciones cl\u00ednicas, para ayudar a adquirir los conocimientos y las habilidades necesarios para alcanzar el \u00e9xito tanto en la pr\u00e1ctica asistencial como en la preparaci\u00f3n.<\/p>\t\t\t\t\t\t\t\t<\/div>\n\t\t\t\t<\/div>\n\t\t\t\t\t<\/div>\n\t\t\t\t<\/div>\n\t\t\t\t<\/div>\n\t\t","protected":false},"excerpt":{"rendered":"<p><strong>Autores:<\/strong>\u00a0Karen J. Marcdante &amp; Robert M. Kliegman &amp; Abigail M. Schuh<br \/>\n<strong>ISBN:<\/strong>\u00a09788413824611<br \/>\n<strong>Editorial:<\/strong>\u00a0Elsevier<br \/>\n<strong>Edici\u00f3n:<\/strong>\u00a09\u00aa<br \/>\n<strong>Especialidad<\/strong>: Pediatr\u00eda y Neonatolog\u00eda<br \/>\n<strong>P\u00e1ginas<\/strong>: 808<br \/>\n\u00a9 2023<\/p>\n","protected":false},"featured_media":13181,"comment_status":"open","ping_status":"closed","template":"","meta":{"_joinchat":[]},"product_cat":[130],"product_tag":[85,131],"class_list":{"0":"post-13180","1":"product","2":"type-product","3":"status-publish","4":"has-post-thumbnail","6":"product_cat-pediatria-y-neonatologia","7":"product_tag-elsevier","8":"product_tag-pediatria-y-neonatologia","10":"first","11":"instock","12":"featured","13":"taxable","14":"shipping-taxable","15":"purchasable","16":"product-type-simple"},"_links":{"self":[{"href":"https:\/\/edimeinter.com\/libreria\/wp-json\/wp\/v2\/product\/13180","targetHints":{"allow":["GET"]}}],"collection":[{"href":"https:\/\/edimeinter.com\/libreria\/wp-json\/wp\/v2\/product"}],"about":[{"href":"https:\/\/edimeinter.com\/libreria\/wp-json\/wp\/v2\/types\/product"}],"replies":[{"embeddable":true,"href":"https:\/\/edimeinter.com\/libreria\/wp-json\/wp\/v2\/comments?post=13180"}],"version-history":[{"count":1,"href":"https:\/\/edimeinter.com\/libreria\/wp-json\/wp\/v2\/product\/13180\/revisions"}],"predecessor-version":[{"id":15332,"href":"https:\/\/edimeinter.com\/libreria\/wp-json\/wp\/v2\/product\/13180\/revisions\/15332"}],"wp:featuredmedia":[{"embeddable":true,"href":"https:\/\/edimeinter.com\/libreria\/wp-json\/wp\/v2\/media\/13181"}],"wp:attachment":[{"href":"https:\/\/edimeinter.com\/libreria\/wp-json\/wp\/v2\/media?parent=13180"}],"wp:term":[{"taxonomy":"product_cat","embeddable":true,"href":"https:\/\/edimeinter.com\/libreria\/wp-json\/wp\/v2\/product_cat?post=13180"},{"taxonomy":"product_tag","embeddable":true,"href":"https:\/\/edimeinter.com\/libreria\/wp-json\/wp\/v2\/product_tag?post=13180"}],"curies":[{"name":"wp","href":"https:\/\/api.w.org\/{rel}","templated":true}]}}