{"id":13199,"date":"2025-02-19T17:01:33","date_gmt":"2025-02-19T17:01:33","guid":{"rendered":"https:\/\/edimeinter.com\/libreria\/?post_type=product&#038;p=13199"},"modified":"2025-03-10T22:47:39","modified_gmt":"2025-03-10T22:47:39","slug":"texto-ilustrado-de-pediatria-6a-edicion","status":"publish","type":"product","link":"https:\/\/edimeinter.com\/libreria\/product\/texto-ilustrado-de-pediatria-6a-edicion\/","title":{"rendered":"Texto ilustrado de pediatr\u00eda. 6\u00aa Edici\u00f3n"},"content":{"rendered":"\t\t<div data-elementor-type=\"wp-post\" data-elementor-id=\"13199\" class=\"elementor elementor-13199\">\n\t\t\t\t<div class=\"elementor-element elementor-element-2612b12 e-flex e-con-boxed e-con e-parent\" data-id=\"2612b12\" data-element_type=\"container\" data-e-type=\"container\">\n\t\t\t\t\t<div class=\"e-con-inner\">\n\t\t\n\t\t<div class=\"elementor-element elementor-element-498707ae elementor-widget elementor-widget-text-editor\" data-id=\"498707ae\" data-element_type=\"widget\" data-e-type=\"widget\" data-widget_type=\"text-editor.default\">\n\t\t\t\t<div class=\"elementor-widget-container\">\n\t\t\t\t\t\t\t\t\t<p>Sexta edici\u00f3n del aclamado y galardonado \u00ablibro del girasol\u00bb que se ha convertido en el libro de texto pedi\u00e1trico recomendado en innumerables facultades de medicina y se ha traducido a m\u00e1s de 12 idiomas.<\/p><p>Este libro no solo proporciona los principios b\u00e1sicos, sino que tambi\u00e9n ofrece mucho m\u00e1s a los estudiantes que quieran ampliar sus conocimientos.<\/p><p>Contiene muchos diagramas, ilustraciones y casos cl\u00ednicos que\u00a0garantizan que el lector tenga una percepci\u00f3n detallada de muchos temas y enfermedades. En esta nueva edici\u00f3n incluye puntos clave y cuadros resumen que ayudan al repaso y destacan la informaci\u00f3n fundamental.<\/p><p>Estas caracter\u00edsticas han convertido el libro en un claro favorito de los estudiantes de Medicina, as\u00ed como de los residentes que se enfrentan a los ex\u00e1menes de la especialidad.<\/p><p>Hay cap\u00edtulos nuevos, distintos o ampliados sobre el maltrato infantil, la gen\u00e9tica y la salud global infantil para dar cabida a su creciente importancia en la pr\u00e1ctica pedi\u00e1trica.<\/p>\t\t\t\t\t\t\t\t<\/div>\n\t\t\t\t<\/div>\n\t\t\t\t\t<\/div>\n\t\t\t\t<\/div>\n\t\t\t\t<\/div>\n\t\t","protected":false},"excerpt":{"rendered":"<p><strong>Autores:<\/strong>\u00a0Tom Lissauer &amp; Will Carroll<br \/>\n<strong>ISBN:<\/strong>\u00a09788413823072<br \/>\n<strong>Editorial:<\/strong>\u00a0Elsevier<br \/>\n<strong>Edici\u00f3n:<\/strong>\u00a06\u00aa<br \/>\n<strong>Especialidad<\/strong>: Pediatr\u00eda y Neonatolog\u00eda<br \/>\n<strong>P\u00e1ginas<\/strong>: 608<br \/>\n\u00a9 2023<\/p>\n","protected":false},"featured_media":13200,"comment_status":"open","ping_status":"open","template":"","meta":{"_joinchat":[]},"product_cat":[130],"product_tag":[85,131],"class_list":{"0":"post-13199","1":"product","2":"type-product","3":"status-publish","4":"has-post-thumbnail","6":"product_cat-pediatria-y-neonatologia","7":"product_tag-elsevier","8":"product_tag-pediatria-y-neonatologia","10":"first","11":"instock","12":"featured","13":"taxable","14":"shipping-taxable","15":"purchasable","16":"product-type-simple"},"_links":{"self":[{"href":"https:\/\/edimeinter.com\/libreria\/wp-json\/wp\/v2\/product\/13199","targetHints":{"allow":["GET"]}}],"collection":[{"href":"https:\/\/edimeinter.com\/libreria\/wp-json\/wp\/v2\/product"}],"about":[{"href":"https:\/\/edimeinter.com\/libreria\/wp-json\/wp\/v2\/types\/product"}],"replies":[{"embeddable":true,"href":"https:\/\/edimeinter.com\/libreria\/wp-json\/wp\/v2\/comments?post=13199"}],"version-history":[{"count":1,"href":"https:\/\/edimeinter.com\/libreria\/wp-json\/wp\/v2\/product\/13199\/revisions"}],"predecessor-version":[{"id":15922,"href":"https:\/\/edimeinter.com\/libreria\/wp-json\/wp\/v2\/product\/13199\/revisions\/15922"}],"wp:featuredmedia":[{"embeddable":true,"href":"https:\/\/edimeinter.com\/libreria\/wp-json\/wp\/v2\/media\/13200"}],"wp:attachment":[{"href":"https:\/\/edimeinter.com\/libreria\/wp-json\/wp\/v2\/media?parent=13199"}],"wp:term":[{"taxonomy":"product_cat","embeddable":true,"href":"https:\/\/edimeinter.com\/libreria\/wp-json\/wp\/v2\/product_cat?post=13199"},{"taxonomy":"product_tag","embeddable":true,"href":"https:\/\/edimeinter.com\/libreria\/wp-json\/wp\/v2\/product_tag?post=13199"}],"curies":[{"name":"wp","href":"https:\/\/api.w.org\/{rel}","templated":true}]}}

Texto ilustrado de pediatría. 6ª Edición

<div data-elementor-type="wp-post" data-elementor-id="13199" class="elementor elementor-13199">
				<div class="elementor-element elementor-element-2612b12 e-flex e-con-boxed e-con e-parent" data-id="2612b12" data-element_type="container" data-e-type="container">
					<div class="e-con-inner">
		
		<div class="elementor-element elementor-element-498707ae elementor-widget elementor-widget-text-editor" data-id="498707ae" data-element_type="widget" data-e-type="widget" data-widget_type="text-editor.default">
				<div class="elementor-widget-container">
									<p>Sexta edición del aclamado y galardonado «libro del girasol» que se ha convertido en el libro de texto pediátrico recomendado en innumerables facultades de medicina y se ha traducido a más de 12 idiomas.</p><p>Este libro no solo proporciona los principios básicos, sino que también ofrece mucho más a los estudiantes que quieran ampliar sus conocimientos.</p><p>Contiene muchos diagramas, ilustraciones y casos clínicos que garantizan que el lector tenga una percepción detallada de muchos temas y enfermedades. En esta nueva edición incluye puntos clave y cuadros resumen que ayudan al repaso y destacan la información fundamental.</p><p>Estas características han convertido el libro en un claro favorito de los estudiantes de Medicina, así como de los residentes que se enfrentan a los exámenes de la especialidad.</p><p>Hay capítulos nuevos, distintos o ampliados sobre el maltrato infantil, la genética y la salud global infantil para dar cabida a su creciente importancia en la práctica pediátrica.</p>								</div>
				</div>
					</div>
				</div>
				</div>

<p><strong>Autores:</strong> Tom Lissauer &amp; Will Carroll<br />
<strong>ISBN:</strong> 9788413823072<br />
<strong>Editorial:</strong> Elsevier<br />
<strong>Edición:</strong> 6ª<br />
<strong>Especialidad</strong>: Pediatría y Neonatología<br />
<strong>Páginas</strong>: 608<br />
© 2023</p>
