{"id":13211,"date":"2025-02-19T17:21:05","date_gmt":"2025-02-19T17:21:05","guid":{"rendered":"https:\/\/edimeinter.com\/libreria\/?post_type=product&#038;p=13211"},"modified":"2025-03-10T22:52:36","modified_gmt":"2025-03-10T22:52:36","slug":"ferri-consultor-clinico-diagnostico-y-tratamiento","status":"publish","type":"product","link":"https:\/\/edimeinter.com\/libreria\/product\/ferri-consultor-clinico-diagnostico-y-tratamiento\/","title":{"rendered":"Ferri. Consultor cl\u00ednico. Diagn\u00f3stico y tratamiento"},"content":{"rendered":"\t\t<div data-elementor-type=\"wp-post\" data-elementor-id=\"13211\" class=\"elementor elementor-13211\">\n\t\t\t\t<div class=\"elementor-element elementor-element-2612b12 e-flex e-con-boxed e-con e-parent\" data-id=\"2612b12\" data-element_type=\"container\" data-e-type=\"container\">\n\t\t\t\t\t<div class=\"e-con-inner\">\n\t\t\n\t\t<div class=\"elementor-element elementor-element-498707ae elementor-widget elementor-widget-text-editor\" data-id=\"498707ae\" data-element_type=\"widget\" data-e-type=\"widget\" data-widget_type=\"text-editor.default\">\n\t\t\t\t<div class=\"elementor-widget-container\">\n\t\t\t\t\t\t\t\t\t<p>Acceda a respuestas inmediatas sobre los cuadros cl\u00ednicos m\u00e1s frecuentes en la pr\u00e1ctica profesional gracias a esta obra de gran \u00e9xito y prestigio, \u00fanica en su clase. Ferri. Consultor cl\u00ednico. Diagn\u00f3stico y tratamiento ofrece una gran cantidad de informaci\u00f3n cl\u00ednicamente relevante y de f\u00e1cil consulta. Esta herramienta de referencia proporciona respuestas sobre 1.000 cuadros m\u00e9dicos habituales, todo ello cuidadosamente revisado por expertos de las principales especialidades. Numerosos algoritmos, fotograf\u00edas, ilustraciones, diagramas y tablas facilitan el acceso a la informaci\u00f3n m\u00e1s actualizada en la pr\u00e1ctica m\u00e9dica contempor\u00e1nea.<\/p>\t\t\t\t\t\t\t\t<\/div>\n\t\t\t\t<\/div>\n\t\t\t\t\t<\/div>\n\t\t\t\t<\/div>\n\t\t\t\t<\/div>\n\t\t","protected":false},"excerpt":{"rendered":"<p><strong>Autores:<\/strong>\u00a0Fred F. Ferri<br \/>\n<strong>ISBN:<\/strong>\u00a09788413823034<br \/>\n<strong>Editorial:<\/strong>\u00a0Elsevier<br \/>\n<strong>Edici\u00f3n:<\/strong>\u00a01\u00aa<br \/>\n<strong>Especialidad<\/strong>: Medicina Interna<br \/>\n<strong>P\u00e1ginas<\/strong>: 1628<br \/>\n\u00a9 2023<\/p>\n","protected":false},"featured_media":13212,"comment_status":"open","ping_status":"open","template":"","meta":{"_joinchat":[]},"product_cat":[150],"product_tag":[85,151],"class_list":{"0":"post-13211","1":"product","2":"type-product","3":"status-publish","4":"has-post-thumbnail","6":"product_cat-medicina-interna","7":"product_tag-elsevier","8":"product_tag-medicina-interna","10":"first","11":"instock","12":"featured","13":"taxable","14":"shipping-taxable","15":"purchasable","16":"product-type-simple"},"_links":{"self":[{"href":"https:\/\/edimeinter.com\/libreria\/wp-json\/wp\/v2\/product\/13211","targetHints":{"allow":["GET"]}}],"collection":[{"href":"https:\/\/edimeinter.com\/libreria\/wp-json\/wp\/v2\/product"}],"about":[{"href":"https:\/\/edimeinter.com\/libreria\/wp-json\/wp\/v2\/types\/product"}],"replies":[{"embeddable":true,"href":"https:\/\/edimeinter.com\/libreria\/wp-json\/wp\/v2\/comments?post=13211"}],"version-history":[{"count":1,"href":"https:\/\/edimeinter.com\/libreria\/wp-json\/wp\/v2\/product\/13211\/revisions"}],"predecessor-version":[{"id":15924,"href":"https:\/\/edimeinter.com\/libreria\/wp-json\/wp\/v2\/product\/13211\/revisions\/15924"}],"wp:featuredmedia":[{"embeddable":true,"href":"https:\/\/edimeinter.com\/libreria\/wp-json\/wp\/v2\/media\/13212"}],"wp:attachment":[{"href":"https:\/\/edimeinter.com\/libreria\/wp-json\/wp\/v2\/media?parent=13211"}],"wp:term":[{"taxonomy":"product_cat","embeddable":true,"href":"https:\/\/edimeinter.com\/libreria\/wp-json\/wp\/v2\/product_cat?post=13211"},{"taxonomy":"product_tag","embeddable":true,"href":"https:\/\/edimeinter.com\/libreria\/wp-json\/wp\/v2\/product_tag?post=13211"}],"curies":[{"name":"wp","href":"https:\/\/api.w.org\/{rel}","templated":true}]}}