{"id":13241,"date":"2025-02-19T18:04:40","date_gmt":"2025-02-19T18:04:40","guid":{"rendered":"https:\/\/edimeinter.com\/libreria\/?post_type=product&#038;p=13241"},"modified":"2025-03-10T23:05:57","modified_gmt":"2025-03-10T23:05:57","slug":"fisiologia-7a-edicion","status":"publish","type":"product","link":"https:\/\/edimeinter.com\/libreria\/product\/fisiologia-7a-edicion\/","title":{"rendered":"Fisiolog\u00eda. 7\u00aa Edici\u00f3n"},"content":{"rendered":"\t\t<div data-elementor-type=\"wp-post\" data-elementor-id=\"13241\" class=\"elementor elementor-13241\">\n\t\t\t\t<div class=\"elementor-element elementor-element-2612b12 e-flex e-con-boxed e-con e-parent\" data-id=\"2612b12\" data-element_type=\"container\" data-e-type=\"container\">\n\t\t\t\t\t<div class=\"e-con-inner\">\n\t\t\n\t\t<div class=\"elementor-element elementor-element-498707ae elementor-widget elementor-widget-text-editor\" data-id=\"498707ae\" data-element_type=\"widget\" data-e-type=\"widget\" data-widget_type=\"text-editor.default\">\n\t\t\t\t<div class=\"elementor-widget-container\">\n\t\t\t\t\t\t\t\t\t<p>Nueva ed del libro de texto de fisiolog\u00eda en el que se presentan los contenidos de un modo sencillo y explicados paso a paso que ofrece al estudiante los conceptos b\u00e1sicos de la asignatura.<\/p><p>Tiene un abordaje por sistemas, y los cap\u00edtulos incluyen numerosos elementos did\u00e1cticos para ofrecer la informaci\u00f3n de la forma m\u00e1s visual y clara posible.<\/p><p>Abordaje integrado b\u00e1sico-cl\u00ednico que se refleja por la inclusi\u00f3n de los recuadors de informaci\u00f3n cl\u00ednica a lo largo del texto del cap\u00edtulo.<\/p><p>Presencia de preguntas de diferente estilo al final de cada cap\u00edtulo que favorecen el aprendizaje<\/p><p>Incluye acceso a SC.com (contenido en ingl\u00e9s) en el que se encuentra disponible el e-book junto con otros recursos did\u00e1cticos.<\/p>\t\t\t\t\t\t\t\t<\/div>\n\t\t\t\t<\/div>\n\t\t\t\t\t<\/div>\n\t\t\t\t<\/div>\n\t\t\t\t<\/div>\n\t\t","protected":false},"excerpt":{"rendered":"<p><strong>Autores:<\/strong>\u00a0Linda S. Costanzo<br \/>\n<strong>ISBN:<\/strong>\u00a09788413823812<br \/>\n<strong>Editorial:<\/strong>\u00a0Elsevier<br \/>\n<strong>Edici\u00f3n:<\/strong>\u00a07\u00aa<br \/>\n<strong>Especialidad<\/strong>: Fisiolog\u00eda<br \/>\n<strong>P\u00e1ginas<\/strong>: 528<br \/>\n\u00a9 2023<\/p>\n","protected":false},"featured_media":13242,"comment_status":"open","ping_status":"open","template":"","meta":{"_joinchat":[]},"product_cat":[209],"product_tag":[85,210],"class_list":{"0":"post-13241","1":"product","2":"type-product","3":"status-publish","4":"has-post-thumbnail","6":"product_cat-fisiologia","7":"product_tag-elsevier","8":"product_tag-fisiologia","10":"first","11":"instock","12":"featured","13":"taxable","14":"shipping-taxable","15":"purchasable","16":"product-type-simple"},"_links":{"self":[{"href":"https:\/\/edimeinter.com\/libreria\/wp-json\/wp\/v2\/product\/13241","targetHints":{"allow":["GET"]}}],"collection":[{"href":"https:\/\/edimeinter.com\/libreria\/wp-json\/wp\/v2\/product"}],"about":[{"href":"https:\/\/edimeinter.com\/libreria\/wp-json\/wp\/v2\/types\/product"}],"replies":[{"embeddable":true,"href":"https:\/\/edimeinter.com\/libreria\/wp-json\/wp\/v2\/comments?post=13241"}],"version-history":[{"count":1,"href":"https:\/\/edimeinter.com\/libreria\/wp-json\/wp\/v2\/product\/13241\/revisions"}],"predecessor-version":[{"id":15931,"href":"https:\/\/edimeinter.com\/libreria\/wp-json\/wp\/v2\/product\/13241\/revisions\/15931"}],"wp:featuredmedia":[{"embeddable":true,"href":"https:\/\/edimeinter.com\/libreria\/wp-json\/wp\/v2\/media\/13242"}],"wp:attachment":[{"href":"https:\/\/edimeinter.com\/libreria\/wp-json\/wp\/v2\/media?parent=13241"}],"wp:term":[{"taxonomy":"product_cat","embeddable":true,"href":"https:\/\/edimeinter.com\/libreria\/wp-json\/wp\/v2\/product_cat?post=13241"},{"taxonomy":"product_tag","embeddable":true,"href":"https:\/\/edimeinter.com\/libreria\/wp-json\/wp\/v2\/product_tag?post=13241"}],"curies":[{"name":"wp","href":"https:\/\/api.w.org\/{rel}","templated":true}]}}