{"id":13316,"date":"2025-02-19T19:34:52","date_gmt":"2025-02-19T19:34:52","guid":{"rendered":"https:\/\/edimeinter.com\/libreria\/?post_type=product&#038;p=13316"},"modified":"2025-03-10T23:21:56","modified_gmt":"2025-03-10T23:21:56","slug":"henry-diagnostico-clinico-y-tecnicas-de-laboratorio-24a-edicion","status":"publish","type":"product","link":"https:\/\/edimeinter.com\/libreria\/product\/henry-diagnostico-clinico-y-tecnicas-de-laboratorio-24a-edicion\/","title":{"rendered":"Henry. Diagn\u00f3stico cl\u00ednico y t\u00e9cnicas de laboratorio. 24\u00aa Edici\u00f3n"},"content":{"rendered":"\t\t<div data-elementor-type=\"wp-post\" data-elementor-id=\"13316\" class=\"elementor elementor-13316\">\n\t\t\t\t<div class=\"elementor-element elementor-element-2612b12 e-flex e-con-boxed e-con e-parent\" data-id=\"2612b12\" data-element_type=\"container\" data-e-type=\"container\">\n\t\t\t\t\t<div class=\"e-con-inner\">\n\t\t\n\t\t<div class=\"elementor-element elementor-element-498707ae elementor-widget elementor-widget-text-editor\" data-id=\"498707ae\" data-element_type=\"widget\" data-e-type=\"widget\" data-widget_type=\"text-editor.default\">\n\t\t\t\t<div class=\"elementor-widget-container\">\n\t\t\t\t\t\t\t\t\t<p>Durante m\u00e1s de 100 a\u00f1os, Henry. Diagn\u00f3stico cl\u00ednico y t\u00e9cnicas de laboratorio ha sido reconocido como la principal fuente de informaci\u00f3n para estudiantes, residentes y otros profesionales en formaci\u00f3n en las disciplinas de patolog\u00eda cl\u00ednica y medicina de laboratorio, as\u00ed como para m\u00e9dicos y t\u00e9cnicos de laboratorio. Los m\u00e1s destacados expertos en cada tipo de an\u00e1lisis explican con claridad los procedimientos y c\u00f3mo se utilizan para formular diagn\u00f3sticos cl\u00ednicos, planificar la atenci\u00f3n m\u00e9dica del paciente y establecer tratamientos a largo plazo. Empleando un enfoque multidisciplinar, ofrece una cobertura plenamente actualizada de la automatizaci\u00f3n, los programas inform\u00e1ticos, el diagn\u00f3stico molecular, la prote\u00f3mica, la gesti\u00f3n de laboratorios y el control de calidad, y hace hincapi\u00e9 en las nuevas metodolog\u00edas de ensayo.<\/p>\t\t\t\t\t\t\t\t<\/div>\n\t\t\t\t<\/div>\n\t\t\t\t\t<\/div>\n\t\t\t\t<\/div>\n\t\t\t\t<\/div>\n\t\t","protected":false},"excerpt":{"rendered":"<p><strong>Autores:<\/strong>\u00a0Richard A. McPherson &amp; Matthew Pincus<br \/>\n<strong>ISBN:<\/strong>\u00a09788413822419<br \/>\n<strong>Editorial:<\/strong>\u00a0Elsevier<br \/>\n<strong>Edici\u00f3n:<\/strong>\u00a024\u00aa<br \/>\n<strong>Especialidad<\/strong>:\u00a0Laboratorio Cl\u00ednico<br \/>\n<strong>P\u00e1ginas<\/strong>: 1688<br \/>\n\u00a9 2022<\/p>\n","protected":false},"featured_media":13317,"comment_status":"open","ping_status":"open","template":"","meta":{"_joinchat":[]},"product_cat":[136],"product_tag":[85,137],"class_list":{"0":"post-13316","1":"product","2":"type-product","3":"status-publish","4":"has-post-thumbnail","6":"product_cat-laboratorio-clinico","7":"product_tag-elsevier","8":"product_tag-laboratorio-clinico","10":"first","11":"instock","12":"featured","13":"taxable","14":"shipping-taxable","15":"purchasable","16":"product-type-simple"},"_links":{"self":[{"href":"https:\/\/edimeinter.com\/libreria\/wp-json\/wp\/v2\/product\/13316","targetHints":{"allow":["GET"]}}],"collection":[{"href":"https:\/\/edimeinter.com\/libreria\/wp-json\/wp\/v2\/product"}],"about":[{"href":"https:\/\/edimeinter.com\/libreria\/wp-json\/wp\/v2\/types\/product"}],"replies":[{"embeddable":true,"href":"https:\/\/edimeinter.com\/libreria\/wp-json\/wp\/v2\/comments?post=13316"}],"version-history":[{"count":1,"href":"https:\/\/edimeinter.com\/libreria\/wp-json\/wp\/v2\/product\/13316\/revisions"}],"predecessor-version":[{"id":15948,"href":"https:\/\/edimeinter.com\/libreria\/wp-json\/wp\/v2\/product\/13316\/revisions\/15948"}],"wp:featuredmedia":[{"embeddable":true,"href":"https:\/\/edimeinter.com\/libreria\/wp-json\/wp\/v2\/media\/13317"}],"wp:attachment":[{"href":"https:\/\/edimeinter.com\/libreria\/wp-json\/wp\/v2\/media?parent=13316"}],"wp:term":[{"taxonomy":"product_cat","embeddable":true,"href":"https:\/\/edimeinter.com\/libreria\/wp-json\/wp\/v2\/product_cat?post=13316"},{"taxonomy":"product_tag","embeddable":true,"href":"https:\/\/edimeinter.com\/libreria\/wp-json\/wp\/v2\/product_tag?post=13316"}],"curies":[{"name":"wp","href":"https:\/\/api.w.org\/{rel}","templated":true}]}}