{"id":13346,"date":"2025-02-19T20:05:18","date_gmt":"2025-02-19T20:05:18","guid":{"rendered":"https:\/\/edimeinter.com\/libreria\/?post_type=product&#038;p=13346"},"modified":"2025-03-10T23:34:34","modified_gmt":"2025-03-10T23:34:34","slug":"diagnostico-fisico-basado-en-la-evidencia-5a-edicion","status":"publish","type":"product","link":"https:\/\/edimeinter.com\/libreria\/product\/diagnostico-fisico-basado-en-la-evidencia-5a-edicion\/","title":{"rendered":"Diagn\u00f3stico f\u00edsico basado en la evidencia. 5\u00aa Edici\u00f3n"},"content":{"rendered":"\t\t<div data-elementor-type=\"wp-post\" data-elementor-id=\"13346\" class=\"elementor elementor-13346\">\n\t\t\t\t<div class=\"elementor-element elementor-element-2612b12 e-flex e-con-boxed e-con e-parent\" data-id=\"2612b12\" data-element_type=\"container\" data-e-type=\"container\">\n\t\t\t\t\t<div class=\"e-con-inner\">\n\t\t\n\t\t<div class=\"elementor-element elementor-element-498707ae elementor-widget elementor-widget-text-editor\" data-id=\"498707ae\" data-element_type=\"widget\" data-e-type=\"widget\" data-widget_type=\"text-editor.default\">\n\t\t\t\t<div class=\"elementor-widget-container\">\n\t\t\t\t\t\t\t\t\t<p>Los conocimientos basados en la evidencia sobre los signos f\u00edsicos han evolucionado en gran medida en los \u00faltimos a\u00f1os, lo que ha definido mejor c\u00f3mo los hallazgos f\u00edsicos permiten identificar patolog\u00edas, solucionar problemas cl\u00ednicos y predecir la evoluci\u00f3n de los pacientes. Esta 5\u00aa edici\u00f3n de\u00a0<i>Diagn\u00f3stico f\u00edsico basado en la evidencia<\/i>\u00a0es un recurso actualizado y especializado para guiar la interpretaci\u00f3n de los signos f\u00edsicos y permitir a los lectores determinar cu\u00e1l es el hallazgo f\u00edsico m\u00e1s apropiado para confirmar un diagn\u00f3stico. Esta obra definitiva incluye m\u00e1s de 200 estudios nuevos y ayuda a obtener la m\u00e1xima informaci\u00f3n de lo que se ausculta, se ve y se palpa a la cabecera del paciente. Esta informaci\u00f3n, combinada con pruebas tecnol\u00f3gicas modernas, ofrecer\u00e1 a los m\u00e9dicos las claves para prestar una magn\u00edfica asistencia a sus pacientes.<\/p>\t\t\t\t\t\t\t\t<\/div>\n\t\t\t\t<\/div>\n\t\t\t\t\t<\/div>\n\t\t\t\t<\/div>\n\t\t\t\t<\/div>\n\t\t","protected":false},"excerpt":{"rendered":"<p><strong>Autores:<\/strong>\u00a0Steven McGee<br \/>\n<strong>ISBN:<\/strong>\u00a09788413822822<br \/>\n<strong>Editorial:<\/strong>\u00a0Elsevier<br \/>\n<strong>Edici\u00f3n:<\/strong>\u00a05\u00aa<br \/>\n<strong>Especialidad<\/strong>: Medicina Interna<br \/>\n<strong>P\u00e1ginas<\/strong>: 720<br \/>\n\u00a9 2022<\/p>\n","protected":false},"featured_media":13347,"comment_status":"open","ping_status":"open","template":"","meta":{"_joinchat":[]},"product_cat":[150],"product_tag":[85,151],"class_list":{"0":"post-13346","1":"product","2":"type-product","3":"status-publish","4":"has-post-thumbnail","6":"product_cat-medicina-interna","7":"product_tag-elsevier","8":"product_tag-medicina-interna","10":"first","11":"instock","12":"featured","13":"taxable","14":"shipping-taxable","15":"purchasable","16":"product-type-simple"},"_links":{"self":[{"href":"https:\/\/edimeinter.com\/libreria\/wp-json\/wp\/v2\/product\/13346","targetHints":{"allow":["GET"]}}],"collection":[{"href":"https:\/\/edimeinter.com\/libreria\/wp-json\/wp\/v2\/product"}],"about":[{"href":"https:\/\/edimeinter.com\/libreria\/wp-json\/wp\/v2\/types\/product"}],"replies":[{"embeddable":true,"href":"https:\/\/edimeinter.com\/libreria\/wp-json\/wp\/v2\/comments?post=13346"}],"version-history":[{"count":2,"href":"https:\/\/edimeinter.com\/libreria\/wp-json\/wp\/v2\/product\/13346\/revisions"}],"predecessor-version":[{"id":15957,"href":"https:\/\/edimeinter.com\/libreria\/wp-json\/wp\/v2\/product\/13346\/revisions\/15957"}],"wp:featuredmedia":[{"embeddable":true,"href":"https:\/\/edimeinter.com\/libreria\/wp-json\/wp\/v2\/media\/13347"}],"wp:attachment":[{"href":"https:\/\/edimeinter.com\/libreria\/wp-json\/wp\/v2\/media?parent=13346"}],"wp:term":[{"taxonomy":"product_cat","embeddable":true,"href":"https:\/\/edimeinter.com\/libreria\/wp-json\/wp\/v2\/product_cat?post=13346"},{"taxonomy":"product_tag","embeddable":true,"href":"https:\/\/edimeinter.com\/libreria\/wp-json\/wp\/v2\/product_tag?post=13346"}],"curies":[{"name":"wp","href":"https:\/\/api.w.org\/{rel}","templated":true}]}}