{"id":13371,"date":"2025-02-19T21:24:26","date_gmt":"2025-02-19T21:24:26","guid":{"rendered":"https:\/\/edimeinter.com\/libreria\/?post_type=product&#038;p=13371"},"modified":"2025-03-10T23:41:03","modified_gmt":"2025-03-10T23:41:03","slug":"netter-atlas-de-neurociencia-4a-edicion","status":"publish","type":"product","link":"https:\/\/edimeinter.com\/libreria\/product\/netter-atlas-de-neurociencia-4a-edicion\/","title":{"rendered":"Netter. Atlas de neurociencia. 4\u00aa Edici\u00f3n"},"content":{"rendered":"\t\t<div data-elementor-type=\"wp-post\" data-elementor-id=\"13371\" class=\"elementor elementor-13371\">\n\t\t\t\t<div class=\"elementor-element elementor-element-2612b12 e-flex e-con-boxed e-con e-parent\" data-id=\"2612b12\" data-element_type=\"container\" data-e-type=\"container\">\n\t\t\t\t\t<div class=\"e-con-inner\">\n\t\t\n\t\t<div class=\"elementor-element elementor-element-498707ae elementor-widget elementor-widget-text-editor\" data-id=\"498707ae\" data-element_type=\"widget\" data-e-type=\"widget\" data-widget_type=\"text-editor.default\">\n\t\t\t\t<div class=\"elementor-widget-container\">\n\t\t\t\t\t\t\t\t\t<p>Nueva edici\u00f3n del Atlas Netter de Neurociencias que presenta de una forma magistral la totalidad del sistema nerviosos con una clara orientaci\u00f3n cl\u00ednica.<\/p><p>Incluye m\u00e1s de 500 im\u00e1genes Netter o estilo Netter junto a una gran cantidad de im\u00e1genes de radiodiagn\u00f3stico<\/p><p>Junto a las im\u00e1genes se incluye un peque\u00f1o texto sucinto y explicativo y a lo largo de los cap\u00edtulos se encuentran recuadros de correlaci\u00f3n cl\u00ednica separados del texto.<\/p><p>\u00b4Tiene una nueva Secci\u00f3n al final del libro (Cap 17) en el que se abordan las \u00abFunciones cerebrales generales\u00bb<\/p><p>Incluye acceso a SC.com en el que se encuentra el e-book junto con contenido adicional (en ingl\u00e9s)<\/p>\t\t\t\t\t\t\t\t<\/div>\n\t\t\t\t<\/div>\n\t\t\t\t\t<\/div>\n\t\t\t\t<\/div>\n\t\t\t\t<\/div>\n\t\t","protected":false},"excerpt":{"rendered":"<p><strong>Autores:<\/strong>\u00a0David L. Felten &amp; M. Kerry O\u2019Banion &amp; Mary E Maida<br \/>\n<strong>ISBN:<\/strong>\u00a09788413823010<br \/>\n<strong>Editorial:<\/strong>\u00a0Elsevier<br \/>\n<strong>Edici\u00f3n:<\/strong>\u00a04\u00aa<br \/>\n<strong>Especialidad<\/strong>: Neurolog\u00eda y Neurocirug\u00eda<br \/>\n<strong>P\u00e1ginas<\/strong>: 560<br \/>\n\u00a9 2022<\/p>\n","protected":false},"featured_media":13372,"comment_status":"open","ping_status":"open","template":"","meta":{"_joinchat":[]},"product_cat":[166],"product_tag":[85,167],"class_list":{"0":"post-13371","1":"product","2":"type-product","3":"status-publish","4":"has-post-thumbnail","6":"product_cat-neurologia-y-neurocirugia","7":"product_tag-elsevier","8":"product_tag-neurologia-y-neurocirugia","10":"first","11":"outofstock","12":"featured","13":"taxable","14":"shipping-taxable","15":"purchasable","16":"product-type-simple"},"_links":{"self":[{"href":"https:\/\/edimeinter.com\/libreria\/wp-json\/wp\/v2\/product\/13371","targetHints":{"allow":["GET"]}}],"collection":[{"href":"https:\/\/edimeinter.com\/libreria\/wp-json\/wp\/v2\/product"}],"about":[{"href":"https:\/\/edimeinter.com\/libreria\/wp-json\/wp\/v2\/types\/product"}],"replies":[{"embeddable":true,"href":"https:\/\/edimeinter.com\/libreria\/wp-json\/wp\/v2\/comments?post=13371"}],"version-history":[{"count":1,"href":"https:\/\/edimeinter.com\/libreria\/wp-json\/wp\/v2\/product\/13371\/revisions"}],"predecessor-version":[{"id":15962,"href":"https:\/\/edimeinter.com\/libreria\/wp-json\/wp\/v2\/product\/13371\/revisions\/15962"}],"wp:featuredmedia":[{"embeddable":true,"href":"https:\/\/edimeinter.com\/libreria\/wp-json\/wp\/v2\/media\/13372"}],"wp:attachment":[{"href":"https:\/\/edimeinter.com\/libreria\/wp-json\/wp\/v2\/media?parent=13371"}],"wp:term":[{"taxonomy":"product_cat","embeddable":true,"href":"https:\/\/edimeinter.com\/libreria\/wp-json\/wp\/v2\/product_cat?post=13371"},{"taxonomy":"product_tag","embeddable":true,"href":"https:\/\/edimeinter.com\/libreria\/wp-json\/wp\/v2\/product_tag?post=13371"}],"curies":[{"name":"wp","href":"https:\/\/api.w.org\/{rel}","templated":true}]}}

Netter. Atlas de neurociencia. 4ª Edición

<div data-elementor-type="wp-post" data-elementor-id="13371" class="elementor elementor-13371">
				<div class="elementor-element elementor-element-2612b12 e-flex e-con-boxed e-con e-parent" data-id="2612b12" data-element_type="container" data-e-type="container">
					<div class="e-con-inner">
		
		<div class="elementor-element elementor-element-498707ae elementor-widget elementor-widget-text-editor" data-id="498707ae" data-element_type="widget" data-e-type="widget" data-widget_type="text-editor.default">
				<div class="elementor-widget-container">
									<p>Nueva edición del Atlas Netter de Neurociencias que presenta de una forma magistral la totalidad del sistema nerviosos con una clara orientación clínica.</p><p>Incluye más de 500 imágenes Netter o estilo Netter junto a una gran cantidad de imágenes de radiodiagnóstico</p><p>Junto a las imágenes se incluye un pequeño texto sucinto y explicativo y a lo largo de los capítulos se encuentran recuadros de correlación clínica separados del texto.</p><p>´Tiene una nueva Sección al final del libro (Cap 17) en el que se abordan las «Funciones cerebrales generales»</p><p>Incluye acceso a SC.com en el que se encuentra el e-book junto con contenido adicional (en inglés)</p>								</div>
				</div>
					</div>
				</div>
				</div>

<p><strong>Autores:</strong> David L. Felten &amp; M. Kerry O’Banion &amp; Mary E Maida<br />
<strong>ISBN:</strong> 9788413823010<br />
<strong>Editorial:</strong> Elsevier<br />
<strong>Edición:</strong> 4ª<br />
<strong>Especialidad</strong>: Neurología y Neurocirugía<br />
<strong>Páginas</strong>: 560<br />
© 2022</p>
