{"id":13426,"date":"2025-02-19T22:26:06","date_gmt":"2025-02-19T22:26:06","guid":{"rendered":"https:\/\/edimeinter.com\/libreria\/?post_type=product&#038;p=13426"},"modified":"2025-03-11T00:20:46","modified_gmt":"2025-03-11T00:20:46","slug":"terapia-manual-ortopedica-en-el-tratamiento-del-dolor-1a-edicion","status":"publish","type":"product","link":"https:\/\/edimeinter.com\/libreria\/product\/terapia-manual-ortopedica-en-el-tratamiento-del-dolor-1a-edicion\/","title":{"rendered":"Terapia manual ortop\u00e9dica en el tratamiento del dolor. 1\u00aa Edici\u00f3n"},"content":{"rendered":"\t\t<div data-elementor-type=\"wp-post\" data-elementor-id=\"13426\" class=\"elementor elementor-13426\">\n\t\t\t\t\n<div class=\"elementor-element elementor-element-2612b12 e-flex e-con-boxed e-con e-parent\" data-id=\"2612b12\" data-element_type=\"container\" data-e-type=\"container\">\n\t\t\t\t\t<div class=\"e-con-inner\">\n\t\t\n\t\t<div class=\"elementor-element elementor-element-498707ae elementor-widget elementor-widget-text-editor\" data-id=\"498707ae\" data-element_type=\"widget\" data-e-type=\"widget\" data-widget_type=\"text-editor.default\">\n\t\t\t\t<div class=\"elementor-widget-container\">\n\t\t\t\t\t\t\t\t\t<p dir=\"ltr\" align=\"justify\">El dolor es la pandemia silente que se introduce en todos los hogares y rincones del mundo, y que asola a m\u00e1s del 20% de la poblaci\u00f3n mundial.<\/p><p dir=\"ltr\" align=\"justify\"><i>Terapia manual ortop\u00e9dica en el tratamiento del dolor\u00a0<\/i>es un manual basado en el modelo biopsicosocial y en la evidencia cient\u00edfica m\u00e1s actualizada sobre el abordaje integral del paciente con dolor musculo-esquel\u00e9tico.<\/p><p dir=\"ltr\" align=\"justify\">La obra explica el dolor musculoesquel\u00e9tico en toda su amplitud: neurofisiolog\u00eda, farmacolog\u00eda y aspectos psicol\u00f3gicos que influyen en el dolor, abordaje mediante el razonamiento cl\u00ednico, y efectos terap\u00e9uticos de la terapia manual ortop\u00e9dica amparados en la evidencia cient\u00edfica m\u00e1s reciente.<\/p><p dir=\"ltr\" align=\"justify\">Los contenidos van dirigidos tanto a fisioterapeutas como a cualquier profesional de la salud interesado en el tratamiento de pacientes con dolor musculoesquel\u00e9tico.<\/p>\t\t\t\t\t\t\t\t<\/div>\n\t\t\t\t<\/div>\n\t\t\t\t\t<\/div>\n\t\t\t\t<\/div>\n\t\t\t\t<\/div>\n\t\t","protected":false},"excerpt":{"rendered":"<p><strong>Autores:<\/strong>\u00a0Andr\u00e9s Quevedo Garc\u00eda &amp; Alexandra Alonso Sal &amp; Jos\u00e9 Luis Alonso P\u00e9rez<br \/>\n<strong>ISBN:<\/strong>\u00a09788413820200<br \/>\n<strong>Editorial:<\/strong>\u00a0Elsevier<br \/>\n<strong>Edici\u00f3n:<\/strong>\u00a01\u00aa<br \/>\n<strong>Especialidad<\/strong>: Fisioterapia<br \/>\n<strong>P\u00e1ginas<\/strong>: 416<br \/>\n\u00a9 2022<\/p>\n","protected":false},"featured_media":13427,"comment_status":"open","ping_status":"open","template":"","meta":{"_joinchat":[]},"product_cat":[111],"product_tag":[85,112],"class_list":{"0":"post-13426","1":"product","2":"type-product","3":"status-publish","4":"has-post-thumbnail","6":"product_cat-fisioterapia","7":"product_tag-elsevier","8":"product_tag-fisioterapia","10":"first","11":"instock","12":"featured","13":"taxable","14":"shipping-taxable","15":"purchasable","16":"product-type-simple"},"_links":{"self":[{"href":"https:\/\/edimeinter.com\/libreria\/wp-json\/wp\/v2\/product\/13426","targetHints":{"allow":["GET"]}}],"collection":[{"href":"https:\/\/edimeinter.com\/libreria\/wp-json\/wp\/v2\/product"}],"about":[{"href":"https:\/\/edimeinter.com\/libreria\/wp-json\/wp\/v2\/types\/product"}],"replies":[{"embeddable":true,"href":"https:\/\/edimeinter.com\/libreria\/wp-json\/wp\/v2\/comments?post=13426"}],"version-history":[{"count":1,"href":"https:\/\/edimeinter.com\/libreria\/wp-json\/wp\/v2\/product\/13426\/revisions"}],"predecessor-version":[{"id":15979,"href":"https:\/\/edimeinter.com\/libreria\/wp-json\/wp\/v2\/product\/13426\/revisions\/15979"}],"wp:featuredmedia":[{"embeddable":true,"href":"https:\/\/edimeinter.com\/libreria\/wp-json\/wp\/v2\/media\/13427"}],"wp:attachment":[{"href":"https:\/\/edimeinter.com\/libreria\/wp-json\/wp\/v2\/media?parent=13426"}],"wp:term":[{"taxonomy":"product_cat","embeddable":true,"href":"https:\/\/edimeinter.com\/libreria\/wp-json\/wp\/v2\/product_cat?post=13426"},{"taxonomy":"product_tag","embeddable":true,"href":"https:\/\/edimeinter.com\/libreria\/wp-json\/wp\/v2\/product_tag?post=13426"}],"curies":[{"name":"wp","href":"https:\/\/api.w.org\/{rel}","templated":true}]}}

Terapia manual ortopédica en el tratamiento del dolor. 1ª Edición

<div data-elementor-type="wp-post" data-elementor-id="13426" class="elementor elementor-13426">
				
<div class="elementor-element elementor-element-2612b12 e-flex e-con-boxed e-con e-parent" data-id="2612b12" data-element_type="container" data-e-type="container">
					<div class="e-con-inner">
		
		<div class="elementor-element elementor-element-498707ae elementor-widget elementor-widget-text-editor" data-id="498707ae" data-element_type="widget" data-e-type="widget" data-widget_type="text-editor.default">
				<div class="elementor-widget-container">
									<p dir="ltr" align="justify">El dolor es la pandemia silente que se introduce en todos los hogares y rincones del mundo, y que asola a más del 20% de la población mundial.</p><p dir="ltr" align="justify"><i>Terapia manual ortopédica en el tratamiento del dolor </i>es un manual basado en el modelo biopsicosocial y en la evidencia científica más actualizada sobre el abordaje integral del paciente con dolor musculo-esquelético.</p><p dir="ltr" align="justify">La obra explica el dolor musculoesquelético en toda su amplitud: neurofisiología, farmacología y aspectos psicológicos que influyen en el dolor, abordaje mediante el razonamiento clínico, y efectos terapéuticos de la terapia manual ortopédica amparados en la evidencia científica más reciente.</p><p dir="ltr" align="justify">Los contenidos van dirigidos tanto a fisioterapeutas como a cualquier profesional de la salud interesado en el tratamiento de pacientes con dolor musculoesquelético.</p>								</div>
				</div>
					</div>
				</div>
				</div>

<p><strong>Autores:</strong> Andrés Quevedo García &amp; Alexandra Alonso Sal &amp; José Luis Alonso Pérez<br />
<strong>ISBN:</strong> 9788413820200<br />
<strong>Editorial:</strong> Elsevier<br />
<strong>Edición:</strong> 1ª<br />
<strong>Especialidad</strong>: Fisioterapia<br />
<strong>Páginas</strong>: 416<br />
© 2022</p>
