{"id":13474,"date":"2025-02-19T23:02:55","date_gmt":"2025-02-19T23:02:55","guid":{"rendered":"https:\/\/edimeinter.com\/libreria\/?post_type=product&#038;p=13474"},"modified":"2025-10-02T20:15:26","modified_gmt":"2025-10-02T20:15:26","slug":"sabiston-tratado-de-cirugia-21a-edicion","status":"publish","type":"product","link":"https:\/\/edimeinter.com\/libreria\/product\/sabiston-tratado-de-cirugia-21a-edicion\/","title":{"rendered":"Sabiston. Tratado de cirug\u00eda. 21\u00aa Edici\u00f3n"},"content":{"rendered":"\t\t<div data-elementor-type=\"wp-post\" data-elementor-id=\"13474\" class=\"elementor elementor-13474\">\n\t\t\t\t<div class=\"elementor-element elementor-element-2612b12 e-flex e-con-boxed e-con e-parent\" data-id=\"2612b12\" data-element_type=\"container\" data-e-type=\"container\">\n\t\t\t\t\t<div class=\"e-con-inner\">\n\t\t\n\t\t<div class=\"elementor-element elementor-element-498707ae elementor-widget elementor-widget-text-editor\" data-id=\"498707ae\" data-element_type=\"widget\" data-e-type=\"widget\" data-widget_type=\"text-editor.default\">\n\t\t\t\t<div class=\"elementor-widget-container\">\n\t\t\t\t\t\t\t\t\t<p>Durante m\u00e1s de ochenta a\u00f1os, esta obra ha sido el texto de referencia para estudiantes, residentes y cirujanos de todos los niveles de experiencia que los ha guiado por cada aspecto de la cirug\u00eda general. Es el texto de referencia sobre las bases biol\u00f3gicas, la anatom\u00eda patol\u00f3gica y la fisiopatolog\u00eda de las enfermedades quir\u00fargicas.<\/p><p>Esta 21.\u00aa edici\u00f3n, exhaustivamente revisada, contin\u00faa proporcionando la informaci\u00f3n clave, el conocimiento esencial para la ense\u00f1anza y el aprendizaje, y un contenido plenamente actualizado, necesarios para la toma de decisiones mejor informada y la consecuci\u00f3n de resultados \u00f3ptimos para los pacientes.<\/p><p>Con un planteamiento conciso y basado en la evidencia a lo largo de toda su extensi\u00f3n, cubre todo el espectro tem\u00e1tico requerido para la certificaci\u00f3n y la pr\u00e1ctica de la cirug\u00eda general, complementado con ilustraciones, de detallado dise\u00f1o y a todo color, adem\u00e1s de un conjunto de v\u00eddeos de alta calidad (contenido en ingl\u00e9s).<\/p><p>Sigue una progresi\u00f3n clara y sistem\u00e1tica, que se inicia con los principios comunes a las diversas especialidades quir\u00fargicas, incluyendo el manejo de l\u00edquidos y electr\u00f3litos, la cicatrizaci\u00f3n de heridas y el soporte metab\u00f3lico. Las secciones sucesivas revisan el estudio de los traumatismos, los trasplantes, la oncolog\u00eda, la mama, y los procedimientos endocrinos y abdominales.<\/p><p>Cubre cuestiones clave, como las tecnolog\u00edas y los dispositivos quir\u00fargicos emergentes, la medicina regenerativa, las \u00faltimas novedades relativas a la biolog\u00eda y la terapia del c\u00e1ncer, y los abordajes y los tratamientos basados en la evidencia.<\/p><p>Enfatiza las t\u00e9cnicas m\u00ednimamente invasivas m\u00e1s actualizadas y el uso de la rob\u00f3tica y re\u00fane m\u00e1s de 2.000 magn\u00edficas ilustraciones y fotograf\u00edas intraoperatorias, y 25 v\u00eddeos explicativos (contenido en ingl\u00e9s), que facilitan la r\u00e1pida comprensi\u00f3n de las t\u00e9cnicas quir\u00fargicas.<\/p><p>Incluye, en esta edici\u00f3n, m\u00e1s diagramas, tablas resumen, cuadros y algoritmos, que suponen un excelente recurso para el repaso de las t\u00e9cnicas quir\u00fargicas y la preparaci\u00f3n de ex\u00e1menes.<\/p><p>Ofrece el conocimiento y la experiencia de m\u00e1s de 100 nuevos autores y se ampl\u00eda con 2 nuevos cap\u00edtulos sobre cirug\u00eda rob\u00f3tica y cirug\u00eda fetal. Adem\u00e1s, incorpora contenidos plenamente actualizados sobre temas de inter\u00e9s para los residentes de cirug\u00eda general en formaci\u00f3n, as\u00ed como una cobertura en profundidad de subespecialidades, como las cirug\u00edas de cabeza y cuello, tor\u00e1cica, vascular, urol\u00f3gica, neurol\u00f3gica, pedi\u00e1trica y ginecol\u00f3gica.<\/p><p>Incluye la versi\u00f3n digital de la obra original (contenido en ingl\u00e9s) con acceso, a trav\u00e9s de distintos dispositivos, al texto, las figuras y la bibliograf\u00eda del libro.<\/p>\t\t\t\t\t\t\t\t<\/div>\n\t\t\t\t<\/div>\n\t\t\t\t\t<\/div>\n\t\t\t\t<\/div>\n\t\t\t\t<\/div>\n\t\t","protected":false},"excerpt":{"rendered":"<p><strong>Autores:<\/strong>\u00a0Courtney M. Townsend &amp; R. Daniel Beauchamp &amp; B. Mark Evers &amp; Kenneth L. Mattox<br \/>\n<strong>ISBN:<\/strong>\u00a09788413821801<br \/>\n<strong>Editorial:<\/strong>\u00a0Elsevier<br \/>\n<strong>Edici\u00f3n:<\/strong>\u00a021\u00aa<br \/>\n<strong>Especialidad<\/strong>: Cirug\u00eda<br \/>\n<strong>P\u00e1ginas<\/strong>: 2176<br \/>\n\u00a9 2022<\/p>\n","protected":false},"featured_media":13475,"comment_status":"open","ping_status":"closed","template":"","meta":{"_joinchat":[]},"product_cat":[175],"product_tag":[176,85],"class_list":{"0":"post-13474","1":"product","2":"type-product","3":"status-publish","4":"has-post-thumbnail","6":"product_cat-cirugia","7":"product_tag-cirugia","8":"product_tag-elsevier","10":"first","11":"outofstock","12":"featured","13":"taxable","14":"shipping-taxable","15":"purchasable","16":"product-type-simple"},"_links":{"self":[{"href":"https:\/\/edimeinter.com\/libreria\/wp-json\/wp\/v2\/product\/13474","targetHints":{"allow":["GET"]}}],"collection":[{"href":"https:\/\/edimeinter.com\/libreria\/wp-json\/wp\/v2\/product"}],"about":[{"href":"https:\/\/edimeinter.com\/libreria\/wp-json\/wp\/v2\/types\/product"}],"replies":[{"embeddable":true,"href":"https:\/\/edimeinter.com\/libreria\/wp-json\/wp\/v2\/comments?post=13474"}],"version-history":[{"count":1,"href":"https:\/\/edimeinter.com\/libreria\/wp-json\/wp\/v2\/product\/13474\/revisions"}],"predecessor-version":[{"id":15988,"href":"https:\/\/edimeinter.com\/libreria\/wp-json\/wp\/v2\/product\/13474\/revisions\/15988"}],"wp:featuredmedia":[{"embeddable":true,"href":"https:\/\/edimeinter.com\/libreria\/wp-json\/wp\/v2\/media\/13475"}],"wp:attachment":[{"href":"https:\/\/edimeinter.com\/libreria\/wp-json\/wp\/v2\/media?parent=13474"}],"wp:term":[{"taxonomy":"product_cat","embeddable":true,"href":"https:\/\/edimeinter.com\/libreria\/wp-json\/wp\/v2\/product_cat?post=13474"},{"taxonomy":"product_tag","embeddable":true,"href":"https:\/\/edimeinter.com\/libreria\/wp-json\/wp\/v2\/product_tag?post=13474"}],"curies":[{"name":"wp","href":"https:\/\/api.w.org\/{rel}","templated":true}]}}