{"id":13519,"date":"2025-02-20T19:07:56","date_gmt":"2025-02-20T19:07:56","guid":{"rendered":"https:\/\/edimeinter.com\/libreria\/?post_type=product&#038;p=13519"},"modified":"2025-06-10T19:14:31","modified_gmt":"2025-06-10T19:14:31","slug":"tratado-de-medicina-intensiva-2a-edicion","status":"publish","type":"product","link":"https:\/\/edimeinter.com\/libreria\/product\/tratado-de-medicina-intensiva-2a-edicion\/","title":{"rendered":"Tratado de medicina intensiva. 2\u00aa Edici\u00f3n"},"content":{"rendered":"\t\t<div data-elementor-type=\"wp-post\" data-elementor-id=\"13519\" class=\"elementor elementor-13519\">\n\t\t\t\t<div class=\"elementor-element elementor-element-2612b12 e-flex e-con-boxed e-con e-parent\" data-id=\"2612b12\" data-element_type=\"container\" data-e-type=\"container\">\n\t\t\t\t\t<div class=\"e-con-inner\">\n\t\t\n\t\t<div class=\"elementor-element elementor-element-498707ae elementor-widget elementor-widget-text-editor\" data-id=\"498707ae\" data-element_type=\"widget\" data-e-type=\"widget\" data-widget_type=\"text-editor.default\">\n\t\t\t\t<div class=\"elementor-widget-container\">\n\t\t\t\t\t\t\t\t\t<p align=\"left\">Nueva edici\u00f3n que aborda de manera completamente actualizada todos los contenidos y las\u00a0competencias incluidos en el programa formativo de la especialidad de medicina intensiva.<\/p><p align=\"left\">Estructurada en 23 secciones, la obra explora con una perspectiva cr\u00edtica y una visi\u00f3n pr\u00e1ctica todos los aspectos relacionados con la especialidad y el paciente cr\u00edtico, desde las\u00a0emergencias pre- y extrahospitalarias, la monitorizaci\u00f3n, la fisiolog\u00eda, la farmacolog\u00eda, la\u00a0toxicolog\u00eda, los trasplantes o el control postquir\u00fagico hasta los aspectos \u00e9icos en la\u00a0relaci\u00f3n con el paciente y sus familiares o la organizaci\u00f3n y gesti\u00f3n de las unidades de\u00a0cuidados intensivos.<\/p><p align=\"left\">Incorpora ocho cap\u00edtulos nuevos sobre temas de absoluta actualidad, como la\u00a0humanizaci\u00f3n en el \u00e1mbito de cr\u00edticos, los sistemas de ventilaci\u00f3n mec\u00e1nica prolongada y\u00a0oxigenoterapia mediante c\u00e1nula nasal, las infecciones en pacientes inmunocomprometidos\u00a0o la investigaci\u00f3n experimental. Cuenta con un cap\u00edtulo nuevo sobre la neumon\u00eda grave\u00a0provocada por el SARS-CoV-2.<\/p><p align=\"left\">Presenta un nuevo apartado de \u00abPuntos clave\u00bb, que resume los aspectos fundamentales de cada cap\u00edtulo e incorpora nuevas ilustraciones, diagramas y tablas que facilitan la comprensi\u00f3n de los temas m\u00e1s complejos.<\/p>\t\t\t\t\t\t\t\t<\/div>\n\t\t\t\t<\/div>\n\t\t\t\t\t<\/div>\n\t\t\t\t<\/div>\n\t\t\t\t<\/div>\n\t\t","protected":false},"excerpt":{"rendered":"<p><strong>Autores:<\/strong>\u00a0Antonio C\u00e1rdenas Cruz &amp; Juan Roca Gu\u00edseris<br \/>\n<strong>ISBN:<\/strong>\u00a09788491135883<br \/>\n<strong>Editorial:<\/strong>\u00a0Elsevier<br \/>\n<strong>Edici\u00f3n:<\/strong>\u00a02\u00aa<br \/>\n<strong>Especialidad<\/strong>: Cuidados Intensivos<br \/>\n<strong>P\u00e1ginas<\/strong>: 1244<br \/>\n\u00a9 2022<\/p>\n","protected":false},"featured_media":13520,"comment_status":"open","ping_status":"open","template":"","meta":{"_joinchat":[]},"product_cat":[179],"product_tag":[180,85],"class_list":{"0":"post-13519","1":"product","2":"type-product","3":"status-publish","4":"has-post-thumbnail","6":"product_cat-cuidados-intensivos","7":"product_tag-cuidados-intensivos","8":"product_tag-elsevier","10":"first","11":"instock","12":"featured","13":"taxable","14":"shipping-taxable","15":"purchasable","16":"product-type-simple"},"_links":{"self":[{"href":"https:\/\/edimeinter.com\/libreria\/wp-json\/wp\/v2\/product\/13519","targetHints":{"allow":["GET"]}}],"collection":[{"href":"https:\/\/edimeinter.com\/libreria\/wp-json\/wp\/v2\/product"}],"about":[{"href":"https:\/\/edimeinter.com\/libreria\/wp-json\/wp\/v2\/types\/product"}],"replies":[{"embeddable":true,"href":"https:\/\/edimeinter.com\/libreria\/wp-json\/wp\/v2\/comments?post=13519"}],"version-history":[{"count":1,"href":"https:\/\/edimeinter.com\/libreria\/wp-json\/wp\/v2\/product\/13519\/revisions"}],"predecessor-version":[{"id":15999,"href":"https:\/\/edimeinter.com\/libreria\/wp-json\/wp\/v2\/product\/13519\/revisions\/15999"}],"wp:featuredmedia":[{"embeddable":true,"href":"https:\/\/edimeinter.com\/libreria\/wp-json\/wp\/v2\/media\/13520"}],"wp:attachment":[{"href":"https:\/\/edimeinter.com\/libreria\/wp-json\/wp\/v2\/media?parent=13519"}],"wp:term":[{"taxonomy":"product_cat","embeddable":true,"href":"https:\/\/edimeinter.com\/libreria\/wp-json\/wp\/v2\/product_cat?post=13519"},{"taxonomy":"product_tag","embeddable":true,"href":"https:\/\/edimeinter.com\/libreria\/wp-json\/wp\/v2\/product_tag?post=13519"}],"curies":[{"name":"wp","href":"https:\/\/api.w.org\/{rel}","templated":true}]}}