{"id":13569,"date":"2025-02-20T20:16:04","date_gmt":"2025-02-20T20:16:04","guid":{"rendered":"https:\/\/edimeinter.com\/libreria\/?post_type=product&#038;p=13569"},"modified":"2025-03-11T17:31:28","modified_gmt":"2025-03-11T17:31:28","slug":"netter-un-abordaje-integrado-de-la-medicina-1a-edicion","status":"publish","type":"product","link":"https:\/\/edimeinter.com\/libreria\/product\/netter-un-abordaje-integrado-de-la-medicina-1a-edicion\/","title":{"rendered":"Netter. Un abordaje integrado de la medicina. 1\u00aa Edici\u00f3n"},"content":{"rendered":"\t\t<div data-elementor-type=\"wp-post\" data-elementor-id=\"13569\" class=\"elementor elementor-13569\">\n\t\t\t\t<div class=\"elementor-element elementor-element-2612b12 e-flex e-con-boxed e-con e-parent\" data-id=\"2612b12\" data-element_type=\"container\" data-e-type=\"container\">\n\t\t\t\t\t<div class=\"e-con-inner\">\n\t\t\n\t\t<div class=\"elementor-element elementor-element-498707ae elementor-widget elementor-widget-text-editor\" data-id=\"498707ae\" data-element_type=\"widget\" data-e-type=\"widget\" data-widget_type=\"text-editor.default\">\n\t\t\t\t<div class=\"elementor-widget-container\">\n\t\t\t\t\t\t\t\t\t<p align=\"left\">Manual en el que se ofrece una visi\u00f3n global de como los conocimientos de las ciencias b\u00e1sicas\u00a0y su correlaci\u00f3n con los mecanismos de la enfermedad conllevan un correcto diagn\u00f3stico y\u00a0tratamiento de las patolog\u00edas mas relevantes.<\/p><p align=\"left\">Se encuentra organizado en 13 grandes secciones que contienen un total de 166 cap\u00edtulos.\u00a0Las secciones 1 a 4 repasan todo el proceso de anamnesis y exploraci\u00f3n f\u00edsica as\u00ed como los\u00a0hallazgos de laboratorio y la realizaci\u00f3n de algunas de las pruebas diagn\u00f3sticas m\u00e1s\u00a0comunes. A partir de la Secci\u00f3n 5 se describen las patolog\u00edas m\u00e1s frecuentes organizadas\u00a0por sistemas.<\/p><p align=\"left\">Incluye 400 im\u00e1genes en color de la colecci\u00f3n Netter, as\u00ed como im\u00e1genes diagn\u00f3sticas, con\u00a0enfoque muy visual que ayu da a retener los conceptos. Adem\u00e1s ofrece un contenido\u00a0pr\u00e1ctico y de f\u00e1cil lectura, organiza do por patolog\u00edas, que abarca las ciencias b\u00e1sicas m\u00e1s\u00a0relevan tes para cada enfermedad o trastorno.<\/p><p align=\"left\">Incluye m\u00e1s de 400 im\u00e1genes Netter o estilo Netter, as\u00ed como im\u00e1genes diagn\u00f3sticas.\u00a0Dicha iconograf\u00eda acompa\u00f1a magistralmente al texto conciso y muy estructurado que\u00a0componen cada uno de los cap\u00edtulos. Este texto sit\u00faa al estudiante en el contexto de la\u00a0\u00abtoma de decisiones cl\u00ednicas y por tanto representa de forma gr\u00e1fica un puente entre su\u00a0formaci\u00f3n b\u00e1sica y su posterior pr\u00e1ctica cl\u00ednica<\/p><p align=\"left\">Incluye acceso al ebook a trav\u00e9s de Student Consult donde se pueden realizar b\u00fasquedas\u00a0en todo el texto, las figuras y las referencias bibliogr\u00e1ficas del libro desde diversos\u00a0dispositivos (todo el contenido electr\u00f3nico de la obra est\u00e1 en ingl\u00e9s).<\/p>\t\t\t\t\t\t\t\t<\/div>\n\t\t\t\t<\/div>\n\t\t\t\t\t<\/div>\n\t\t\t\t<\/div>\n\t\t\t\t<\/div>\n\t\t","protected":false},"excerpt":{"rendered":"<p><strong>Autores:<\/strong>\u00a0Bryan Leppert &amp; Christopher R Kelly<br \/>\n<strong>ISBN:<\/strong>\u00a09788413822228<br \/>\n<strong>Editorial:<\/strong>\u00a0Elsevier<br \/>\n<strong>Edici\u00f3n:<\/strong>\u00a01\u00aa<br \/>\n<strong>Especialidad<\/strong>: Medicina Interna<br \/>\n<strong>P\u00e1ginas<\/strong>: 752<br \/>\n\u00a9 2022<\/p>\n","protected":false},"featured_media":13570,"comment_status":"open","ping_status":"open","template":"","meta":{"_joinchat":[]},"product_cat":[150],"product_tag":[85,151],"class_list":{"0":"post-13569","1":"product","2":"type-product","3":"status-publish","4":"has-post-thumbnail","6":"product_cat-medicina-interna","7":"product_tag-elsevier","8":"product_tag-medicina-interna","10":"first","11":"instock","12":"featured","13":"taxable","14":"shipping-taxable","15":"purchasable","16":"product-type-simple"},"_links":{"self":[{"href":"https:\/\/edimeinter.com\/libreria\/wp-json\/wp\/v2\/product\/13569","targetHints":{"allow":["GET"]}}],"collection":[{"href":"https:\/\/edimeinter.com\/libreria\/wp-json\/wp\/v2\/product"}],"about":[{"href":"https:\/\/edimeinter.com\/libreria\/wp-json\/wp\/v2\/types\/product"}],"replies":[{"embeddable":true,"href":"https:\/\/edimeinter.com\/libreria\/wp-json\/wp\/v2\/comments?post=13569"}],"version-history":[{"count":1,"href":"https:\/\/edimeinter.com\/libreria\/wp-json\/wp\/v2\/product\/13569\/revisions"}],"predecessor-version":[{"id":16008,"href":"https:\/\/edimeinter.com\/libreria\/wp-json\/wp\/v2\/product\/13569\/revisions\/16008"}],"wp:featuredmedia":[{"embeddable":true,"href":"https:\/\/edimeinter.com\/libreria\/wp-json\/wp\/v2\/media\/13570"}],"wp:attachment":[{"href":"https:\/\/edimeinter.com\/libreria\/wp-json\/wp\/v2\/media?parent=13569"}],"wp:term":[{"taxonomy":"product_cat","embeddable":true,"href":"https:\/\/edimeinter.com\/libreria\/wp-json\/wp\/v2\/product_cat?post=13569"},{"taxonomy":"product_tag","embeddable":true,"href":"https:\/\/edimeinter.com\/libreria\/wp-json\/wp\/v2\/product_tag?post=13569"}],"curies":[{"name":"wp","href":"https:\/\/api.w.org\/{rel}","templated":true}]}}