{"id":13619,"date":"2025-02-20T21:21:46","date_gmt":"2025-02-20T21:21:46","guid":{"rendered":"https:\/\/edimeinter.com\/libreria\/?post_type=product&#038;p=13619"},"modified":"2025-09-02T22:28:08","modified_gmt":"2025-09-02T22:28:08","slug":"dermatologia-pediatrica-3a-edicion-2","status":"publish","type":"product","link":"https:\/\/edimeinter.com\/libreria\/product\/dermatologia-pediatrica-3a-edicion-2\/","title":{"rendered":"Dermatolog\u00eda pedi\u00e1trica. 3\u00aa Edici\u00f3n"},"content":{"rendered":"\t\t<div data-elementor-type=\"wp-post\" data-elementor-id=\"13619\" class=\"elementor elementor-13619\">\n\t\t\t\t<div class=\"elementor-element elementor-element-2612b12 e-flex e-con-boxed e-con e-parent\" data-id=\"2612b12\" data-element_type=\"container\" data-e-type=\"container\">\n\t\t\t\t\t<div class=\"e-con-inner\">\n\t\t\n\t\t<div class=\"elementor-element elementor-element-498707ae elementor-widget elementor-widget-text-editor\" data-id=\"498707ae\" data-element_type=\"widget\" data-e-type=\"widget\" data-widget_type=\"text-editor.default\">\n\t\t\t\t<div class=\"elementor-widget-container\">\n\t\t\t\t\t\t\t\t\t<p>Eminentemente visual y pr\u00e1ctica, la 3\u00aa edici\u00f3n de Dermatolog\u00eda pedi\u00e1trica le permitir\u00e1 contrastar r\u00e1pida y f\u00e1cilmente 164 de los diang\u00f3sticos dermatol\u00f3gicos m\u00e1s comunes en la poblaci\u00f3n infantil.<\/p><p>Cada ficha incluye im\u00e1genes en color e informaci\u00f3n acerca de un diagn\u00f3stico concreto, as\u00ed como referencias cruzadas (DDx) a otros posibles diangn\u00f3sticos. Dise\u00f1adas para su uso en consulta, estas fichas de bolsillo son la herramienta ideal para formular diang\u00f3sticos pedi\u00e1tricos.<\/p><p>Nuevos temas mucositis por Mycoplasma, pustulosis exantem\u00e1tica generalizada aguda (PEGA), periarteritis nudosa, hipopigmentaci\u00f3n en mosaico, s\u00edndorme de Waardenbrug, atriquia cong\u00e9nita con lesiones papulares, etc.<\/p><p>Gu\u00eda ideal, en formato de bolsillo, para el diang\u00f3stico pedi\u00e1tico a todas las edades, incluyendo los reci\u00e9n nacidos. Las fichas est\u00e1n ordenadas seg\u00fan el aspecto de la piel para ayudarle a encontrar r\u00e1pidamente el trastorno m\u00e1s relevante.<\/p>\t\t\t\t\t\t\t\t<\/div>\n\t\t\t\t<\/div>\n\t\t\t\t\t<\/div>\n\t\t\t\t<\/div>\n\t\t\t\t<\/div>\n\t\t","protected":false},"excerpt":{"rendered":"<p><strong>Autores:<\/strong>\u00a0Joseph G. Morelli &amp; Carla Torres-Zegarra<br \/>\n<strong>ISBN:<\/strong>\u00a09788413820682<br \/>\n<strong>Editorial:<\/strong>\u00a0Elsevier<br \/>\n<strong>Edici\u00f3n:<\/strong>\u00a03\u00aa<br \/>\n<strong>Especialidad<\/strong>: Dermatolog\u00eda<br \/>\n<strong>P\u00e1ginas<\/strong>: 328<br \/>\n\u00a9 2022<\/p>\n","protected":false},"featured_media":13620,"comment_status":"open","ping_status":"closed","template":"","meta":{"_joinchat":[]},"product_cat":[108],"product_tag":[109,85],"class_list":{"0":"post-13619","1":"product","2":"type-product","3":"status-publish","4":"has-post-thumbnail","6":"product_cat-dermatologia","7":"product_tag-dermatologia","8":"product_tag-elsevier","10":"first","11":"instock","12":"featured","13":"taxable","14":"shipping-taxable","15":"purchasable","16":"product-type-simple"},"_links":{"self":[{"href":"https:\/\/edimeinter.com\/libreria\/wp-json\/wp\/v2\/product\/13619","targetHints":{"allow":["GET"]}}],"collection":[{"href":"https:\/\/edimeinter.com\/libreria\/wp-json\/wp\/v2\/product"}],"about":[{"href":"https:\/\/edimeinter.com\/libreria\/wp-json\/wp\/v2\/types\/product"}],"replies":[{"embeddable":true,"href":"https:\/\/edimeinter.com\/libreria\/wp-json\/wp\/v2\/comments?post=13619"}],"version-history":[{"count":2,"href":"https:\/\/edimeinter.com\/libreria\/wp-json\/wp\/v2\/product\/13619\/revisions"}],"predecessor-version":[{"id":16018,"href":"https:\/\/edimeinter.com\/libreria\/wp-json\/wp\/v2\/product\/13619\/revisions\/16018"}],"wp:featuredmedia":[{"embeddable":true,"href":"https:\/\/edimeinter.com\/libreria\/wp-json\/wp\/v2\/media\/13620"}],"wp:attachment":[{"href":"https:\/\/edimeinter.com\/libreria\/wp-json\/wp\/v2\/media?parent=13619"}],"wp:term":[{"taxonomy":"product_cat","embeddable":true,"href":"https:\/\/edimeinter.com\/libreria\/wp-json\/wp\/v2\/product_cat?post=13619"},{"taxonomy":"product_tag","embeddable":true,"href":"https:\/\/edimeinter.com\/libreria\/wp-json\/wp\/v2\/product_tag?post=13619"}],"curies":[{"name":"wp","href":"https:\/\/api.w.org\/{rel}","templated":true}]}}