{"id":13645,"date":"2025-02-20T21:51:29","date_gmt":"2025-02-20T21:51:29","guid":{"rendered":"https:\/\/edimeinter.com\/libreria\/?post_type=product&#038;p=13645"},"modified":"2025-10-27T22:29:23","modified_gmt":"2025-10-27T22:29:23","slug":"cuaderno-de-anatomia-dental-para-colorear-3a-edicion","status":"publish","type":"product","link":"https:\/\/edimeinter.com\/libreria\/product\/cuaderno-de-anatomia-dental-para-colorear-3a-edicion\/","title":{"rendered":"Cuaderno de anatom\u00eda dental para colorear. 3\u00aa Edici\u00f3n"},"content":{"rendered":"\t\t<div data-elementor-type=\"wp-post\" data-elementor-id=\"13645\" class=\"elementor elementor-13645\">\n\t\t\t\t<div class=\"elementor-element elementor-element-2612b12 e-flex e-con-boxed e-con e-parent\" data-id=\"2612b12\" data-element_type=\"container\" data-e-type=\"container\">\n\t\t\t\t\t<div class=\"e-con-inner\">\n\t\t\n\t\t<div class=\"elementor-element elementor-element-498707ae elementor-widget elementor-widget-text-editor\" data-id=\"498707ae\" data-element_type=\"widget\" data-e-type=\"widget\" data-widget_type=\"text-editor.default\">\n\t\t\t\t<div class=\"elementor-widget-container\">\n\t\t\t\t\t\t\t\t\t<p align=\"left\">Obra destinada a los estudiantes de odontolog\u00eda que ofrece una cobertura anat\u00f3mica completa\u00a0de la cabeza y el cuello, facilitando la identificaci\u00f3n de las diferentes estructuras a trav\u00e9s de la\u00a0actividad de colorear.<\/p><p align=\"left\">La obra se organiza en un total de 10 cap\u00edtulos. Se inicia con una revisi\u00f3n de los sistemas\u00a0corporales para despu\u00e9s abordar regiones espec\u00edficas de la cabeza y el cuello, as\u00ed como de\u00a0la cavidad oral. A continuaci\u00f3n se abordan los sistemas anat\u00f3micos, entre los que se\u00a0encuentran la anatom\u00eda orofacial, la anatom\u00eda dental, y los sistemas esquel\u00e9tico, muscular,\u00a0vascular y nervioso entre otros.<\/p><p align=\"left\">Cada p\u00e1gina impar contiene una breve descripci\u00f3n de la parte del cuerpo dibujada y su\u00a0orientaci\u00f3n visual, seguida de una(s) ilustraci\u00f3n(es) para colorear. las lineas numeradas\u00a0identifican claramente las estructuras a colorear; esos mismos n\u00fameros se corresponden\u00a0con el correspondiente listado que aparece debajo de cada ilustraci\u00f3n. En la p\u00e1gina par se\u00a0encuentran un conjunto de 10 preguntas de revisi\u00f3n estilo \u00abfill the blanks\u00bb. Las soluciones\u00a0se encuentran al final de la p\u00e1gina (orientaci\u00f3n invertida).<\/p><p align=\"left\">Al final del libro se incluye un cap\u00edtulo con 75 preguntas de opci\u00f3n m\u00faltiple (contiene las\u00a0respuestas correctas razonadas) para reforzar el caracter autoevaluativo de la obra.<\/p>\t\t\t\t\t\t\t\t<\/div>\n\t\t\t\t<\/div>\n\t\t\t\t\t<\/div>\n\t\t\t\t<\/div>\n\t\t\t\t<\/div>\n\t\t","protected":false},"excerpt":{"rendered":"<p><strong>Autores:<\/strong>\u00a0Margaret J. Fehrenbach<br \/>\n<strong>ISBN:<\/strong>\u00a09788413822211<br \/>\n<strong>Editorial:<\/strong>\u00a0Elsevier<br \/>\n<strong>Edici\u00f3n:<\/strong>\u00a03\u00aa<br \/>\n<strong>Especialidad<\/strong>: Anatom\u00eda<br \/>\n<strong>P\u00e1ginas<\/strong>: 464<br \/>\n\u00a9 2022<\/p>\n","protected":false},"featured_media":13646,"comment_status":"open","ping_status":"closed","template":"","meta":{"_joinchat":[]},"product_cat":[100],"product_tag":[101,85],"class_list":{"0":"post-13645","1":"product","2":"type-product","3":"status-publish","4":"has-post-thumbnail","6":"product_cat-anatomia","7":"product_tag-anatomia","8":"product_tag-elsevier","10":"first","11":"instock","12":"featured","13":"taxable","14":"shipping-taxable","15":"purchasable","16":"product-type-simple"},"_links":{"self":[{"href":"https:\/\/edimeinter.com\/libreria\/wp-json\/wp\/v2\/product\/13645","targetHints":{"allow":["GET"]}}],"collection":[{"href":"https:\/\/edimeinter.com\/libreria\/wp-json\/wp\/v2\/product"}],"about":[{"href":"https:\/\/edimeinter.com\/libreria\/wp-json\/wp\/v2\/types\/product"}],"replies":[{"embeddable":true,"href":"https:\/\/edimeinter.com\/libreria\/wp-json\/wp\/v2\/comments?post=13645"}],"version-history":[{"count":3,"href":"https:\/\/edimeinter.com\/libreria\/wp-json\/wp\/v2\/product\/13645\/revisions"}],"predecessor-version":[{"id":17432,"href":"https:\/\/edimeinter.com\/libreria\/wp-json\/wp\/v2\/product\/13645\/revisions\/17432"}],"wp:featuredmedia":[{"embeddable":true,"href":"https:\/\/edimeinter.com\/libreria\/wp-json\/wp\/v2\/media\/13646"}],"wp:attachment":[{"href":"https:\/\/edimeinter.com\/libreria\/wp-json\/wp\/v2\/media?parent=13645"}],"wp:term":[{"taxonomy":"product_cat","embeddable":true,"href":"https:\/\/edimeinter.com\/libreria\/wp-json\/wp\/v2\/product_cat?post=13645"},{"taxonomy":"product_tag","embeddable":true,"href":"https:\/\/edimeinter.com\/libreria\/wp-json\/wp\/v2\/product_tag?post=13645"}],"curies":[{"name":"wp","href":"https:\/\/api.w.org\/{rel}","templated":true}]}}