{"id":13651,"date":"2025-02-20T21:55:15","date_gmt":"2025-02-20T21:55:15","guid":{"rendered":"https:\/\/edimeinter.com\/libreria\/?post_type=product&#038;p=13651"},"modified":"2025-10-29T17:12:37","modified_gmt":"2025-10-29T17:12:37","slug":"gray-flashcards-de-anatomia-4a-edicion","status":"publish","type":"product","link":"https:\/\/edimeinter.com\/libreria\/product\/gray-flashcards-de-anatomia-4a-edicion\/","title":{"rendered":"Gray. Flashcards de Anatom\u00eda. 4\u00aa Edici\u00f3n"},"content":{"rendered":"\t\t<div data-elementor-type=\"wp-post\" data-elementor-id=\"13651\" class=\"elementor elementor-13651\">\n\t\t\t\t<div class=\"elementor-element elementor-element-2612b12 e-flex e-con-boxed e-con e-parent\" data-id=\"2612b12\" data-element_type=\"container\" data-e-type=\"container\">\n\t\t\t\t\t<div class=\"e-con-inner\">\n\t\t\n\t\t<div class=\"elementor-element elementor-element-498707ae elementor-widget elementor-widget-text-editor\" data-id=\"498707ae\" data-element_type=\"widget\" data-e-type=\"widget\" data-widget_type=\"text-editor.default\">\n\t\t\t\t<div class=\"elementor-widget-container\">\n\t\t\t\t\t\t\t\t\t<p>Colecci\u00f3n de 393 Flashcards que se presentan como el complemento perfecto para el estudio de la anatom\u00eda siguiendo el modelo de <em>Drake, Anatom\u00eda para estudiantes 4\u00aa ed<\/em>.<\/p><p>Las Flashcards se encuentras organizadas en 11 cap\u00edtulos siguiendo el mismo abordaje regional que el libro de referencia. Se incluye tambi\u00e9n un cap\u00edtulo de anatom\u00eda de superficie, otro dedicado al sistema nervioso y otro de diagn\u00f3stico por la imagen.<\/p><p>Cada tarjeta incluye una ilustraci\u00f3n a todo color o bien una imagen radiol\u00f3gica de una determinada estructura o zaona del cuerpo, con las correspondientes zonas anat\u00f3micas de importancia convenientemente numeradas, y, en su gran mayor\u00eda se incluye \u00abEn la c\u00ednica\u00bb, una peque\u00f1a secci\u00f3n en la que se presenta un texto que relaciona la estructura particular con un trastorno cl\u00ednico para ayudar a reforzar la relevancia cl\u00ednica de los conocimientos anat\u00f3micos. La referencia a la p\u00e1gina del libro de texto permite al usuario acceder f\u00e1cilmente a m\u00e1s informaci\u00f3n.<\/p><p>La obra incluye acceso a la totalidad del contenido (en ingl\u00e9s) a trav\u00e9s de la plataforma de SC.com<\/p>\t\t\t\t\t\t\t\t<\/div>\n\t\t\t\t<\/div>\n\t\t\t\t\t<\/div>\n\t\t\t\t<\/div>\n\t\t\t\t<\/div>\n\t\t","protected":false},"excerpt":{"rendered":"<p><strong>Autores:<\/strong>\u00a0Richard L. Drake &amp; A. Wayne Vogl &amp; Adam M.W. Mitchell<br \/>\n<strong>ISBN:<\/strong>\u00a09788413820187<br \/>\n<strong>Editorial:<\/strong>\u00a0Elsevier<br \/>\n<strong>Edici\u00f3n:<\/strong>\u00a04\u00aa<br \/>\n<strong>Especialidad<\/strong>: Anatom\u00eda<br \/>\n<strong>P\u00e1ginas<\/strong>: 832<br \/>\n\u00a9 2022<\/p>\n","protected":false},"featured_media":13652,"comment_status":"open","ping_status":"closed","template":"","meta":{"_joinchat":[]},"product_cat":[100],"product_tag":[101,85],"class_list":{"0":"post-13651","1":"product","2":"type-product","3":"status-publish","4":"has-post-thumbnail","6":"product_cat-anatomia","7":"product_tag-anatomia","8":"product_tag-elsevier","10":"first","11":"instock","12":"featured","13":"taxable","14":"shipping-taxable","15":"purchasable","16":"product-type-simple"},"_links":{"self":[{"href":"https:\/\/edimeinter.com\/libreria\/wp-json\/wp\/v2\/product\/13651","targetHints":{"allow":["GET"]}}],"collection":[{"href":"https:\/\/edimeinter.com\/libreria\/wp-json\/wp\/v2\/product"}],"about":[{"href":"https:\/\/edimeinter.com\/libreria\/wp-json\/wp\/v2\/types\/product"}],"replies":[{"embeddable":true,"href":"https:\/\/edimeinter.com\/libreria\/wp-json\/wp\/v2\/comments?post=13651"}],"version-history":[{"count":1,"href":"https:\/\/edimeinter.com\/libreria\/wp-json\/wp\/v2\/product\/13651\/revisions"}],"predecessor-version":[{"id":16024,"href":"https:\/\/edimeinter.com\/libreria\/wp-json\/wp\/v2\/product\/13651\/revisions\/16024"}],"wp:featuredmedia":[{"embeddable":true,"href":"https:\/\/edimeinter.com\/libreria\/wp-json\/wp\/v2\/media\/13652"}],"wp:attachment":[{"href":"https:\/\/edimeinter.com\/libreria\/wp-json\/wp\/v2\/media?parent=13651"}],"wp:term":[{"taxonomy":"product_cat","embeddable":true,"href":"https:\/\/edimeinter.com\/libreria\/wp-json\/wp\/v2\/product_cat?post=13651"},{"taxonomy":"product_tag","embeddable":true,"href":"https:\/\/edimeinter.com\/libreria\/wp-json\/wp\/v2\/product_tag?post=13651"}],"curies":[{"name":"wp","href":"https:\/\/api.w.org\/{rel}","templated":true}]}}