{"id":13672,"date":"2025-02-20T22:04:33","date_gmt":"2025-02-20T22:04:33","guid":{"rendered":"https:\/\/edimeinter.com\/libreria\/?post_type=product&#038;p=13672"},"modified":"2025-03-11T17:52:48","modified_gmt":"2025-03-11T17:52:48","slug":"manual-de-crisis-en-urgencias-y-emergencias-1aedicion","status":"publish","type":"product","link":"https:\/\/edimeinter.com\/libreria\/product\/manual-de-crisis-en-urgencias-y-emergencias-1aedicion\/","title":{"rendered":"Manual de crisis en urgencias y emergencias. 1\u00aa Edici\u00f3n"},"content":{"rendered":"\t\t<div data-elementor-type=\"wp-post\" data-elementor-id=\"13672\" class=\"elementor elementor-13672\">\n\t\t\t\t<div class=\"elementor-element elementor-element-2612b12 e-flex e-con-boxed e-con e-parent\" data-id=\"2612b12\" data-element_type=\"container\" data-e-type=\"container\">\n\t\t\t\t\t<div class=\"e-con-inner\">\n\t\t\n\t\t<div class=\"elementor-element elementor-element-498707ae elementor-widget elementor-widget-text-editor\" data-id=\"498707ae\" data-element_type=\"widget\" data-e-type=\"widget\" data-widget_type=\"text-editor.default\">\n\t\t\t\t<div class=\"elementor-widget-container\">\n\t\t\t\t\t\t\t\t\t<p>El Manual de crisis de urgencias y emergencias tiene como objetivo principal servir de \u00abayuda cognitiva\u00bb inmediata a los profesionales que tienen que enfrentarse a situaciones de crisis en los servicios de urgencias, como un recurso complementario al conocimiento y la experiencia del m\u00e9dico, no como una soluci\u00f3n integral.<\/p><p>El contenido se distribuye en protocolos concisos y claros, redactados de manera simple para permitir al profesional, de una manera r\u00e1pida, localizar la informaci\u00f3n necesaria para superar las crisis de urgencias m\u00e1s comunes que puede presentar un paciente cuando ingresa en un Servicio de Urgencias.<\/p><p>Se establecen de manera ordenada los pasos fundamentales del manejro de una crisis de urgencia, evitando posibles da\u00f1os a los pacientes por acciones innecesarias u omisi\u00f3n de acciones relevantes.<\/p><p>Consta de protocolos de eventos cr\u00edticos que aportan listas de las acciones y los tratamientos quese deben realizar cuandose conoce el diagn\u00f3stico, y listas de verificaci\u00f3n que tratan de prevenir crisis y solucionar problemas antes de que se desarrollen.<\/p><p>De gran utilidad en todos los servicios de urgencias, tanto extrahospitalarios como hospitalarios, en los traslados de pacientes cr\u00edticos y en las unidades de observaci\u00f3n, hospitalizaci\u00f3n y cuidados intermedios.<\/p>\t\t\t\t\t\t\t\t<\/div>\n\t\t\t\t<\/div>\n\t\t\t\t\t<\/div>\n\t\t\t\t<\/div>\n\t\t\t\t<\/div>\n\t\t","protected":false},"excerpt":{"rendered":"<p><strong>Autores:<\/strong>\u00a0Manuel Aguilera Pe\u00f1a<br \/>\n<strong>ISBN:<\/strong>\u00a09788413821610<br \/>\n<strong>Editorial:<\/strong>\u00a0Elsevier<br \/>\n<strong>Edici\u00f3n:<\/strong>\u00a01\u00aa<br \/>\n<strong>Especialidad<\/strong>: Medicina de Urgencias y Emergencias<br \/>\n<strong>P\u00e1ginas<\/strong>: 120<br \/>\n\u00a9 2022<\/p>\n","protected":false},"featured_media":13673,"comment_status":"open","ping_status":"open","template":"","meta":{"_joinchat":[]},"product_cat":[83],"product_tag":[85,84],"class_list":{"0":"post-13672","1":"product","2":"type-product","3":"status-publish","4":"has-post-thumbnail","6":"product_cat-medicina-de-urgencias-y-emergencias","7":"product_tag-elsevier","8":"product_tag-medicina-de-urgencias-y-emergencias","10":"first","11":"instock","12":"featured","13":"taxable","14":"shipping-taxable","15":"purchasable","16":"product-type-simple"},"_links":{"self":[{"href":"https:\/\/edimeinter.com\/libreria\/wp-json\/wp\/v2\/product\/13672","targetHints":{"allow":["GET"]}}],"collection":[{"href":"https:\/\/edimeinter.com\/libreria\/wp-json\/wp\/v2\/product"}],"about":[{"href":"https:\/\/edimeinter.com\/libreria\/wp-json\/wp\/v2\/types\/product"}],"replies":[{"embeddable":true,"href":"https:\/\/edimeinter.com\/libreria\/wp-json\/wp\/v2\/comments?post=13672"}],"version-history":[{"count":2,"href":"https:\/\/edimeinter.com\/libreria\/wp-json\/wp\/v2\/product\/13672\/revisions"}],"predecessor-version":[{"id":16029,"href":"https:\/\/edimeinter.com\/libreria\/wp-json\/wp\/v2\/product\/13672\/revisions\/16029"}],"wp:featuredmedia":[{"embeddable":true,"href":"https:\/\/edimeinter.com\/libreria\/wp-json\/wp\/v2\/media\/13673"}],"wp:attachment":[{"href":"https:\/\/edimeinter.com\/libreria\/wp-json\/wp\/v2\/media?parent=13672"}],"wp:term":[{"taxonomy":"product_cat","embeddable":true,"href":"https:\/\/edimeinter.com\/libreria\/wp-json\/wp\/v2\/product_cat?post=13672"},{"taxonomy":"product_tag","embeddable":true,"href":"https:\/\/edimeinter.com\/libreria\/wp-json\/wp\/v2\/product_tag?post=13672"}],"curies":[{"name":"wp","href":"https:\/\/api.w.org\/{rel}","templated":true}]}}