{"id":13678,"date":"2025-02-20T22:07:11","date_gmt":"2025-02-20T22:07:11","guid":{"rendered":"https:\/\/edimeinter.com\/libreria\/?post_type=product&#038;p=13678"},"modified":"2025-03-11T17:53:47","modified_gmt":"2025-03-11T17:53:47","slug":"manual-de-las-toxicidades-relacionadas-con-el-tratamiento-del-cancer-1a-edicion","status":"publish","type":"product","link":"https:\/\/edimeinter.com\/libreria\/product\/manual-de-las-toxicidades-relacionadas-con-el-tratamiento-del-cancer-1a-edicion\/","title":{"rendered":"Manual de las toxicidades relacionadas con el tratamiento del c\u00e1ncer. 1\u00aa Edici\u00f3n"},"content":{"rendered":"\t\t<div data-elementor-type=\"wp-post\" data-elementor-id=\"13678\" class=\"elementor elementor-13678\">\n\t\t\t\t<div class=\"elementor-element elementor-element-2612b12 e-flex e-con-boxed e-con e-parent\" data-id=\"2612b12\" data-element_type=\"container\" data-e-type=\"container\">\n\t\t\t\t\t<div class=\"e-con-inner\">\n\t\t\n\t\t<div class=\"elementor-element elementor-element-498707ae elementor-widget elementor-widget-text-editor\" data-id=\"498707ae\" data-element_type=\"widget\" data-e-type=\"widget\" data-widget_type=\"text-editor.default\">\n\t\t\t\t<div class=\"elementor-widget-container\">\n\t\t\t\t\t\t\t\t\t<p>Un recurso conciso y espec\u00edfico que aborda un aspecto esencial para la asistencia \u00f3ptima de los pacientes con c\u00e1ncer.<\/p><p>Los autores se aproximan de forma sencilla al manjeo de los s\u00edntomas y las toxicidades derivadas del tratamiento del c\u00e1ncer mediante un formato pr\u00e1ctico y de f\u00e1cil consulta, que permite encontrar la informaci\u00f3n con rapidez y comodidad.<\/p><p>Abarca los tratamientos sist\u00e9micos y de radiaci\u00f3n, como la quimioterapia, la inmunoterapia, las terapias dirigidas y la radioterapia, detallando los s\u00edntomas de cada toxicidad para ofrecer un tratamiento espec\u00edfico.<\/p><p>Presenta temas clave como el tratamiento de las reacciones infusionales, cu\u00e1ndo se requiere una biopaisa y las dificultades espec\u00edficas que plantean las nuevas inmunoterapias, repasa los enfoques farmacol\u00f3gicos y no farmacol\u00f3gicos del manejo de los s\u00edntomas y ofrece recomendaciones para atenuar las toxicidades en pacientes de alto riesgo.<\/p>\t\t\t\t\t\t\t\t<\/div>\n\t\t\t\t<\/div>\n\t\t\t\t\t<\/div>\n\t\t\t\t<\/div>\n\t\t\t\t<\/div>\n\t\t","protected":false},"excerpt":{"rendered":"<p><strong>Autores:<\/strong>\u00a0Vamsidhar Velcheti &amp; Salman R Punekar<br \/>\n<strong>ISBN:<\/strong>\u00a09788413821832<br \/>\n<strong>Editorial:<\/strong>\u00a0Elsevier<br \/>\n<strong>Edici\u00f3n:<\/strong>\u00a01\u00aa<br \/>\n<strong>Especialidad<\/strong>: Oncolog\u00eda<br \/>\n<strong>P\u00e1ginas<\/strong>: 352<br \/>\n\u00a9 2022<\/p>\n","protected":false},"featured_media":13680,"comment_status":"open","ping_status":"open","template":"","meta":{"_joinchat":[]},"product_cat":[77],"product_tag":[85,78],"class_list":{"0":"post-13678","1":"product","2":"type-product","3":"status-publish","4":"has-post-thumbnail","6":"product_cat-oncologia","7":"product_tag-elsevier","8":"product_tag-oncologia","10":"first","11":"instock","12":"featured","13":"taxable","14":"shipping-taxable","15":"purchasable","16":"product-type-simple"},"_links":{"self":[{"href":"https:\/\/edimeinter.com\/libreria\/wp-json\/wp\/v2\/product\/13678","targetHints":{"allow":["GET"]}}],"collection":[{"href":"https:\/\/edimeinter.com\/libreria\/wp-json\/wp\/v2\/product"}],"about":[{"href":"https:\/\/edimeinter.com\/libreria\/wp-json\/wp\/v2\/types\/product"}],"replies":[{"embeddable":true,"href":"https:\/\/edimeinter.com\/libreria\/wp-json\/wp\/v2\/comments?post=13678"}],"version-history":[{"count":1,"href":"https:\/\/edimeinter.com\/libreria\/wp-json\/wp\/v2\/product\/13678\/revisions"}],"predecessor-version":[{"id":16030,"href":"https:\/\/edimeinter.com\/libreria\/wp-json\/wp\/v2\/product\/13678\/revisions\/16030"}],"wp:featuredmedia":[{"embeddable":true,"href":"https:\/\/edimeinter.com\/libreria\/wp-json\/wp\/v2\/media\/13680"}],"wp:attachment":[{"href":"https:\/\/edimeinter.com\/libreria\/wp-json\/wp\/v2\/media?parent=13678"}],"wp:term":[{"taxonomy":"product_cat","embeddable":true,"href":"https:\/\/edimeinter.com\/libreria\/wp-json\/wp\/v2\/product_cat?post=13678"},{"taxonomy":"product_tag","embeddable":true,"href":"https:\/\/edimeinter.com\/libreria\/wp-json\/wp\/v2\/product_tag?post=13678"}],"curies":[{"name":"wp","href":"https:\/\/api.w.org\/{rel}","templated":true}]}}