{"id":13697,"date":"2025-02-20T22:17:17","date_gmt":"2025-02-20T22:17:17","guid":{"rendered":"https:\/\/edimeinter.com\/libreria\/?post_type=product&#038;p=13697"},"modified":"2025-09-17T17:11:15","modified_gmt":"2025-09-17T17:11:15","slug":"cohen-vias-de-la-pulpa-12a-edicion","status":"publish","type":"product","link":"https:\/\/edimeinter.com\/libreria\/product\/cohen-vias-de-la-pulpa-12a-edicion\/","title":{"rendered":"Cohen. V\u00edas de la Pulpa. 12\u00aa Edici\u00f3n"},"content":{"rendered":"\t\t<div data-elementor-type=\"wp-post\" data-elementor-id=\"13697\" class=\"elementor elementor-13697\">\n\t\t\t\t<div class=\"elementor-element elementor-element-2612b12 e-flex e-con-boxed e-con e-parent\" data-id=\"2612b12\" data-element_type=\"container\" data-e-type=\"container\">\n\t\t\t\t\t<div class=\"e-con-inner\">\n\t\t\n\t\t<div class=\"elementor-element elementor-element-498707ae elementor-widget elementor-widget-text-editor\" data-id=\"498707ae\" data-element_type=\"widget\" data-e-type=\"widget\" data-widget_type=\"text-editor.default\">\n\t\t\t\t<div class=\"elementor-widget-container\">\n\t\t\t\t\t\t\t\t\t<p>Redactada por expertos de renombre internacional, esta completa obra de referencia analiza los principios cient\u00edficos, te\u00f3ricos y pr\u00e1cticos, de la endodoncia. Ilustraciones en color y radiograf\u00edas detalladas orientan cada paso de la asistencia endod\u00f3ncica, desde el diagn\u00f3stico y la planificaci\u00f3n terap\u00e9utica hasta t\u00e9cnicas de contrastada eficacia para abordar las enfermedades pulpares y periapicales.<\/p><p>Esta nueva edici\u00f3n incorpora las m\u00e1s recientes investigaciones y t\u00e9cnicas basadas en la evidencia, en cap\u00edtulos reorganizados y condensados, con un dise\u00f1o que permite localizar la informaci\u00f3n fundamental r\u00e1pida y f\u00e1cilmente. El material electr\u00f3nico complementario (disponible en ingl\u00e9s en Expert Consult) contiene todo lo necesario para mantenerse a la vanguardia en el campo de la endodoncia.<\/p>\t\t\t\t\t\t\t\t<\/div>\n\t\t\t\t<\/div>\n\t\t\t\t\t<\/div>\n\t\t\t\t<\/div>\n\t\t\t\t<\/div>\n\t\t","protected":false},"excerpt":{"rendered":"<p><strong>Autores:<\/strong>\u00a0Kenneth M. Hargreaves &amp; Louis.H. Berman &amp; Louis.H. Berman &amp; Kenneth M. Hargreaves<br \/>\n<strong>ISBN:<\/strong>\u00a09788491139683<br \/>\n<strong>Editorial:<\/strong>\u00a0Elsevier<br \/>\n<strong>Edici\u00f3n:<\/strong>\u00a012\u00aa<br \/>\n<strong>Especialidad<\/strong>: Odontolog\u00eda y Ortodoncia<br \/>\n<strong>P\u00e1ginas<\/strong>: 992<br \/>\n\u00a9 2022<\/p>\n","protected":false},"featured_media":13698,"comment_status":"open","ping_status":"closed","template":"","meta":{"_joinchat":[]},"product_cat":[140],"product_tag":[85,141],"class_list":{"0":"post-13697","1":"product","2":"type-product","3":"status-publish","4":"has-post-thumbnail","6":"product_cat-odontologia-y-ortodoncia","7":"product_tag-elsevier","8":"product_tag-odontologia-y-ortodoncia","10":"first","11":"instock","12":"featured","13":"taxable","14":"shipping-taxable","15":"purchasable","16":"product-type-simple"},"_links":{"self":[{"href":"https:\/\/edimeinter.com\/libreria\/wp-json\/wp\/v2\/product\/13697","targetHints":{"allow":["GET"]}}],"collection":[{"href":"https:\/\/edimeinter.com\/libreria\/wp-json\/wp\/v2\/product"}],"about":[{"href":"https:\/\/edimeinter.com\/libreria\/wp-json\/wp\/v2\/types\/product"}],"replies":[{"embeddable":true,"href":"https:\/\/edimeinter.com\/libreria\/wp-json\/wp\/v2\/comments?post=13697"}],"version-history":[{"count":2,"href":"https:\/\/edimeinter.com\/libreria\/wp-json\/wp\/v2\/product\/13697\/revisions"}],"predecessor-version":[{"id":16036,"href":"https:\/\/edimeinter.com\/libreria\/wp-json\/wp\/v2\/product\/13697\/revisions\/16036"}],"wp:featuredmedia":[{"embeddable":true,"href":"https:\/\/edimeinter.com\/libreria\/wp-json\/wp\/v2\/media\/13698"}],"wp:attachment":[{"href":"https:\/\/edimeinter.com\/libreria\/wp-json\/wp\/v2\/media?parent=13697"}],"wp:term":[{"taxonomy":"product_cat","embeddable":true,"href":"https:\/\/edimeinter.com\/libreria\/wp-json\/wp\/v2\/product_cat?post=13697"},{"taxonomy":"product_tag","embeddable":true,"href":"https:\/\/edimeinter.com\/libreria\/wp-json\/wp\/v2\/product_tag?post=13697"}],"curies":[{"name":"wp","href":"https:\/\/api.w.org\/{rel}","templated":true}]}}