{"id":13715,"date":"2025-02-20T22:25:49","date_gmt":"2025-02-20T22:25:49","guid":{"rendered":"https:\/\/edimeinter.com\/libreria\/?post_type=product&#038;p=13715"},"modified":"2025-03-11T18:02:22","modified_gmt":"2025-03-11T18:02:22","slug":"spitz-y-fisher-investigacion-medico-legal-de-la-muerte-5a-edicion","status":"publish","type":"product","link":"https:\/\/edimeinter.com\/libreria\/product\/spitz-y-fisher-investigacion-medico-legal-de-la-muerte-5a-edicion\/","title":{"rendered":"Spitz y Fisher. Investigaci\u00f3n m\u00e9dico-legal de la muerte. 5\u00aa Edici\u00f3n"},"content":{"rendered":"\t\t<div data-elementor-type=\"wp-post\" data-elementor-id=\"13715\" class=\"elementor elementor-13715\">\n\t\t\t\t<div class=\"elementor-element elementor-element-2612b12 e-flex e-con-boxed e-con e-parent\" data-id=\"2612b12\" data-element_type=\"container\" data-e-type=\"container\">\n\t\t\t\t\t<div class=\"e-con-inner\">\n\t\t\n\t\t<div class=\"elementor-element elementor-element-498707ae elementor-widget elementor-widget-text-editor\" data-id=\"498707ae\" data-element_type=\"widget\" data-e-type=\"widget\" data-widget_type=\"text-editor.default\">\n\t\t\t\t<div class=\"elementor-widget-container\">\n\t\t\t\t\t\t\t\t\t<p>Tratado de referencia en el \u00e1mbito de la medicina legal, con una clara orientaci\u00f3n cl\u00ednica.<\/p><p>Nueva edici\u00f3n del t\u00edtulo conocido como la \u00abbiblia\u00bb de la patolog\u00eda forense. Abarca todos los aspectos de la patolog\u00eda del trauma, la interpretan pat\u00f3logos de diversa experiencia y pericia en patolog\u00eda forense.<\/p><p>Este completo libro est\u00e1 escrito por algunos de los expertos m\u00e1s respetados en el \u00e1mbito de la medicina legal, que han a\u00f1adido m\u00faltiples cap\u00edtulos nuevos sobre las pruebas de rastros, la escena del crimen, la exhumaci\u00f3n, la antrolog\u00eda forense, la radiolog\u00eda, el ADN. Las fotograf\u00edas realizadas porexpertos hacen de esta edici\u00f3n un texto de vanguardia para todos los interesados en estudiar los mecanismos de las lesiones y el espectro m\u00e1s amplio de las ciencias forenses.<\/p><p>Con m\u00e1s de 1.400 ilustraciones fotogr\u00e1ficas y gr\u00e1ficos en este claro y exhaustivo texto, este texto deja poco a la imaginaci\u00f3n. El uso de una terminolog\u00eda simpe y no t\u00e9cnica hace que este libro sea un tratado y una fuente de informaci\u00f3n verdaderamente \u00fanica.<\/p><p>El enfoque pedag\u00f3gico de los contenidos, as\u00ed como un lenguaje claro y conciso lo convierten en una herramienta de primer orden para los residentes.<\/p>\t\t\t\t\t\t\t\t<\/div>\n\t\t\t\t<\/div>\n\t\t\t\t\t<\/div>\n\t\t\t\t<\/div>\n\t\t\t\t<\/div>\n\t\t","protected":false},"excerpt":{"rendered":"<p><strong>Autores:<\/strong>\u00a0J. Spitz &amp; Francisco J Diaz<br \/>\n<strong>ISBN:<\/strong>\u00a09788491139638<br \/>\n<strong>Editorial:<\/strong>\u00a0Elsevier<br \/>\n<strong>Edici\u00f3n:<\/strong>\u00a05\u00aa<br \/>\n<strong>Especialidad<\/strong>: Medicina Legal y Forense<br \/>\n<strong>P\u00e1ginas<\/strong>: 730<br \/>\n\u00a9 2021<\/p>\n","protected":false},"featured_media":13716,"comment_status":"open","ping_status":"open","template":"","meta":{"_joinchat":[]},"product_cat":[142],"product_tag":[85,143],"class_list":{"0":"post-13715","1":"product","2":"type-product","3":"status-publish","4":"has-post-thumbnail","6":"product_cat-medicina-legal-y-forense","7":"product_tag-elsevier","8":"product_tag-medicina-legal-y-forense","10":"first","11":"instock","12":"featured","13":"taxable","14":"shipping-taxable","15":"purchasable","16":"product-type-simple"},"_links":{"self":[{"href":"https:\/\/edimeinter.com\/libreria\/wp-json\/wp\/v2\/product\/13715","targetHints":{"allow":["GET"]}}],"collection":[{"href":"https:\/\/edimeinter.com\/libreria\/wp-json\/wp\/v2\/product"}],"about":[{"href":"https:\/\/edimeinter.com\/libreria\/wp-json\/wp\/v2\/types\/product"}],"replies":[{"embeddable":true,"href":"https:\/\/edimeinter.com\/libreria\/wp-json\/wp\/v2\/comments?post=13715"}],"version-history":[{"count":1,"href":"https:\/\/edimeinter.com\/libreria\/wp-json\/wp\/v2\/product\/13715\/revisions"}],"predecessor-version":[{"id":16039,"href":"https:\/\/edimeinter.com\/libreria\/wp-json\/wp\/v2\/product\/13715\/revisions\/16039"}],"wp:featuredmedia":[{"embeddable":true,"href":"https:\/\/edimeinter.com\/libreria\/wp-json\/wp\/v2\/media\/13716"}],"wp:attachment":[{"href":"https:\/\/edimeinter.com\/libreria\/wp-json\/wp\/v2\/media?parent=13715"}],"wp:term":[{"taxonomy":"product_cat","embeddable":true,"href":"https:\/\/edimeinter.com\/libreria\/wp-json\/wp\/v2\/product_cat?post=13715"},{"taxonomy":"product_tag","embeddable":true,"href":"https:\/\/edimeinter.com\/libreria\/wp-json\/wp\/v2\/product_tag?post=13715"}],"curies":[{"name":"wp","href":"https:\/\/api.w.org\/{rel}","templated":true}]}}