{"id":13775,"date":"2025-02-20T22:53:44","date_gmt":"2025-02-20T22:53:44","guid":{"rendered":"https:\/\/edimeinter.com\/libreria\/?post_type=product&#038;p=13775"},"modified":"2025-03-11T19:39:55","modified_gmt":"2025-03-11T19:39:55","slug":"principios-de-enfermeria-en-oncologia-1a-edicion","status":"publish","type":"product","link":"https:\/\/edimeinter.com\/libreria\/product\/principios-de-enfermeria-en-oncologia-1a-edicion\/","title":{"rendered":"Principios de enfermer\u00eda en oncolog\u00eda. 1\u00aa Edici\u00f3n"},"content":{"rendered":"\t\t<div data-elementor-type=\"wp-post\" data-elementor-id=\"13775\" class=\"elementor elementor-13775\">\n\t\t\t\t<div class=\"elementor-element elementor-element-2612b12 e-flex e-con-boxed e-con e-parent\" data-id=\"2612b12\" data-element_type=\"container\" data-e-type=\"container\">\n\t\t\t\t\t<div class=\"e-con-inner\">\n\t\t\n\t\t<div class=\"elementor-element elementor-element-498707ae elementor-widget elementor-widget-text-editor\" data-id=\"498707ae\" data-element_type=\"widget\" data-e-type=\"widget\" data-widget_type=\"text-editor.default\">\n\t\t\t\t<div class=\"elementor-widget-container\">\n\t\t\t\t\t\t\t\t\t<p>Una visi\u00f3n \u00fanica de la enfermer\u00eda oncol\u00f3gica en el marco actual de los cuadros sanitarios, en el que las enfermeras oncol\u00f3gicas desempe\u00f1an un papel cada vez m\u00e1s importante.<\/p><p>Escrito por especialistas ofrece, a cualquier enfermera interesada en la oncolog\u00eda, una visi\u00f3n clara y exhaustiva de las competencias e intervenciones espec\u00edficas que se requieren en este \u00e1rea. Adem\u00e1s, da voz al nuevo papel del paciente como persona capaz de tomar decisiones y de participar plenamente en las diferentes fases de su tratamiento.<\/p><p>Aborda no solamente los aspectos biom\u00e9dicos de los f\u00e1rmacos m\u00e1s recientes, sino tambi\u00e9n lo retos que estos plantean en la pr\u00e1ctica enfermera diaria.<\/p><p>Destaca las nuevas aptitudes y capacidades que las enfermeras de esta especialidad deben desarrollar en el contexto, siempre cambiante, de la administraci\u00f3n de cuidados.<\/p><p>El t\u00edtulo se fundamenta en pr\u00e1cticas basadas en la evidencia procedentes de Europa y el resto del mundo. No se limita a exponer conocimientos m\u00e9dicos, sino que adopta un enfoque hol\u00edstico de la enfermer\u00eda.<\/p>\t\t\t\t\t\t\t\t<\/div>\n\t\t\t\t<\/div>\n\t\t\t\t\t<\/div>\n\t\t\t\t<\/div>\n\t\t\t\t<\/div>\n\t\t","protected":false},"excerpt":{"rendered":"<p><strong>Autores:<\/strong>\u00a0Fran\u00e7oise Charnay-Sonnek &amp; Anne E Murphy<br \/>\n<strong>ISBN:<\/strong>\u00a09788413820446<br \/>\n<strong>Editorial:<\/strong>\u00a0Elsevier<br \/>\n<strong>Edici\u00f3n:<\/strong>\u00a01\u00aa<br \/>\n<strong>Especialidad<\/strong>: Enfermer\u00eda<br \/>\n<strong>P\u00e1ginas<\/strong>: 464<br \/>\n\u00a9 2021<\/p>\n","protected":false},"featured_media":13776,"comment_status":"open","ping_status":"open","template":"","meta":{"_joinchat":[]},"product_cat":[115],"product_tag":[85,82],"class_list":{"0":"post-13775","1":"product","2":"type-product","3":"status-publish","4":"has-post-thumbnail","6":"product_cat-enfermeria","7":"product_tag-elsevier","8":"product_tag-enfermeria","10":"first","11":"instock","12":"featured","13":"taxable","14":"shipping-taxable","15":"purchasable","16":"product-type-simple"},"_links":{"self":[{"href":"https:\/\/edimeinter.com\/libreria\/wp-json\/wp\/v2\/product\/13775","targetHints":{"allow":["GET"]}}],"collection":[{"href":"https:\/\/edimeinter.com\/libreria\/wp-json\/wp\/v2\/product"}],"about":[{"href":"https:\/\/edimeinter.com\/libreria\/wp-json\/wp\/v2\/types\/product"}],"replies":[{"embeddable":true,"href":"https:\/\/edimeinter.com\/libreria\/wp-json\/wp\/v2\/comments?post=13775"}],"version-history":[{"count":2,"href":"https:\/\/edimeinter.com\/libreria\/wp-json\/wp\/v2\/product\/13775\/revisions"}],"predecessor-version":[{"id":16055,"href":"https:\/\/edimeinter.com\/libreria\/wp-json\/wp\/v2\/product\/13775\/revisions\/16055"}],"wp:featuredmedia":[{"embeddable":true,"href":"https:\/\/edimeinter.com\/libreria\/wp-json\/wp\/v2\/media\/13776"}],"wp:attachment":[{"href":"https:\/\/edimeinter.com\/libreria\/wp-json\/wp\/v2\/media?parent=13775"}],"wp:term":[{"taxonomy":"product_cat","embeddable":true,"href":"https:\/\/edimeinter.com\/libreria\/wp-json\/wp\/v2\/product_cat?post=13775"},{"taxonomy":"product_tag","embeddable":true,"href":"https:\/\/edimeinter.com\/libreria\/wp-json\/wp\/v2\/product_tag?post=13775"}],"curies":[{"name":"wp","href":"https:\/\/api.w.org\/{rel}","templated":true}]}}