{"id":13787,"date":"2025-02-20T22:59:00","date_gmt":"2025-02-20T22:59:00","guid":{"rendered":"https:\/\/edimeinter.com\/libreria\/?post_type=product&#038;p=13787"},"modified":"2025-03-11T19:43:18","modified_gmt":"2025-03-11T19:43:18","slug":"diagnosticos-enfermeros-definiciones-y-clasificacion-2021-2023-edicion-hispanoamericana-12a-edicion","status":"publish","type":"product","link":"https:\/\/edimeinter.com\/libreria\/product\/diagnosticos-enfermeros-definiciones-y-clasificacion-2021-2023-edicion-hispanoamericana-12a-edicion\/","title":{"rendered":"Diagn\u00f3sticos enfermeros. definiciones y clasificaci\u00f3n 2021-2023. Edici\u00f3n hispanoamericana. 12\u00aa Edici\u00f3n"},"content":{"rendered":"\t\t<div data-elementor-type=\"wp-post\" data-elementor-id=\"13787\" class=\"elementor elementor-13787\">\n\t\t\t\t<div class=\"elementor-element elementor-element-2612b12 e-flex e-con-boxed e-con e-parent\" data-id=\"2612b12\" data-element_type=\"container\" data-e-type=\"container\">\n\t\t\t\t\t<div class=\"e-con-inner\">\n\t\t\n\t\t<div class=\"elementor-element elementor-element-498707ae elementor-widget elementor-widget-text-editor\" data-id=\"498707ae\" data-element_type=\"widget\" data-e-type=\"widget\" data-widget_type=\"text-editor.default\">\n\t\t\t\t<div class=\"elementor-widget-container\">\n\t\t\t\t\t\t\t\t\t<p>Completamente actualizada y revisada por las editoras T. Heather Herdman, Shigemi Kamitsuru y Camila Tak\u00e1o Lopes, Diagn\u00f3sticos enfermeros. Definiciones y clasificaci\u00f3n 2021-2023, 12.\u00aa ed., es la gu\u00eda definitiva de los diagn\u00f3sticos enfermeros, revisados y aprobados por el Diagnosis Development Committee (DDC) de NANDA-I. En la nueva edici\u00f3n de esta obra fundamental, las editoras han actualizado todos los cap\u00edtulos introductorios, proporcionando la informaci\u00f3n clave que las enfermeras\/os necesitan para entender el proceso de valoraci\u00f3n y su relaci\u00f3n con el diagn\u00f3stico y el pensamiento cr\u00edtico, as\u00ed como el prop\u00f3sito y la utilidad de la estructura taxon\u00f3mica para los cuidados enfermeros a la cabecera del paciente.<\/p>\t\t\t\t\t\t\t\t<\/div>\n\t\t\t\t<\/div>\n\t\t\t\t\t<\/div>\n\t\t\t\t<\/div>\n\t\t\t\t<\/div>\n\t\t","protected":false},"excerpt":{"rendered":"<p><strong>Autores:<\/strong>\u00a0Nanda International<br \/>\n<strong>ISBN:<\/strong>\u00a09788413821306<br \/>\n<strong>Editorial:<\/strong>\u00a0Elsevier<br \/>\n<strong>Edici\u00f3n:<\/strong>\u00a012\u00aa<br \/>\n<strong>Especialidad<\/strong>: Enfermer\u00eda<br \/>\n<strong>P\u00e1ginas<\/strong>: 612<br \/>\n\u00a9 2021<\/p>\n","protected":false},"featured_media":13788,"comment_status":"open","ping_status":"open","template":"","meta":{"_joinchat":[]},"product_cat":[115],"product_tag":[85,82],"class_list":{"0":"post-13787","1":"product","2":"type-product","3":"status-publish","4":"has-post-thumbnail","6":"product_cat-enfermeria","7":"product_tag-elsevier","8":"product_tag-enfermeria","10":"first","11":"instock","12":"featured","13":"taxable","14":"shipping-taxable","15":"purchasable","16":"product-type-simple"},"_links":{"self":[{"href":"https:\/\/edimeinter.com\/libreria\/wp-json\/wp\/v2\/product\/13787","targetHints":{"allow":["GET"]}}],"collection":[{"href":"https:\/\/edimeinter.com\/libreria\/wp-json\/wp\/v2\/product"}],"about":[{"href":"https:\/\/edimeinter.com\/libreria\/wp-json\/wp\/v2\/types\/product"}],"replies":[{"embeddable":true,"href":"https:\/\/edimeinter.com\/libreria\/wp-json\/wp\/v2\/comments?post=13787"}],"version-history":[{"count":1,"href":"https:\/\/edimeinter.com\/libreria\/wp-json\/wp\/v2\/product\/13787\/revisions"}],"predecessor-version":[{"id":16057,"href":"https:\/\/edimeinter.com\/libreria\/wp-json\/wp\/v2\/product\/13787\/revisions\/16057"}],"wp:featuredmedia":[{"embeddable":true,"href":"https:\/\/edimeinter.com\/libreria\/wp-json\/wp\/v2\/media\/13788"}],"wp:attachment":[{"href":"https:\/\/edimeinter.com\/libreria\/wp-json\/wp\/v2\/media?parent=13787"}],"wp:term":[{"taxonomy":"product_cat","embeddable":true,"href":"https:\/\/edimeinter.com\/libreria\/wp-json\/wp\/v2\/product_cat?post=13787"},{"taxonomy":"product_tag","embeddable":true,"href":"https:\/\/edimeinter.com\/libreria\/wp-json\/wp\/v2\/product_tag?post=13787"}],"curies":[{"name":"wp","href":"https:\/\/api.w.org\/{rel}","templated":true}]}}