{"id":13808,"date":"2025-02-20T23:09:08","date_gmt":"2025-02-20T23:09:08","guid":{"rendered":"https:\/\/edimeinter.com\/libreria\/?post_type=product&#038;p=13808"},"modified":"2026-01-08T15:56:48","modified_gmt":"2026-01-08T15:56:48","slug":"atlas-de-anatomia-humana-9a-edicion","status":"publish","type":"product","link":"https:\/\/edimeinter.com\/libreria\/product\/atlas-de-anatomia-humana-9a-edicion\/","title":{"rendered":"Atlas de anatom\u00eda humana. 9\u00aa Edici\u00f3n"},"content":{"rendered":"\t\t<div data-elementor-type=\"wp-post\" data-elementor-id=\"13808\" class=\"elementor elementor-13808\">\n\t\t\t\t<div class=\"elementor-element elementor-element-2612b12 e-flex e-con-boxed e-con e-parent\" data-id=\"2612b12\" data-element_type=\"container\" data-e-type=\"container\">\n\t\t\t\t\t<div class=\"e-con-inner\">\n\t\t\n\t\t<div class=\"elementor-element elementor-element-498707ae elementor-widget elementor-widget-text-editor\" data-id=\"498707ae\" data-element_type=\"widget\" data-e-type=\"widget\" data-widget_type=\"text-editor.default\">\n\t\t\t\t<div class=\"elementor-widget-container\">\n\t\t\t\t\t\t\t\t\t<p>Nueva edici\u00f3n del atlas fotogr\u00e1fico por excelencia que armoniza las mejores im\u00e1genes anat\u00f3micas de disecci\u00f3n con la simplicidad y claridad de los dibujos esquem\u00e1ticos que las acompa\u00f1an.<\/p><p>Edici\u00f3n tras edici\u00f3n, objetivo de la obra siguen siendo el de apoyar al estudiante hacia un correcto diagn\u00f3stico, bas\u00e1ndose en el conocimiento que necesariamente debe adquirir sobre el espec\u00edmen anat\u00f3mico para la correcta evaluaci\u00f3n e interpretaci\u00f3n de las im\u00e1genes que obtenga por TC, RMN, etc.<\/p><p>La novedad m\u00e1s destacable, es sin duda la nueva organizaci\u00f3n de cap\u00edtulos. El abordaje sigue siendo regional, pero ahora el \u00edndice de contenidos presenta 3 grandes secciones: -Anatom\u00eda general y sistema musculoesquel\u00e9tico; -\u00d3rganos internos, -Cabeza, cuello y enc\u00e9falo. En ellos se agrupan los 9 cap\u00edtulos siguiendo un orden l\u00f3gico seg\u00fan los planos de disecci\u00f3n. Por otro lado, en la nueva edici\u00f3n se han incorporado nuevas fotograf\u00edas de disecci\u00f3n, im\u00e1genes de radio-diagn\u00f3stico e ilustraciones anat\u00f3micas. Finalmente, el libro incluye yn Ap\u00e9ndice en el que se encuentran tablas resumen de m\u00fasculos, vasos y nervios.<\/p><p>Debido a su nueva estructura y su magn\u00edfica iconograf\u00eda, la obra se presenta como un atlas de anatom\u00eda macrosc\u00f3pica \u00fanico en el mercado que por su organizaci\u00f3n y estructura puede ser utilizado tambi\u00e9n como una gu\u00eda en la sala de disecci\u00f3n.<\/p>\t\t\t\t\t\t\t\t<\/div>\n\t\t\t\t<\/div>\n\t\t\t\t\t<\/div>\n\t\t\t\t<\/div>\n\t\t\t\t<\/div>\n\t\t","protected":false},"excerpt":{"rendered":"<p><strong>Autores:<\/strong>\u00a0Johannes W. Rohen &amp; Chihiro Yokochi &amp; Elke L\u00fctjen-Drecoll<br \/>\n<strong>ISBN:<\/strong>\u00a09788413820330<br \/>\n<strong>Editorial:<\/strong>\u00a0Elsevier<br \/>\n<strong>Edici\u00f3n:<\/strong>\u00a09\u00aa<br \/>\n<strong>Especialidad<\/strong>:\u00a0Anatom\u00eda<br \/>\n<strong>P\u00e1ginas<\/strong>: 608<br \/>\n\u00a9 2021<\/p>\n","protected":false},"featured_media":13809,"comment_status":"open","ping_status":"closed","template":"","meta":{"_joinchat":[]},"product_cat":[100],"product_tag":[101,85],"class_list":{"0":"post-13808","1":"product","2":"type-product","3":"status-publish","4":"has-post-thumbnail","6":"product_cat-anatomia","7":"product_tag-anatomia","8":"product_tag-elsevier","10":"first","11":"instock","12":"featured","13":"taxable","14":"shipping-taxable","15":"purchasable","16":"product-type-simple"},"_links":{"self":[{"href":"https:\/\/edimeinter.com\/libreria\/wp-json\/wp\/v2\/product\/13808","targetHints":{"allow":["GET"]}}],"collection":[{"href":"https:\/\/edimeinter.com\/libreria\/wp-json\/wp\/v2\/product"}],"about":[{"href":"https:\/\/edimeinter.com\/libreria\/wp-json\/wp\/v2\/types\/product"}],"replies":[{"embeddable":true,"href":"https:\/\/edimeinter.com\/libreria\/wp-json\/wp\/v2\/comments?post=13808"}],"version-history":[{"count":1,"href":"https:\/\/edimeinter.com\/libreria\/wp-json\/wp\/v2\/product\/13808\/revisions"}],"predecessor-version":[{"id":16060,"href":"https:\/\/edimeinter.com\/libreria\/wp-json\/wp\/v2\/product\/13808\/revisions\/16060"}],"wp:featuredmedia":[{"embeddable":true,"href":"https:\/\/edimeinter.com\/libreria\/wp-json\/wp\/v2\/media\/13809"}],"wp:attachment":[{"href":"https:\/\/edimeinter.com\/libreria\/wp-json\/wp\/v2\/media?parent=13808"}],"wp:term":[{"taxonomy":"product_cat","embeddable":true,"href":"https:\/\/edimeinter.com\/libreria\/wp-json\/wp\/v2\/product_cat?post=13808"},{"taxonomy":"product_tag","embeddable":true,"href":"https:\/\/edimeinter.com\/libreria\/wp-json\/wp\/v2\/product_tag?post=13808"}],"curies":[{"name":"wp","href":"https:\/\/api.w.org\/{rel}","templated":true}]}}