{"id":13841,"date":"2025-02-20T23:25:46","date_gmt":"2025-02-20T23:25:46","guid":{"rendered":"https:\/\/edimeinter.com\/libreria\/?post_type=product&#038;p=13841"},"modified":"2025-04-04T21:02:46","modified_gmt":"2025-04-04T21:02:46","slug":"brenner-y-rector-el-rinon-11a-edicion","status":"publish","type":"product","link":"https:\/\/edimeinter.com\/libreria\/product\/brenner-y-rector-el-rinon-11a-edicion\/","title":{"rendered":"Brenner y Rector. El ri\u00f1\u00f3n. 11\u00aa Edici\u00f3n"},"content":{"rendered":"\t\t<div data-elementor-type=\"wp-post\" data-elementor-id=\"13841\" class=\"elementor elementor-13841\">\n\t\t\t\t<div class=\"elementor-element elementor-element-2612b12 e-flex e-con-boxed e-con e-parent\" data-id=\"2612b12\" data-element_type=\"container\" data-e-type=\"container\">\n\t\t\t\t\t<div class=\"e-con-inner\">\n\t\t\n\t\t<div class=\"elementor-element elementor-element-498707ae elementor-widget elementor-widget-text-editor\" data-id=\"498707ae\" data-element_type=\"widget\" data-e-type=\"widget\" data-widget_type=\"text-editor.default\">\n\t\t\t\t<div class=\"elementor-widget-container\">\n\t\t\t\t\t\t\t\t\t<p align=\"left\">En su und\u00e9cima edici\u00f3n sigue siendo la obra de referencia m\u00e1s prestigiosa a nivel mundial en\u00a0Nefrolog\u00eda. Esta obra maestra en dos vol\u00famenes proporciona informaci\u00f3n experta y bien\u00a0ilustrada sobre todos los aspectos de la Nefrolog\u00eda.<\/p><p align=\"left\">Gracias a su amplia cobertura de los temas m\u00e1s actuales, como los nuevos tratamientos\u00a0para el s\u00edndrome cardiorrenal, la creciente importancia de los tratamientos de soporte o\u00a0paliativos en la enfermedad renal cr\u00f3nica avanzada, el incremento de las donaciones de\u00a0ri\u00f1\u00f3n en vida y los \u00faltimos descubrimientos en c\u00e9lulas madre y regeneraci\u00f3n renal, esta\u00a0edici\u00f3n revisada y actualizada prepara al profesional para abordar cualquier trastorno.<\/p><p align=\"left\">Nuevos cuadros \u00abPuntos clave\u00bb, que recogen los \u00faltimos hallazgos y la informaci\u00f3n\u00a0fundamental. Nuevos cuadros \u00abImportancia cl\u00ednica\u00bb, que destacan los factores m\u00e1s\u00a0relevantes, como la fisiolog\u00eda o la fisiopatolog\u00eda, a considerar durante la atenci\u00f3n al\u00a0paciente.<\/p><p align=\"left\">Cientos de fotograf\u00edas de alta calidad en color, as\u00ed como figuras, algoritmos y tablas\u00a0cuidadosamente seleccionados, que ilustran los conceptos esenciales, los matices de la\u00a0presentaci\u00f3n cl\u00ednica, las t\u00e9cnicas y la toma de decisiones.<\/p><p align=\"left\">Acceso a la versi\u00f3n electr\u00f3nica del libro (en ingl\u00e9s) a trav\u00e9s de Expert Consult. Este ebook\u00a0permite realizar b\u00fasquedas en todo el texto, las im\u00e1genes y las referencias bibliogr\u00e1ficas\u00a0del libro desde distintos dispositivos. Adem\u00e1s contiene preguntas de autoevaluaci\u00f3n\u00a0adicionales disponibles online (en ingl\u00e9s) para facilitar la preparaci\u00f3n de los ex\u00e1menes.<\/p>\t\t\t\t\t\t\t\t<\/div>\n\t\t\t\t<\/div>\n\t\t\t\t\t<\/div>\n\t\t\t\t<\/div>\n\t\t\t\t<\/div>\n\t\t","protected":false},"excerpt":{"rendered":"<p><strong>Autores:<\/strong>\u00a0Alan S. L. Yu &amp; Glenn M. Chertow &amp; Valerie Luyckx &amp; Philip A. Marsden &amp; Karl Skorecki &amp; Maarten W. Taal<br \/>\n<strong>ISBN:<\/strong>\u00a09788491138969<br \/>\n<strong>Editorial:<\/strong>\u00a0Elsevier<br \/>\n<strong>Edici\u00f3n:<\/strong>\u00a011\u00aa<br \/>\n<strong>Especialidad<\/strong>: Nefrolog\u00eda Cl\u00ednica<br \/>\n<strong>P\u00e1ginas<\/strong>: 2860<br \/>\n\u00a9 2021<\/p>\n","protected":false},"featured_media":13842,"comment_status":"open","ping_status":"closed","template":"","meta":{"_joinchat":[]},"product_cat":[113],"product_tag":[85,114],"class_list":{"0":"post-13841","1":"product","2":"type-product","3":"status-publish","4":"has-post-thumbnail","6":"product_cat-nefrologia-clinica","7":"product_tag-elsevier","8":"product_tag-nefrologia-clinica","10":"first","11":"outofstock","12":"featured","13":"taxable","14":"shipping-taxable","15":"purchasable","16":"product-type-simple"},"_links":{"self":[{"href":"https:\/\/edimeinter.com\/libreria\/wp-json\/wp\/v2\/product\/13841","targetHints":{"allow":["GET"]}}],"collection":[{"href":"https:\/\/edimeinter.com\/libreria\/wp-json\/wp\/v2\/product"}],"about":[{"href":"https:\/\/edimeinter.com\/libreria\/wp-json\/wp\/v2\/types\/product"}],"replies":[{"embeddable":true,"href":"https:\/\/edimeinter.com\/libreria\/wp-json\/wp\/v2\/comments?post=13841"}],"version-history":[{"count":2,"href":"https:\/\/edimeinter.com\/libreria\/wp-json\/wp\/v2\/product\/13841\/revisions"}],"predecessor-version":[{"id":16241,"href":"https:\/\/edimeinter.com\/libreria\/wp-json\/wp\/v2\/product\/13841\/revisions\/16241"}],"wp:featuredmedia":[{"embeddable":true,"href":"https:\/\/edimeinter.com\/libreria\/wp-json\/wp\/v2\/media\/13842"}],"wp:attachment":[{"href":"https:\/\/edimeinter.com\/libreria\/wp-json\/wp\/v2\/media?parent=13841"}],"wp:term":[{"taxonomy":"product_cat","embeddable":true,"href":"https:\/\/edimeinter.com\/libreria\/wp-json\/wp\/v2\/product_cat?post=13841"},{"taxonomy":"product_tag","embeddable":true,"href":"https:\/\/edimeinter.com\/libreria\/wp-json\/wp\/v2\/product_tag?post=13841"}],"curies":[{"name":"wp","href":"https:\/\/api.w.org\/{rel}","templated":true}]}}