{"id":13847,"date":"2025-02-20T23:28:20","date_gmt":"2025-02-20T23:28:20","guid":{"rendered":"https:\/\/edimeinter.com\/libreria\/?post_type=product&#038;p=13847"},"modified":"2025-03-11T20:04:42","modified_gmt":"2025-03-11T20:04:42","slug":"tratado-de-semiologia-8a-edicion","status":"publish","type":"product","link":"https:\/\/edimeinter.com\/libreria\/product\/tratado-de-semiologia-8a-edicion\/","title":{"rendered":"Tratado de semiolog\u00eda. 8\u00aa Edici\u00f3n"},"content":{"rendered":"\t\t<div data-elementor-type=\"wp-post\" data-elementor-id=\"13847\" class=\"elementor elementor-13847\">\n\t\t\t\t\n<div class=\"elementor-element elementor-element-2612b12 e-flex e-con-boxed e-con e-parent\" data-id=\"2612b12\" data-element_type=\"container\" data-e-type=\"container\">\n\t\t\t\t\t<div class=\"e-con-inner\">\n\t\t\n\t\t<div class=\"elementor-element elementor-element-498707ae elementor-widget elementor-widget-text-editor\" data-id=\"498707ae\" data-element_type=\"widget\" data-e-type=\"widget\" data-widget_type=\"text-editor.default\">\n\t\t\t\t<div class=\"elementor-widget-container\">\n\t\t\t\t\t\t\t\t\t<p align=\"left\">Aclamada obra de referencia en esta \u00e1rea de crucial importancia, y ofrece un enfoque emp\u00e1tico\u00a0y humano del arte y la ciencia de la anamnesis y la exploraci\u00f3n cl\u00ednica.<\/p><p align=\"left\">Explora de qu\u00e9 modo las diferencias culturales pueden influir en el estilo de comunicaci\u00f3n,\u00a0los h\u00e1bitos, las relaciones familiares, y las creencias y las pr\u00e1cticas relacionadas con la\u00a0salud y c\u00f3mo todo ello debe tenerse en consideraci\u00f3n en el tratamiento de los pacientes.<\/p><p align=\"left\">Ofrece cientos de im\u00e1genes en color de gran calidad, una estructura unificada que facilita\u00a0la consulta, y detalladas descripciones de las diversas t\u00e9cnicas. Adem\u00e1s, proporciona\u00a0explicaciones claras y de f\u00e1cil comprensi\u00f3n acerca de las t\u00e9cnicas de anamnesis y\u00a0exploraci\u00f3n, las presentaciones cl\u00ednicas, la fisiopatolog\u00eda, la medicina complementaria y\u00a0alternativa, y las pruebas y los est\u00e1ndares de diagn\u00f3stico f\u00edsico.<\/p><p align=\"left\">Todos los cap\u00edtulos han sido completamente revisados y actualizados. Incluye un nuevo\u00a0cap\u00edtulo acerca de la deconstrucci\u00f3n del racismo y el prejuicio en la pr\u00e1ctica cl\u00ednica, aborda\u00a0el sistema musculoesquel\u00e9tico en profundidad, en especial por lo que hace al examen de\u00a0las articulaciones, y pone el \u00e9nfasis en la precisi\u00f3n, la exactitud y el pensamiento cr\u00edtico en\u00a0la evaluaci\u00f3n cl\u00ednica, destacando aspectos relacionados con la \u00e9tica profesional.<\/p><p align=\"left\">Ofrece acceso a StudentConsult.com, que incluye la versi\u00f3n electr\u00f3nica de la obra (en\u00a0ingl\u00e9s) y las referencias bibliogr\u00e1ficas completas de cada cap\u00edtulo.<\/p>\t\t\t\t\t\t\t\t<\/div>\n\t\t\t\t<\/div>\n\t\t\t\t\t<\/div>\n\t\t\t\t<\/div>\n\t\t\t\t<\/div>\n\t\t","protected":false},"excerpt":{"rendered":"<p><strong>Autores:<\/strong>\u00a0M.H. Swartz<br \/>\n<strong>ISBN:<\/strong>\u00a09788491139447<br \/>\n<strong>Editorial:<\/strong>\u00a0Elsevier<br \/>\n<strong>Edici\u00f3n:<\/strong>\u00a08\u00aa<br \/>\n<strong>Especialidad<\/strong>: Semiolog\u00eda<br \/>\n<strong>P\u00e1ginas<\/strong>: 696<br \/>\n\u00a9 2021<\/p>\n","protected":false},"featured_media":13848,"comment_status":"open","ping_status":"open","template":"","meta":{"_joinchat":[]},"product_cat":[158],"product_tag":[85,159],"class_list":{"0":"post-13847","1":"product","2":"type-product","3":"status-publish","4":"has-post-thumbnail","6":"product_cat-semiologia","7":"product_tag-elsevier","8":"product_tag-semiologia","10":"first","11":"instock","12":"featured","13":"taxable","14":"shipping-taxable","15":"purchasable","16":"product-type-simple"},"_links":{"self":[{"href":"https:\/\/edimeinter.com\/libreria\/wp-json\/wp\/v2\/product\/13847","targetHints":{"allow":["GET"]}}],"collection":[{"href":"https:\/\/edimeinter.com\/libreria\/wp-json\/wp\/v2\/product"}],"about":[{"href":"https:\/\/edimeinter.com\/libreria\/wp-json\/wp\/v2\/types\/product"}],"replies":[{"embeddable":true,"href":"https:\/\/edimeinter.com\/libreria\/wp-json\/wp\/v2\/comments?post=13847"}],"version-history":[{"count":1,"href":"https:\/\/edimeinter.com\/libreria\/wp-json\/wp\/v2\/product\/13847\/revisions"}],"predecessor-version":[{"id":16068,"href":"https:\/\/edimeinter.com\/libreria\/wp-json\/wp\/v2\/product\/13847\/revisions\/16068"}],"wp:featuredmedia":[{"embeddable":true,"href":"https:\/\/edimeinter.com\/libreria\/wp-json\/wp\/v2\/media\/13848"}],"wp:attachment":[{"href":"https:\/\/edimeinter.com\/libreria\/wp-json\/wp\/v2\/media?parent=13847"}],"wp:term":[{"taxonomy":"product_cat","embeddable":true,"href":"https:\/\/edimeinter.com\/libreria\/wp-json\/wp\/v2\/product_cat?post=13847"},{"taxonomy":"product_tag","embeddable":true,"href":"https:\/\/edimeinter.com\/libreria\/wp-json\/wp\/v2\/product_tag?post=13847"}],"curies":[{"name":"wp","href":"https:\/\/api.w.org\/{rel}","templated":true}]}}