{"id":13923,"date":"2025-02-21T19:01:28","date_gmt":"2025-02-21T19:01:28","guid":{"rendered":"https:\/\/edimeinter.com\/libreria\/?post_type=product&#038;p=13923"},"modified":"2025-07-03T18:20:39","modified_gmt":"2025-07-03T18:20:39","slug":"williams-tratado-de-endocrinologia-14a-edicion","status":"publish","type":"product","link":"https:\/\/edimeinter.com\/libreria\/product\/williams-tratado-de-endocrinologia-14a-edicion\/","title":{"rendered":"Williams. Tratado de endocrinolog\u00eda. 14\u00aa Edici\u00f3n"},"content":{"rendered":"\t\t<div data-elementor-type=\"wp-post\" data-elementor-id=\"13923\" class=\"elementor elementor-13923\">\n\t\t\t\t<div class=\"elementor-element elementor-element-2612b12 e-flex e-con-boxed e-con e-parent\" data-id=\"2612b12\" data-element_type=\"container\" data-e-type=\"container\">\n\t\t\t\t\t<div class=\"e-con-inner\">\n\t\t\n\t\t<div class=\"elementor-element elementor-element-498707ae elementor-widget elementor-widget-text-editor\" data-id=\"498707ae\" data-element_type=\"widget\" data-e-type=\"widget\" data-widget_type=\"text-editor.default\">\n\t\t\t\t<div class=\"elementor-widget-container\">\n\t\t\t\t\t\t\t\t\t<p>Nueva edici\u00f3n de la obra de referencia en endocrinolog\u00eda durante los \u00faltimos 70 a\u00f1os, donde los lectores encontrar\u00e1n un an\u00e1lisis del espectro completo de los trastornos del sistema endocrino adulto y pedi\u00e1trico.<\/p><p>Contiene nuevos cap\u00edtulos sobre la tasa global de endocrinopat\u00edas, y aborda las directrices de pr\u00e1ctica cl\u00ednica en endocrinolog\u00ed ay la endocrinolog\u00eda transg\u00e9nero. Aporta una significativa actualizaci\u00f3n de los cap\u00edtulos dedicados a la diabetes, con un nuevo cap\u00edtulo sobre la fisiolog\u00eda de la secrecci\u00f3n de insulina y mayor cobertura de la diabetes de tipo 2.<\/p><p>Nuevos cap\u00edtulos y significativas revisiones, incorporadas a lo largo de toda la obra, ofrecen una perspectiva actualizada de los m\u00e1s recientes avances en \u00e1reas como los f\u00e1rmacos, los tratamientos y los ensayos cl\u00ednicos.<\/p><p>Esta obra de referencia es un recurso imprescindible para endocrin\u00f3logos, cirujanos, endocrinos, ginec\u00f3logos, internistas, pediatras y otros profesionales cl\u00ednicos que precisan una informaci\u00f3n completa y actualizada acerca de las m\u00faltiples facetas de esta disciplina.<\/p><p>Incluye la versi\u00f3n electr\u00f3nica del libro en ExpertConsult, en ingl\u00e9s, que permite acceder al texto completo, las figuras y las referencias bibliogr\u00e1ficas de la obra desde distintos dispositivos.<\/p>\t\t\t\t\t\t\t\t<\/div>\n\t\t\t\t<\/div>\n\t\t\t\t\t<\/div>\n\t\t\t\t<\/div>\n\t\t\t\t<\/div>\n\t\t","protected":false},"excerpt":{"rendered":"<p><strong>Autores:<\/strong>\u00a0Shlomo Melmed, MBChB, MACP<br \/>\n<strong>ISBN:<\/strong>\u00a09788491138518<br \/>\n<strong>Editorial:<\/strong>\u00a0Elsevier<br \/>\n<strong>Edici\u00f3n:<\/strong>\u00a014\u00aa<br \/>\n<strong>Especialidad<\/strong>: Endocrinolog\u00eda<br \/>\n<strong>P\u00e1ginas<\/strong>: 1792<br \/>\n\u00a9 2021<\/p>\n","protected":false},"featured_media":13924,"comment_status":"open","ping_status":"closed","template":"","meta":{"_joinchat":[]},"product_cat":[93],"product_tag":[85,94],"class_list":{"0":"post-13923","1":"product","2":"type-product","3":"status-publish","4":"has-post-thumbnail","6":"product_cat-endocrinologia","7":"product_tag-elsevier","8":"product_tag-endocrinologia","10":"first","11":"outofstock","12":"featured","13":"taxable","14":"shipping-taxable","15":"purchasable","16":"product-type-simple"},"_links":{"self":[{"href":"https:\/\/edimeinter.com\/libreria\/wp-json\/wp\/v2\/product\/13923","targetHints":{"allow":["GET"]}}],"collection":[{"href":"https:\/\/edimeinter.com\/libreria\/wp-json\/wp\/v2\/product"}],"about":[{"href":"https:\/\/edimeinter.com\/libreria\/wp-json\/wp\/v2\/types\/product"}],"replies":[{"embeddable":true,"href":"https:\/\/edimeinter.com\/libreria\/wp-json\/wp\/v2\/comments?post=13923"}],"version-history":[{"count":2,"href":"https:\/\/edimeinter.com\/libreria\/wp-json\/wp\/v2\/product\/13923\/revisions"}],"predecessor-version":[{"id":16882,"href":"https:\/\/edimeinter.com\/libreria\/wp-json\/wp\/v2\/product\/13923\/revisions\/16882"}],"wp:featuredmedia":[{"embeddable":true,"href":"https:\/\/edimeinter.com\/libreria\/wp-json\/wp\/v2\/media\/13924"}],"wp:attachment":[{"href":"https:\/\/edimeinter.com\/libreria\/wp-json\/wp\/v2\/media?parent=13923"}],"wp:term":[{"taxonomy":"product_cat","embeddable":true,"href":"https:\/\/edimeinter.com\/libreria\/wp-json\/wp\/v2\/product_cat?post=13923"},{"taxonomy":"product_tag","embeddable":true,"href":"https:\/\/edimeinter.com\/libreria\/wp-json\/wp\/v2\/product_tag?post=13923"}],"curies":[{"name":"wp","href":"https:\/\/api.w.org\/{rel}","templated":true}]}}