{"id":13935,"date":"2025-02-21T19:39:31","date_gmt":"2025-02-21T19:39:31","guid":{"rendered":"https:\/\/edimeinter.com\/libreria\/?post_type=product&#038;p=13935"},"modified":"2026-01-23T15:42:51","modified_gmt":"2026-01-23T15:42:51","slug":"guyton-hall-tratado-de-fisiologia-medica-14a-edicion","status":"publish","type":"product","link":"https:\/\/edimeinter.com\/libreria\/product\/guyton-hall-tratado-de-fisiologia-medica-14a-edicion\/","title":{"rendered":"Guyton &amp; Hall. Tratado de fisiolog\u00eda m\u00e9dica. 14\u00aa Edici\u00f3n"},"content":{"rendered":"\t\t<div data-elementor-type=\"wp-post\" data-elementor-id=\"13935\" class=\"elementor elementor-13935\">\n\t\t\t\t<div class=\"elementor-element elementor-element-2612b12 e-flex e-con-boxed e-con e-parent\" data-id=\"2612b12\" data-element_type=\"container\" data-e-type=\"container\">\n\t\t\t\t\t<div class=\"e-con-inner\">\n\t\t\n\t\t<div class=\"elementor-element elementor-element-498707ae elementor-widget elementor-widget-text-editor\" data-id=\"498707ae\" data-element_type=\"widget\" data-e-type=\"widget\" data-widget_type=\"text-editor.default\">\n\t\t\t\t<div class=\"elementor-widget-container\">\n\t\t\t\t\t\t\t\t\t<p>Nueva edici\u00f3n del texto de referencia y bestseller en Fisiolog\u00eda que despu\u00e9s de una trayectoria de m\u00e1s de 60 a\u00f1os, se convierte en el texto de primera elecci\u00f3n para los estudiantes del grado de Medicina garantizando el m\u00e1ximo aprendizaje y la comprensi\u00f3n de los aspectos m\u00e1s complejos de la disciplina.<\/p><p>Su abordaje, su car\u00e1cter altamente did\u00e1ctico y su correlaci\u00f3n cl\u00ednica hacen de \u00e9l un material \u00fanico que presenta la fisiolog\u00eda de una forma clara, concisa y de f\u00e1cil comprensi\u00f3n. La nueva edici\u00f3n presenta la misma tipolog\u00eda de cap\u00edtulos cortos con cuadros de correlaci\u00f3n cl\u00ednica separados del texto.<\/p><p>Contiene m\u00e1s de 1.200 ilustraciones a todo color en las que se incluyen dibujos esquem\u00e1ticos, gr\u00e1ficos y diagramas explicativos. As\u00ed mismo, incluye tablas en las que se organiza y estructua la informaci\u00f3n de la forma m\u00e1s clara posible para facilitar el aprendizaje y la memorizaci\u00f3n.<\/p><p>Entre las principales novedades cabe destacar la inclusi\u00f3n de nuevas figuras, el mayor grado de correlaci\u00f3n cl\u00ednica y una mayor cobertura de las enfermedades neurodegenerativas y especialmente de Alzheimer.<\/p><p>Incluye acceso a la plataforma SC.com (contenido en ingl\u00e9s) a trav\u00e9s del cual puede accederse al e-book as\u00ed como a un conjunto de recursos adicionales de gran valor did\u00e1ctico (animaciones, preguntas de autoevaluaci\u00f3n y otras herramientas de aprendizaje).<\/p>\t\t\t\t\t\t\t\t<\/div>\n\t\t\t\t<\/div>\n\t\t\t\t\t<\/div>\n\t\t\t\t<\/div>\n\t\t\t\t<\/div>\n\t\t","protected":false},"excerpt":{"rendered":"<p><strong>Autores:<\/strong>\u00a0John E. Hall, PhD; Edited by John E. Hall, PhD<br \/>\n<strong>ISBN:<\/strong>\u00a09788413820132<br \/>\n<strong>Editorial:<\/strong>\u00a0Elsevier<br \/>\n<strong>Edici\u00f3n:<\/strong>\u00a014\u00aa<br \/>\n<strong>Especialidad<\/strong>: Fisiolog\u00eda<br \/>\n<strong>P\u00e1ginas<\/strong>: 1152<br \/>\n\u00a9 2021<\/p>\n","protected":false},"featured_media":13936,"comment_status":"open","ping_status":"closed","template":"","meta":{"_joinchat":[]},"product_cat":[209],"product_tag":[85,210],"class_list":{"0":"post-13935","1":"product","2":"type-product","3":"status-publish","4":"has-post-thumbnail","6":"product_cat-fisiologia","7":"product_tag-elsevier","8":"product_tag-fisiologia","10":"first","11":"outofstock","12":"featured","13":"taxable","14":"shipping-taxable","15":"purchasable","16":"product-type-simple"},"_links":{"self":[{"href":"https:\/\/edimeinter.com\/libreria\/wp-json\/wp\/v2\/product\/13935","targetHints":{"allow":["GET"]}}],"collection":[{"href":"https:\/\/edimeinter.com\/libreria\/wp-json\/wp\/v2\/product"}],"about":[{"href":"https:\/\/edimeinter.com\/libreria\/wp-json\/wp\/v2\/types\/product"}],"replies":[{"embeddable":true,"href":"https:\/\/edimeinter.com\/libreria\/wp-json\/wp\/v2\/comments?post=13935"}],"version-history":[{"count":3,"href":"https:\/\/edimeinter.com\/libreria\/wp-json\/wp\/v2\/product\/13935\/revisions"}],"predecessor-version":[{"id":16081,"href":"https:\/\/edimeinter.com\/libreria\/wp-json\/wp\/v2\/product\/13935\/revisions\/16081"}],"wp:featuredmedia":[{"embeddable":true,"href":"https:\/\/edimeinter.com\/libreria\/wp-json\/wp\/v2\/media\/13936"}],"wp:attachment":[{"href":"https:\/\/edimeinter.com\/libreria\/wp-json\/wp\/v2\/media?parent=13935"}],"wp:term":[{"taxonomy":"product_cat","embeddable":true,"href":"https:\/\/edimeinter.com\/libreria\/wp-json\/wp\/v2\/product_cat?post=13935"},{"taxonomy":"product_tag","embeddable":true,"href":"https:\/\/edimeinter.com\/libreria\/wp-json\/wp\/v2\/product_tag?post=13935"}],"curies":[{"name":"wp","href":"https:\/\/api.w.org\/{rel}","templated":true}]}}