{"id":13961,"date":"2025-02-21T20:18:45","date_gmt":"2025-02-21T20:18:45","guid":{"rendered":"https:\/\/edimeinter.com\/libreria\/?post_type=product&#038;p=13961"},"modified":"2025-03-11T20:31:18","modified_gmt":"2025-03-11T20:31:18","slug":"inmunologia-9a-edicion","status":"publish","type":"product","link":"https:\/\/edimeinter.com\/libreria\/product\/inmunologia-9a-edicion\/","title":{"rendered":"Inmunolog\u00eda. 9\u00aa Edici\u00f3n"},"content":{"rendered":"\t\t<div data-elementor-type=\"wp-post\" data-elementor-id=\"13961\" class=\"elementor elementor-13961\">\n\t\t\t\t<div class=\"elementor-element elementor-element-2612b12 e-flex e-con-boxed e-con e-parent\" data-id=\"2612b12\" data-element_type=\"container\" data-e-type=\"container\">\n\t\t\t\t\t<div class=\"e-con-inner\">\n\t\t\n\t\t<div class=\"elementor-element elementor-element-498707ae elementor-widget elementor-widget-text-editor\" data-id=\"498707ae\" data-element_type=\"widget\" data-e-type=\"widget\" data-widget_type=\"text-editor.default\">\n\t\t\t\t<div class=\"elementor-widget-container\">\n\t\t\t\t\t\t\t\t\t<p>Novena edici\u00f3n que ofrece una aproximaci\u00f3n bien ilustrada y cuidadosamente estructurada que incluye todos los conceptos b\u00e1sicos y cl\u00ednicos necesarios para la preparaci\u00f3n de los cursos de la especialidad. La obra ha sido editada y redactada por expertos docentes e investigadores, por lo que proporciona un contenido coherente y de vanguardia que vincula el laboratorio y la pr\u00e1ctica cl\u00ednica.<\/p><p>Presenta un contenido reorganizado que muestra la inmunolog\u00eda en el orden en que se suele ense\u00f1ar y aprender, integrando mejor la inmunolog\u00eda b\u00e1sica y la cl\u00ednica. Aborda nuevos temas, como las c\u00e9lulas linfoc\u00edticas innatas, los tratamientos basados en anticuerpos y la ingenier\u00eda de anticuerpos, la inmunidad innata y sus componentes, la gen\u00e9tica de las enfermedades con base inmunitaria, la medicina personalizada y los f\u00e1rmacos inmunoterap\u00e9uticos para el tratamiento del c\u00e1ncer.<\/p><p>Con un formato f\u00e1cil de usar y codificado con colores, incluye cuadros con conceptos clave, diagramas explicativos y casi 200 fotograf\u00edas para ayudar a comprender y memorizar de forma visual los conceptos m\u00e1s dif\u00edciles. Adem\u00e1s ofrece res\u00famenes de cap\u00edtulo, cuadros de razonamiento cr\u00edtico y preguntas basadas en casos cl\u00ednicos que facilitan una revisi\u00f3n r\u00e1pida y eficaz para la preparaci\u00f3n de los ex\u00e1menes.<\/p><p>Explica los componentes b\u00e1sicos del sistema inmunitario (c\u00e9lulas, \u00f3rganos y mol\u00e9culas receptoras principales), as\u00ed como la activaci\u00f3n y las acciones de la respuesta inmunitaria, especialmente en el contexto cl\u00ednico y proporciona la informaci\u00f3n cl\u00ednica m\u00e1s actualizada, incluidos los m\u00e1s recientes abordajes cl\u00ednicos de la inmunolog\u00eda del c\u00e1ncer, el trasplante, la autoinmunidad y la hipersensibilidad, entre otros.<\/p><p>Incluye el acceso a la versi\u00f3n electr\u00f3nica del libro en Student Consult, que cuenta con textos ampliados, figuras y tablas adicionales, un banco de preguntas de autoevaluci\u00f3n complementario y un total de 16 v\u00eddeos. El contenido incluido en Student Consult est\u00e1 \u00edntegramente en ingl\u00e9s.<\/p>\t\t\t\t\t\t\t\t<\/div>\n\t\t\t\t<\/div>\n\t\t\t\t\t<\/div>\n\t\t\t\t<\/div>\n\t\t\t\t<\/div>\n\t\t","protected":false},"excerpt":{"rendered":"<p><strong>Autores:<\/strong>\u00a0David Male, MA, PhD, R. Stokes Peebles, Jr., MD and Victoria Male, MA, PhD<br \/>\n<strong>ISBN:<\/strong>\u00a09788491138907<br \/>\n<strong>Editorial:<\/strong>\u00a0Elsevier<br \/>\n<strong>Edici\u00f3n:<\/strong>\u00a09\u00aa<br \/>\n<strong>Especialidad<\/strong>: Inmunolog\u00eda<br \/>\n<strong>P\u00e1ginas<\/strong>: 422<br \/>\n\u00a9 2021<\/p>\n","protected":false},"featured_media":13962,"comment_status":"open","ping_status":"open","template":"","meta":{"_joinchat":[]},"product_cat":[164],"product_tag":[85,165],"class_list":{"0":"post-13961","1":"product","2":"type-product","3":"status-publish","4":"has-post-thumbnail","6":"product_cat-inmunologia","7":"product_tag-elsevier","8":"product_tag-inmunologia","10":"first","11":"instock","12":"featured","13":"taxable","14":"shipping-taxable","15":"purchasable","16":"product-type-simple"},"_links":{"self":[{"href":"https:\/\/edimeinter.com\/libreria\/wp-json\/wp\/v2\/product\/13961","targetHints":{"allow":["GET"]}}],"collection":[{"href":"https:\/\/edimeinter.com\/libreria\/wp-json\/wp\/v2\/product"}],"about":[{"href":"https:\/\/edimeinter.com\/libreria\/wp-json\/wp\/v2\/types\/product"}],"replies":[{"embeddable":true,"href":"https:\/\/edimeinter.com\/libreria\/wp-json\/wp\/v2\/comments?post=13961"}],"version-history":[{"count":2,"href":"https:\/\/edimeinter.com\/libreria\/wp-json\/wp\/v2\/product\/13961\/revisions"}],"predecessor-version":[{"id":16088,"href":"https:\/\/edimeinter.com\/libreria\/wp-json\/wp\/v2\/product\/13961\/revisions\/16088"}],"wp:featuredmedia":[{"embeddable":true,"href":"https:\/\/edimeinter.com\/libreria\/wp-json\/wp\/v2\/media\/13962"}],"wp:attachment":[{"href":"https:\/\/edimeinter.com\/libreria\/wp-json\/wp\/v2\/media?parent=13961"}],"wp:term":[{"taxonomy":"product_cat","embeddable":true,"href":"https:\/\/edimeinter.com\/libreria\/wp-json\/wp\/v2\/product_cat?post=13961"},{"taxonomy":"product_tag","embeddable":true,"href":"https:\/\/edimeinter.com\/libreria\/wp-json\/wp\/v2\/product_tag?post=13961"}],"curies":[{"name":"wp","href":"https:\/\/api.w.org\/{rel}","templated":true}]}}