{"id":14018,"date":"2025-02-21T21:40:01","date_gmt":"2025-02-21T21:40:01","guid":{"rendered":"https:\/\/edimeinter.com\/libreria\/?post_type=product&#038;p=14018"},"modified":"2025-11-25T21:49:39","modified_gmt":"2025-11-25T21:49:39","slug":"dermatoscopia-3a-edicion","status":"publish","type":"product","link":"https:\/\/edimeinter.com\/libreria\/product\/dermatoscopia-3a-edicion\/","title":{"rendered":"Dermatoscopia. 3\u00aa Edici\u00f3n"},"content":{"rendered":"\t\t<div data-elementor-type=\"wp-post\" data-elementor-id=\"14018\" class=\"elementor elementor-14018\">\n\t\t\t\t<div class=\"elementor-element elementor-element-2612b12 e-flex e-con-boxed e-con e-parent\" data-id=\"2612b12\" data-element_type=\"container\" data-e-type=\"container\">\n\t\t\t\t\t<div class=\"e-con-inner\">\n\t\t\n\t\t<div class=\"elementor-element elementor-element-498707ae elementor-widget elementor-widget-text-editor\" data-id=\"498707ae\" data-element_type=\"widget\" data-e-type=\"widget\" data-widget_type=\"text-editor.default\">\n\t\t\t\t<div class=\"elementor-widget-container\">\n\t\t\t\t\t\t\t\t\t<p>Una gu\u00eda f\u00e1cilmente manejable para obtener los mejores resultados diagn\u00f3sticos a trav\u00e9s de la dermatoscopia, una t\u00e9cnica con gran eficacia, m\u00e1s econ\u00f3mica y menos invasiva que la biopsia.<\/p><p>Dispone de toda la informaci\u00f3n necesaria para un diagn\u00f3stico precoz gracias a las m\u00e1s de 370 im\u00e1genes cl\u00ednicas y dermatosc\u00f3picas, las valiosas explicaciones de expertos y las listas de comprobaci\u00f3n.<\/p><p>Ayuda a mejorar el aprendizaje visual con la ayuda de las im\u00e1genes que describen el aspecto de las lesiones benignas y malignas, y utilizan flechas y otros recursos gr\u00e1ficos para resaltar las manifestaciones m\u00e1s importantes.<\/p><p>Permite dominar todos los aspectos pr\u00e1cticos de la dermatoscopia y la interpretaci\u00f3n de sus resultados a trav\u00e9s del sistema de sem\u00e1foros, que identifica el riesgo de las lesiones, y las listas de comprobaci\u00f3n, que facilitan un aprendizaje r\u00e1pido y efectivo.<\/p><p>Acceso al texto, las figuras y la bibliograf\u00eda completa del libro en ingl\u00e9s a trav\u00e9s de distintos dispositivos gracias a la versi\u00f3n digital de la obra original incluida en la compra.<\/p>\t\t\t\t\t\t\t\t<\/div>\n\t\t\t\t<\/div>\n\t\t\t\t\t<\/div>\n\t\t\t\t<\/div>\n\t\t\t\t<\/div>\n\t\t","protected":false},"excerpt":{"rendered":"<p><strong>Autores:<\/strong>\u00a0H. Peter Soyer, MD, FACD, Giuseppe Argenziano, MD, Rainer Hofmann-Wellenhof, MD and Iris Zalaudek, MD<br \/>\n<strong>ISBN:<\/strong>\u00a09788491139386<br \/>\n<strong>Editorial:<\/strong>\u00a0Elsevier<br \/>\n<strong>Edici\u00f3n:<\/strong>\u00a03\u00aa<br \/>\n<strong>Especialidad<\/strong>: Dermatolog\u00eda<br \/>\n<strong>P\u00e1ginas<\/strong>: 240<br \/>\n\u00a9 2021<\/p>\n","protected":false},"featured_media":14019,"comment_status":"open","ping_status":"closed","template":"","meta":{"_joinchat":[]},"product_cat":[108],"product_tag":[109,85],"class_list":{"0":"post-14018","1":"product","2":"type-product","3":"status-publish","4":"has-post-thumbnail","6":"product_cat-dermatologia","7":"product_tag-dermatologia","8":"product_tag-elsevier","10":"first","11":"outofstock","12":"featured","13":"taxable","14":"shipping-taxable","15":"purchasable","16":"product-type-simple"},"_links":{"self":[{"href":"https:\/\/edimeinter.com\/libreria\/wp-json\/wp\/v2\/product\/14018","targetHints":{"allow":["GET"]}}],"collection":[{"href":"https:\/\/edimeinter.com\/libreria\/wp-json\/wp\/v2\/product"}],"about":[{"href":"https:\/\/edimeinter.com\/libreria\/wp-json\/wp\/v2\/types\/product"}],"replies":[{"embeddable":true,"href":"https:\/\/edimeinter.com\/libreria\/wp-json\/wp\/v2\/comments?post=14018"}],"version-history":[{"count":2,"href":"https:\/\/edimeinter.com\/libreria\/wp-json\/wp\/v2\/product\/14018\/revisions"}],"predecessor-version":[{"id":16101,"href":"https:\/\/edimeinter.com\/libreria\/wp-json\/wp\/v2\/product\/14018\/revisions\/16101"}],"wp:featuredmedia":[{"embeddable":true,"href":"https:\/\/edimeinter.com\/libreria\/wp-json\/wp\/v2\/media\/14019"}],"wp:attachment":[{"href":"https:\/\/edimeinter.com\/libreria\/wp-json\/wp\/v2\/media?parent=14018"}],"wp:term":[{"taxonomy":"product_cat","embeddable":true,"href":"https:\/\/edimeinter.com\/libreria\/wp-json\/wp\/v2\/product_cat?post=14018"},{"taxonomy":"product_tag","embeddable":true,"href":"https:\/\/edimeinter.com\/libreria\/wp-json\/wp\/v2\/product_tag?post=14018"}],"curies":[{"name":"wp","href":"https:\/\/api.w.org\/{rel}","templated":true}]}}