{"id":14044,"date":"2025-02-21T22:03:42","date_gmt":"2025-02-21T22:03:42","guid":{"rendered":"https:\/\/edimeinter.com\/libreria\/?post_type=product&#038;p=14044"},"modified":"2025-03-11T21:02:59","modified_gmt":"2025-03-11T21:02:59","slug":"psiquiatria-geriatrica-3a-edicion","status":"publish","type":"product","link":"https:\/\/edimeinter.com\/libreria\/product\/psiquiatria-geriatrica-3a-edicion\/","title":{"rendered":"Psiquiatr\u00eda geri\u00e1trica. 3\u00aa Edici\u00f3n"},"content":{"rendered":"\t\t<div data-elementor-type=\"wp-post\" data-elementor-id=\"14044\" class=\"elementor elementor-14044\">\n\t\t\t\t<div class=\"elementor-element elementor-element-2612b12 e-flex e-con-boxed e-con e-parent\" data-id=\"2612b12\" data-element_type=\"container\" data-e-type=\"container\">\n\t\t\t\t\t<div class=\"e-con-inner\">\n\t\t\n\t\t<div class=\"elementor-element elementor-element-498707ae elementor-widget elementor-widget-text-editor\" data-id=\"498707ae\" data-element_type=\"widget\" data-e-type=\"widget\" data-widget_type=\"text-editor.default\">\n\t\t\t\t<div class=\"elementor-widget-container\">\n\t\t\t\t\t\t\t\t\t<p>Manual de referencia que sustenta una asistencia psicogeri\u00e1trica de calidad y que ofrece respuestas a los retos diagn\u00f3sticos, terap\u00e9uticos y asistenciales que la creciente poblaci\u00f3n mayor plantea a los profesionales de la salud implicados en su cuidado.<\/p><p>Incluye los avances m\u00e1s recientes en las ciencias b\u00e1sicas que dan apoyo a la psicogeriatr\u00eda, as\u00ed como en las t\u00e9cnicas de examen y exploraci\u00f3n que ofrecen la neuropsicolog\u00eda y la neuroimagen.<\/p><p>Renovada n\u00f3mina de colaboradores, con la incorporaci\u00f3n de autores latinoamericanos, para sumar nuevas experiencias cient\u00edficas, cl\u00ednicas y acad\u00e9micas, que hace de esta obra la principal referencia en espa\u00f1ol de la materia.<\/p><p>Aborda los diversos trastornos mentales, como los neurocognitivos, psic\u00f3ticos, afectivos, por ansiedad, del sue\u00f1o, adaptativos y por duelo, y del arsenal terap\u00e9utico m\u00e1s actual, tanto farmacol\u00f3gico como no farmacol\u00f3gico y psicoterap\u00e9utico. Inclute un nuevo cap\u00edtulo sobre asistencia psicogeri\u00e1trica al final de la vida.<\/p>\t\t\t\t\t\t\t\t<\/div>\n\t\t\t\t<\/div>\n\t\t\t\t\t<\/div>\n\t\t\t\t<\/div>\n\t\t\t\t<\/div>\n\t\t","protected":false},"excerpt":{"rendered":"<p><strong>Autores:<\/strong>\u00a0Luis Ag\u00fcera Ortiz, Manuel Mart\u00edn Carrasco and Manel S\u00e1nchez P\u00e9rez<br \/>\n<strong>ISBN:<\/strong>\u00a09788491131489<br \/>\n<strong>Editorial:<\/strong>\u00a0Elsevier<br \/>\n<strong>Edici\u00f3n:<\/strong>\u00a03\u00aa<br \/>\n<strong>Especialidad<\/strong>: Psiquiatr\u00eda<br \/>\n<strong>P\u00e1ginas<\/strong>: 752<br \/>\n\u00a9 2021<\/p>\n","protected":false},"featured_media":14050,"comment_status":"open","ping_status":"open","template":"","meta":{"_joinchat":[]},"product_cat":[68],"product_tag":[85,69],"class_list":{"0":"post-14044","1":"product","2":"type-product","3":"status-publish","4":"has-post-thumbnail","6":"product_cat-psiquiatria","7":"product_tag-elsevier","8":"product_tag-psiquiatria","10":"first","11":"instock","12":"featured","13":"taxable","14":"shipping-taxable","15":"purchasable","16":"product-type-simple"},"_links":{"self":[{"href":"https:\/\/edimeinter.com\/libreria\/wp-json\/wp\/v2\/product\/14044","targetHints":{"allow":["GET"]}}],"collection":[{"href":"https:\/\/edimeinter.com\/libreria\/wp-json\/wp\/v2\/product"}],"about":[{"href":"https:\/\/edimeinter.com\/libreria\/wp-json\/wp\/v2\/types\/product"}],"replies":[{"embeddable":true,"href":"https:\/\/edimeinter.com\/libreria\/wp-json\/wp\/v2\/comments?post=14044"}],"version-history":[{"count":1,"href":"https:\/\/edimeinter.com\/libreria\/wp-json\/wp\/v2\/product\/14044\/revisions"}],"predecessor-version":[{"id":16106,"href":"https:\/\/edimeinter.com\/libreria\/wp-json\/wp\/v2\/product\/14044\/revisions\/16106"}],"wp:featuredmedia":[{"embeddable":true,"href":"https:\/\/edimeinter.com\/libreria\/wp-json\/wp\/v2\/media\/14050"}],"wp:attachment":[{"href":"https:\/\/edimeinter.com\/libreria\/wp-json\/wp\/v2\/media?parent=14044"}],"wp:term":[{"taxonomy":"product_cat","embeddable":true,"href":"https:\/\/edimeinter.com\/libreria\/wp-json\/wp\/v2\/product_cat?post=14044"},{"taxonomy":"product_tag","embeddable":true,"href":"https:\/\/edimeinter.com\/libreria\/wp-json\/wp\/v2\/product_tag?post=14044"}],"curies":[{"name":"wp","href":"https:\/\/api.w.org\/{rel}","templated":true}]}}