{"id":14052,"date":"2025-02-21T22:11:13","date_gmt":"2025-02-21T22:11:13","guid":{"rendered":"https:\/\/edimeinter.com\/libreria\/?post_type=product&#038;p=14052"},"modified":"2025-03-11T21:04:51","modified_gmt":"2025-03-11T21:04:51","slug":"netter-histologia-esencial-3a-edicion","status":"publish","type":"product","link":"https:\/\/edimeinter.com\/libreria\/product\/netter-histologia-esencial-3a-edicion\/","title":{"rendered":"Netter. Histolog\u00eda esencial. 3\u00aa Edici\u00f3n"},"content":{"rendered":"\t\t<div data-elementor-type=\"wp-post\" data-elementor-id=\"14052\" class=\"elementor elementor-14052\">\n\t\t\t\t<div class=\"elementor-element elementor-element-2612b12 e-flex e-con-boxed e-con e-parent\" data-id=\"2612b12\" data-element_type=\"container\" data-e-type=\"container\">\n\t\t\t\t\t<div class=\"e-con-inner\">\n\t\t\n\t\t<div class=\"elementor-element elementor-element-498707ae elementor-widget elementor-widget-text-editor\" data-id=\"498707ae\" data-element_type=\"widget\" data-e-type=\"widget\" data-widget_type=\"text-editor.default\">\n\t\t\t\t<div class=\"elementor-widget-container\">\n\t\t\t\t\t\t\t\t\t<p>Nuevo t\u00edtulo de la familia Netter que presenta un abordaje visual de la histolog\u00eda integrada con otras ciencias b\u00e1sicas y con un alto contenido histopatol\u00f3gico.<\/p><p>Conciso y de f\u00e1cil lectura, integra la anatom\u00eda macrosc\u00f3pica y la embriolog\u00eda con im\u00e1genes histol\u00f3gicas cl\u00e1sicas y con t\u00e9cnicas microsc\u00f3picas de vanguardia para facilitar una comprensi\u00f3n clara y visual de esta compleja materia. A trav\u00e9s de im\u00e1genes histopatol\u00f3gicas y cuadros de apuntes cl\u00ednicos, este libro de texto-atlas recoge los conceptos histopatol\u00f3gicos indispensables y sus respectivas correlaciones cl\u00ednicas.<\/p><p>Incluye micrograf\u00edas \u00f3pticas y electr\u00f3nicas de gran calidad, entre ellas micrograf\u00edas electr\u00f3nicas optimizadas y coloreadas que muestran las ultraestructuras tridimensionales, junto con las cl\u00e1sicas ilustraciones de Frank H. Netter que permiten relacionar los conocimientos de anatom\u00eda y biolog\u00eda celular con los hallazgos observados en las micrograf\u00edas.<\/p><p>La obra se divide en dos grandes partes. En la primera se ofrece una visi\u00f3n general de los diferentes tipos de tejidos (Cap. 1 a 7) y en la segunda (Cap. 8 a 20) se describen los principales aspectos histol\u00f3gicos de los diferentes sistemas del organismo. En ambas partes, cada cap\u00edtulo se inicia con una p\u00e1gina resumen de todos los aspectos que van a tratarse.<\/p><p>Ofrece acceso online a v\u00eddeos resumen de cada cap\u00edtulo locutados por el autor (en ingl\u00e9s), as\u00ed como a micrograf\u00edas electr\u00f3nicas y preparaciones al microscopio \u00f3ptico digitalizadas de alta resoluci\u00f3n, ampliables y que incluyen hallazgos histopatol\u00f3gicos. Incluye el acceso a la versi\u00f3n electr\u00f3nica del libro (en ingl\u00e9s) a trav\u00e9s de Student Consult. Este ebook permiteacceder a todo el texto, las figuras y el contenido adicional del libro desde distintos dispositivos.<\/p>\t\t\t\t\t\t\t\t<\/div>\n\t\t\t\t<\/div>\n\t\t\t\t\t<\/div>\n\t\t\t\t<\/div>\n\t\t\t\t<\/div>\n\t\t","protected":false},"excerpt":{"rendered":"<p><strong>Autores:<\/strong>\u00a0William K. Ovalle, PhD and Patrick C. Nahirney, PhD<br \/>\n<strong>ISBN:<\/strong>\u00a09788491139539<br \/>\n<strong>Editorial:<\/strong>\u00a0Elsevier<br \/>\n<strong>Edici\u00f3n:<\/strong>\u00a03\u00aa<br \/>\n<strong>Especialidad<\/strong>:\u00a0Histolog\u00eda<br \/>\n<strong>P\u00e1ginas<\/strong>: 554<br \/>\n\u00a9 2021<\/p>\n","protected":false},"featured_media":14053,"comment_status":"open","ping_status":"open","template":"","meta":{"_joinchat":[]},"product_cat":[154],"product_tag":[85,155],"class_list":{"0":"post-14052","1":"product","2":"type-product","3":"status-publish","4":"has-post-thumbnail","6":"product_cat-histologia","7":"product_tag-elsevier","8":"product_tag-histologia","10":"first","11":"instock","12":"featured","13":"taxable","14":"shipping-taxable","15":"purchasable","16":"product-type-simple"},"_links":{"self":[{"href":"https:\/\/edimeinter.com\/libreria\/wp-json\/wp\/v2\/product\/14052","targetHints":{"allow":["GET"]}}],"collection":[{"href":"https:\/\/edimeinter.com\/libreria\/wp-json\/wp\/v2\/product"}],"about":[{"href":"https:\/\/edimeinter.com\/libreria\/wp-json\/wp\/v2\/types\/product"}],"replies":[{"embeddable":true,"href":"https:\/\/edimeinter.com\/libreria\/wp-json\/wp\/v2\/comments?post=14052"}],"version-history":[{"count":1,"href":"https:\/\/edimeinter.com\/libreria\/wp-json\/wp\/v2\/product\/14052\/revisions"}],"predecessor-version":[{"id":16107,"href":"https:\/\/edimeinter.com\/libreria\/wp-json\/wp\/v2\/product\/14052\/revisions\/16107"}],"wp:featuredmedia":[{"embeddable":true,"href":"https:\/\/edimeinter.com\/libreria\/wp-json\/wp\/v2\/media\/14053"}],"wp:attachment":[{"href":"https:\/\/edimeinter.com\/libreria\/wp-json\/wp\/v2\/media?parent=14052"}],"wp:term":[{"taxonomy":"product_cat","embeddable":true,"href":"https:\/\/edimeinter.com\/libreria\/wp-json\/wp\/v2\/product_cat?post=14052"},{"taxonomy":"product_tag","embeddable":true,"href":"https:\/\/edimeinter.com\/libreria\/wp-json\/wp\/v2\/product_tag?post=14052"}],"curies":[{"name":"wp","href":"https:\/\/api.w.org\/{rel}","templated":true}]}}