{"id":14079,"date":"2025-02-21T22:31:32","date_gmt":"2025-02-21T22:31:32","guid":{"rendered":"https:\/\/edimeinter.com\/libreria\/?post_type=product&#038;p=14079"},"modified":"2025-03-11T21:07:08","modified_gmt":"2025-03-11T21:07:08","slug":"fundamentos-de-radiologia-dental-6a-edicion","status":"publish","type":"product","link":"https:\/\/edimeinter.com\/libreria\/product\/fundamentos-de-radiologia-dental-6a-edicion\/","title":{"rendered":"Fundamentos de radiolog\u00eda dental. 6\u00aa Edici\u00f3n"},"content":{"rendered":"\t\t<div data-elementor-type=\"wp-post\" data-elementor-id=\"14079\" class=\"elementor elementor-14079\">\n\t\t\t\t<div class=\"elementor-element elementor-element-2612b12 e-flex e-con-boxed e-con e-parent\" data-id=\"2612b12\" data-element_type=\"container\" data-e-type=\"container\">\n\t\t\t\t\t<div class=\"e-con-inner\">\n\t\t\n\t\t<div class=\"elementor-element elementor-element-498707ae elementor-widget elementor-widget-text-editor\" data-id=\"498707ae\" data-element_type=\"widget\" data-e-type=\"widget\" data-widget_type=\"text-editor.default\">\n\t\t\t\t<div class=\"elementor-widget-container\">\n\t\t\t\t\t\t\t\t\t<p>Nueva edici\u00f3n del texto de referencia y de primera adopci\u00f3n en el campo de la radiolog\u00eda dental para los estudiantes del grado de Odontolog\u00eda.<\/p><p>La obra se presenta con un alto grado de estructuraci\u00f3n y de f\u00e1cil comprensi\u00f3n. Uno de sus valores a\u00f1adidos es que cubre tanto la tecnolog\u00eda subyacente a la obtenci\u00f3n de una imagen como la interpretaci\u00f3n de la misma. Se posiciona como un \u00abmust have\u00bb, ya que el estudiante en su futura pr\u00e1ctica cl\u00ednica deber\u00e1 ser capaz de interpretar im\u00e1genes de radiodiagn\u00f3stico.<\/p><p>Inclusi\u00f3n de \u00abobjetivo de aprendizaje\u00bb al inicio de cap\u00edtulo. \u2013 Inclusi\u00f3n de apartados de \u00abanatom\u00eda normal\u00bb al inicio de cap\u00edtulo en aquellos casos en que se precise,- Inclusi\u00f3n de preguntas de autoevaluaci\u00f3n al final de cada cap\u00edtulo,- Actualizaci\u00f3n e inclusi\u00f3n de nuevas im\u00e1genes de radiodiagn\u00f3stico, haciendo especial \u00e9nfasis en el uso de la tecnolog\u00eda digital vs la tradicional. A nivel de formato, la obra ha pasado a incoporar el color en toda sus p\u00e1ginas.<\/p><p>Perfecto tanto para estudiantes de grado y posgrado como para especialistas en formaci\u00f3n y odont\u00f3logos generales, Fundamentos de radiolog\u00eda dental se ha convertido en el libro imprescindible para todos aquellos que ejercen o se proponen ejercer la odontolog\u00eda cl\u00ednica.<\/p>\t\t\t\t\t\t\t\t<\/div>\n\t\t\t\t<\/div>\n\t\t\t\t\t<\/div>\n\t\t\t\t<\/div>\n\t\t\t\t<\/div>\n\t\t","protected":false},"excerpt":{"rendered":"<p><strong>Autores:<\/strong>\u00a0Eric Whaites, MSc BDS(Hons) FDSRCS(Edin) FDSRCS(Eng) FRCR DDRRCR, Eric Whaites, MSc BDS(Hons) FDSRCS(Edin) FDSRCS(Eng) FRCR DDRRCR and Nicholas Drage, BDS(Hons) FDSRCS(Eng) FDSRCPS(Glas) DDRRCR<br \/>\n<strong>ISBN:<\/strong>\u00a09788491138358<br \/>\n<strong>Editorial:<\/strong>\u00a0Elsevier<br \/>\n<strong>Edici\u00f3n:<\/strong>\u00a06\u00aa<br \/>\n<strong>Especialidad<\/strong>: Odontolog\u00eda<br \/>\n<strong>P\u00e1ginas<\/strong>: 496<br \/>\n\u00a9 2021<\/p>\n","protected":false},"featured_media":14080,"comment_status":"open","ping_status":"open","template":"","meta":{"_joinchat":[]},"product_cat":[140],"product_tag":[85,141],"class_list":{"0":"post-14079","1":"product","2":"type-product","3":"status-publish","4":"has-post-thumbnail","6":"product_cat-odontologia-y-ortodoncia","7":"product_tag-elsevier","8":"product_tag-odontologia-y-ortodoncia","10":"first","11":"instock","12":"featured","13":"taxable","14":"shipping-taxable","15":"purchasable","16":"product-type-simple"},"_links":{"self":[{"href":"https:\/\/edimeinter.com\/libreria\/wp-json\/wp\/v2\/product\/14079","targetHints":{"allow":["GET"]}}],"collection":[{"href":"https:\/\/edimeinter.com\/libreria\/wp-json\/wp\/v2\/product"}],"about":[{"href":"https:\/\/edimeinter.com\/libreria\/wp-json\/wp\/v2\/types\/product"}],"replies":[{"embeddable":true,"href":"https:\/\/edimeinter.com\/libreria\/wp-json\/wp\/v2\/comments?post=14079"}],"version-history":[{"count":1,"href":"https:\/\/edimeinter.com\/libreria\/wp-json\/wp\/v2\/product\/14079\/revisions"}],"predecessor-version":[{"id":16111,"href":"https:\/\/edimeinter.com\/libreria\/wp-json\/wp\/v2\/product\/14079\/revisions\/16111"}],"wp:featuredmedia":[{"embeddable":true,"href":"https:\/\/edimeinter.com\/libreria\/wp-json\/wp\/v2\/media\/14080"}],"wp:attachment":[{"href":"https:\/\/edimeinter.com\/libreria\/wp-json\/wp\/v2\/media?parent=14079"}],"wp:term":[{"taxonomy":"product_cat","embeddable":true,"href":"https:\/\/edimeinter.com\/libreria\/wp-json\/wp\/v2\/product_cat?post=14079"},{"taxonomy":"product_tag","embeddable":true,"href":"https:\/\/edimeinter.com\/libreria\/wp-json\/wp\/v2\/product_tag?post=14079"}],"curies":[{"name":"wp","href":"https:\/\/api.w.org\/{rel}","templated":true}]}}