{"id":14109,"date":"2025-02-21T22:57:55","date_gmt":"2025-02-21T22:57:55","guid":{"rendered":"https:\/\/edimeinter.com\/libreria\/?post_type=product&#038;p=14109"},"modified":"2025-11-13T22:53:24","modified_gmt":"2025-11-13T22:53:24","slug":"feneis-nomenclatura-anatomica-ilustrada-6a-edicion","status":"publish","type":"product","link":"https:\/\/edimeinter.com\/libreria\/product\/feneis-nomenclatura-anatomica-ilustrada-6a-edicion\/","title":{"rendered":"Feneis. Nomenclatura anat\u00f3mica ilustrada. 6\u00aa Edici\u00f3n"},"content":{"rendered":"\t\t<div data-elementor-type=\"wp-post\" data-elementor-id=\"14109\" class=\"elementor elementor-14109\">\n\t\t\t\t<div class=\"elementor-element elementor-element-2612b12 e-flex e-con-boxed e-con e-parent\" data-id=\"2612b12\" data-element_type=\"container\" data-e-type=\"container\">\n\t\t\t\t\t<div class=\"e-con-inner\">\n\t\t\n\t\t<div class=\"elementor-element elementor-element-498707ae elementor-widget elementor-widget-text-editor\" data-id=\"498707ae\" data-element_type=\"widget\" data-e-type=\"widget\" data-widget_type=\"text-editor.default\">\n\t\t\t\t<div class=\"elementor-widget-container\">\n\t\t\t\t\t\t\t\t\t<p>Este libro de bolsillo es un verdadero cl\u00e1sico de la anatom\u00eda. Durante m\u00e1s de 50 a\u00f1os, Feneis se ha consolidado como un est\u00e1ndar de referencia: todos los t\u00e9rminos anat\u00f3micos se explican mediante textos e ilustraciones de forma breve, concisa y precisa.<\/p><p>La obra se basa en la completa y nueva Terminolog\u00eda Anat\u00f3mica oficial definida por el FIPAT (Federative International Programme for Anatomical Terminology).<\/p><p>Tres \u00edndices terminol\u00f3gicos, en lat\u00edn, ingl\u00e9s y espa\u00f1ol, de gran ayuda para la traducci\u00f3n de los t\u00e9rminos en publicaciones cient\u00edficas y para la comunicaci\u00f3n con especialistas de otros pa\u00edses.<\/p><p>M\u00e1s de 8.000 t\u00e9rminos definidos de manera concisa e incluidos en al menos una de las m\u00e1s de 800 ilustraciones anat\u00f3micas. Una jerarqu\u00eda clara de los t\u00e9rminos permite la r\u00e1pida orientaci\u00f3n dentro de la anatom\u00eda.<\/p><p>Destinada a estudiantes de Medicina y Odontolog\u00eda, m\u00e9dicos, cient\u00edficos y todos aquellos que desean alcanzar un correcto conocimiento de la terminolog\u00eda anat\u00f3mica. Ideal para refrescar conceptos y para la preparaci\u00f3n de ex\u00e1menes.<\/p>\t\t\t\t\t\t\t\t<\/div>\n\t\t\t\t<\/div>\n\t\t\t\t\t<\/div>\n\t\t\t\t<\/div>\n\t\t\t\t<\/div>\n\t\t","protected":false},"excerpt":{"rendered":"<p><strong>Autores:<\/strong>\u00a0Wolfgang Dauber<br \/>\n<strong>ISBN:<\/strong>\u00a09788491137887<br \/>\n<strong>Editorial:<\/strong>\u00a0Elsevier<br \/>\n<strong>Edici\u00f3n:<\/strong>\u00a06\u00aa<br \/>\n<strong>Especialidad<\/strong>: Anatom\u00eda<br \/>\n<strong>P\u00e1ginas<\/strong>: 616<br \/>\n\u00a9 2021<\/p>\n","protected":false},"featured_media":14110,"comment_status":"open","ping_status":"closed","template":"","meta":{"_joinchat":[]},"product_cat":[100],"product_tag":[101,85],"class_list":{"0":"post-14109","1":"product","2":"type-product","3":"status-publish","4":"has-post-thumbnail","6":"product_cat-anatomia","7":"product_tag-anatomia","8":"product_tag-elsevier","10":"first","11":"instock","12":"featured","13":"taxable","14":"shipping-taxable","15":"purchasable","16":"product-type-simple"},"_links":{"self":[{"href":"https:\/\/edimeinter.com\/libreria\/wp-json\/wp\/v2\/product\/14109","targetHints":{"allow":["GET"]}}],"collection":[{"href":"https:\/\/edimeinter.com\/libreria\/wp-json\/wp\/v2\/product"}],"about":[{"href":"https:\/\/edimeinter.com\/libreria\/wp-json\/wp\/v2\/types\/product"}],"replies":[{"embeddable":true,"href":"https:\/\/edimeinter.com\/libreria\/wp-json\/wp\/v2\/comments?post=14109"}],"version-history":[{"count":2,"href":"https:\/\/edimeinter.com\/libreria\/wp-json\/wp\/v2\/product\/14109\/revisions"}],"predecessor-version":[{"id":16288,"href":"https:\/\/edimeinter.com\/libreria\/wp-json\/wp\/v2\/product\/14109\/revisions\/16288"}],"wp:featuredmedia":[{"embeddable":true,"href":"https:\/\/edimeinter.com\/libreria\/wp-json\/wp\/v2\/media\/14110"}],"wp:attachment":[{"href":"https:\/\/edimeinter.com\/libreria\/wp-json\/wp\/v2\/media?parent=14109"}],"wp:term":[{"taxonomy":"product_cat","embeddable":true,"href":"https:\/\/edimeinter.com\/libreria\/wp-json\/wp\/v2\/product_cat?post=14109"},{"taxonomy":"product_tag","embeddable":true,"href":"https:\/\/edimeinter.com\/libreria\/wp-json\/wp\/v2\/product_tag?post=14109"}],"curies":[{"name":"wp","href":"https:\/\/api.w.org\/{rel}","templated":true}]}}