{"id":14159,"date":"2025-02-22T21:47:26","date_gmt":"2025-02-22T21:47:26","guid":{"rendered":"https:\/\/edimeinter.com\/libreria\/?post_type=product&#038;p=14159"},"modified":"2025-03-11T21:13:54","modified_gmt":"2025-03-11T21:13:54","slug":"cuidado-de-heridas-en-enfermeria-3a-edicion-copia","status":"publish","type":"product","link":"https:\/\/edimeinter.com\/libreria\/product\/cuidado-de-heridas-en-enfermeria-3a-edicion-copia\/","title":{"rendered":"Gu\u00eda farmacol\u00f3gica en tratamiento parenteral y cuidados de enfermer\u00eda. 2\u00aa Edici\u00f3n"},"content":{"rendered":"\t\t<div data-elementor-type=\"wp-post\" data-elementor-id=\"14159\" class=\"elementor elementor-14159\">\n\t\t\t\t<div class=\"elementor-element elementor-element-2612b12 e-flex e-con-boxed e-con e-parent\" data-id=\"2612b12\" data-element_type=\"container\" data-e-type=\"container\">\n\t\t\t\t\t<div class=\"e-con-inner\">\n\t\t\n\t\t<div class=\"elementor-element elementor-element-498707ae elementor-widget elementor-widget-text-editor\" data-id=\"498707ae\" data-element_type=\"widget\" data-e-type=\"widget\" data-widget_type=\"text-editor.default\">\n\t\t\t\t<div class=\"elementor-widget-container\">\n\t\t\t\t\t\t\t\t\t<p>Toda la informaci\u00f3n \u00fatil y necesaria sobre el uso de f\u00e1rmacos administrados por v\u00eda parenteral. Recoge los aspectos te\u00f3ricos y pr\u00e1cticos indispensables para llevar a cabo una buena praxis.<\/p><p>Una gu\u00eda, pr\u00e1ctica, sencilla y de f\u00e1cil consulta, que se caracteriza por presentar contenidos tan novedosos y diferenciadores como el modo de preparaci\u00f3n del f\u00e1rmaco, el suero indicado para cada diluci\u00f3n, las incompatibilidades e interacciones con otros f\u00e1rmacos, el tiempo de administraci\u00f3n y los cuidados de enfermer\u00eda necesarios para administrar el f\u00e1rmaco, por lo que se ha con vertido en el mejor aliado del profesional a la hora de prescribir y administrar tratamientos.<\/p><p>El contenido ha sido revisado y actualizado, se ha ampliado la lista y presenta m\u00e1s de 250 f\u00e1rmacos e incorpora un nuevo apartado sobre seguridad de los f\u00e1rmacos durante el embarazo y la lactancia<\/p><p>La obra va dirigida a m\u00e9dicos y enfermeras, tanto de unidades especializa das de hospitalizaci\u00f3n como de atenci\u00f3n primaria y prehospitalaria, as\u00ed como a estudiantes de Medicina y Enfermer\u00eda.<\/p>\t\t\t\t\t\t\t\t<\/div>\n\t\t\t\t<\/div>\n\t\t\t\t\t<\/div>\n\t\t\t\t<\/div>\n\t\t\t\t<\/div>\n\t\t","protected":false},"excerpt":{"rendered":"<p><strong>Autores:<\/strong>\u00a0Jorge \u00c1lvarez L\u00f3pez and Jes\u00fas Flores Gonz\u00e1lez<br \/>\n<strong>ISBN:<\/strong>\u00a09788491136774<br \/>\n<strong>Editorial:<\/strong>\u00a0Elsevier<br \/>\n<strong>Edici\u00f3n:<\/strong>\u00a02\u00aa<br \/>\n<strong>Especialidad<\/strong>:\u00a0Enfermer\u00eda<br \/>\n<strong>P\u00e1ginas<\/strong>: 632<br \/>\n\u00a9 2021<\/p>\n","protected":false},"featured_media":14160,"comment_status":"open","ping_status":"open","template":"","meta":{"_joinchat":[]},"product_cat":[115],"product_tag":[85,82],"class_list":{"0":"post-14159","1":"product","2":"type-product","3":"status-publish","4":"has-post-thumbnail","6":"product_cat-enfermeria","7":"product_tag-elsevier","8":"product_tag-enfermeria","10":"first","11":"instock","12":"featured","13":"taxable","14":"shipping-taxable","15":"purchasable","16":"product-type-simple"},"_links":{"self":[{"href":"https:\/\/edimeinter.com\/libreria\/wp-json\/wp\/v2\/product\/14159","targetHints":{"allow":["GET"]}}],"collection":[{"href":"https:\/\/edimeinter.com\/libreria\/wp-json\/wp\/v2\/product"}],"about":[{"href":"https:\/\/edimeinter.com\/libreria\/wp-json\/wp\/v2\/types\/product"}],"replies":[{"embeddable":true,"href":"https:\/\/edimeinter.com\/libreria\/wp-json\/wp\/v2\/comments?post=14159"}],"version-history":[{"count":2,"href":"https:\/\/edimeinter.com\/libreria\/wp-json\/wp\/v2\/product\/14159\/revisions"}],"predecessor-version":[{"id":16121,"href":"https:\/\/edimeinter.com\/libreria\/wp-json\/wp\/v2\/product\/14159\/revisions\/16121"}],"wp:featuredmedia":[{"embeddable":true,"href":"https:\/\/edimeinter.com\/libreria\/wp-json\/wp\/v2\/media\/14160"}],"wp:attachment":[{"href":"https:\/\/edimeinter.com\/libreria\/wp-json\/wp\/v2\/media?parent=14159"}],"wp:term":[{"taxonomy":"product_cat","embeddable":true,"href":"https:\/\/edimeinter.com\/libreria\/wp-json\/wp\/v2\/product_cat?post=14159"},{"taxonomy":"product_tag","embeddable":true,"href":"https:\/\/edimeinter.com\/libreria\/wp-json\/wp\/v2\/product_tag?post=14159"}],"curies":[{"name":"wp","href":"https:\/\/api.w.org\/{rel}","templated":true}]}}