{"id":14165,"date":"2025-02-22T22:00:27","date_gmt":"2025-02-22T22:00:27","guid":{"rendered":"https:\/\/edimeinter.com\/libreria\/?post_type=product&#038;p=14165"},"modified":"2025-03-11T21:15:30","modified_gmt":"2025-03-11T21:15:30","slug":"procedimientos-de-enfermeria-clinica-6a-edicion","status":"publish","type":"product","link":"https:\/\/edimeinter.com\/libreria\/product\/procedimientos-de-enfermeria-clinica-6a-edicion\/","title":{"rendered":"Procedimientos de enfermer\u00eda cl\u00ednica. 6\u00aa Edici\u00f3n"},"content":{"rendered":"\t\t<div data-elementor-type=\"wp-post\" data-elementor-id=\"14165\" class=\"elementor elementor-14165\">\n\t\t\t\t<div class=\"elementor-element elementor-element-2612b12 e-flex e-con-boxed e-con e-parent\" data-id=\"2612b12\" data-element_type=\"container\" data-e-type=\"container\">\n\t\t\t\t\t<div class=\"e-con-inner\">\n\t\t\n\t\t<div class=\"elementor-element elementor-element-498707ae elementor-widget elementor-widget-text-editor\" data-id=\"498707ae\" data-element_type=\"widget\" data-e-type=\"widget\" data-widget_type=\"text-editor.default\">\n\t\t\t\t<div class=\"elementor-widget-container\">\n\t\t\t\t\t\t\t\t\t<p>Nueva edici\u00f3n de este reconocido y respetado texto que proporciona una clara referencia paso a paso de los procedimientos de enfermer\u00eda cl\u00ednica y de los resultados del aprendizaje.<\/p><p>Destaca por adoptar un enfoque centrado en el aprendizaje, m\u00e1s que en la mera exposici\u00f3n de las t\u00e9cnicas. Como en ediciones anteriores, la atenci\u00f3n se centra en una perspectiva hol\u00edstica, con el reconocimiento prioritario de que cada paciente constituye una realidad individual.<\/p><p>Dota los lectores de los conocimientos necesarios para prestar una atenci\u00f3n de la m\u00e1s alta calidad a cada uno de los pacientes, de forma segura y eficaz. Cada procedimiento contiene informaci\u00f3n razonada para la educaci\u00f3n del paciente, adem\u00e1s de una gu\u00eda de actuaci\u00f3n paso a paso.<\/p><p>La obra se dirige a los estudiantes de Enfermer\u00eda que se enfrentan a los procedimientos por primera vez, a los profesionales de enfermer\u00eda reci\u00e9n titulados que necesitan revisar sus conocimientos y a los que vuelven al trabajo y necesitan actualizarlos.<\/p>\t\t\t\t\t\t\t\t<\/div>\n\t\t\t\t<\/div>\n\t\t\t\t\t<\/div>\n\t\t\t\t<\/div>\n\t\t\t\t<\/div>\n\t\t","protected":false},"excerpt":{"rendered":"<p><strong>Autores:<\/strong>\u00a0Sarah Renton, Claire McGuinness and Evelyn Strachan<br \/>\n<strong>ISBN:<\/strong>\u00a09788491139058<br \/>\n<strong>Editorial:<\/strong>\u00a0Elsevier<br \/>\n<strong>Edici\u00f3n:<\/strong>\u00a06\u00aa<br \/>\n<strong>Especialidad<\/strong>:\u00a0Enfermer\u00eda<br \/>\n<strong>P\u00e1ginas<\/strong>: 304<br \/>\n\u00a9 2021<\/p>\n","protected":false},"featured_media":14166,"comment_status":"open","ping_status":"open","template":"","meta":{"_joinchat":[]},"product_cat":[115],"product_tag":[85,82],"class_list":{"0":"post-14165","1":"product","2":"type-product","3":"status-publish","4":"has-post-thumbnail","6":"product_cat-enfermeria","7":"product_tag-elsevier","8":"product_tag-enfermeria","10":"first","11":"instock","12":"featured","13":"taxable","14":"shipping-taxable","15":"purchasable","16":"product-type-simple"},"_links":{"self":[{"href":"https:\/\/edimeinter.com\/libreria\/wp-json\/wp\/v2\/product\/14165","targetHints":{"allow":["GET"]}}],"collection":[{"href":"https:\/\/edimeinter.com\/libreria\/wp-json\/wp\/v2\/product"}],"about":[{"href":"https:\/\/edimeinter.com\/libreria\/wp-json\/wp\/v2\/types\/product"}],"replies":[{"embeddable":true,"href":"https:\/\/edimeinter.com\/libreria\/wp-json\/wp\/v2\/comments?post=14165"}],"version-history":[{"count":1,"href":"https:\/\/edimeinter.com\/libreria\/wp-json\/wp\/v2\/product\/14165\/revisions"}],"predecessor-version":[{"id":16122,"href":"https:\/\/edimeinter.com\/libreria\/wp-json\/wp\/v2\/product\/14165\/revisions\/16122"}],"wp:featuredmedia":[{"embeddable":true,"href":"https:\/\/edimeinter.com\/libreria\/wp-json\/wp\/v2\/media\/14166"}],"wp:attachment":[{"href":"https:\/\/edimeinter.com\/libreria\/wp-json\/wp\/v2\/media?parent=14165"}],"wp:term":[{"taxonomy":"product_cat","embeddable":true,"href":"https:\/\/edimeinter.com\/libreria\/wp-json\/wp\/v2\/product_cat?post=14165"},{"taxonomy":"product_tag","embeddable":true,"href":"https:\/\/edimeinter.com\/libreria\/wp-json\/wp\/v2\/product_tag?post=14165"}],"curies":[{"name":"wp","href":"https:\/\/api.w.org\/{rel}","templated":true}]}}