{"id":14212,"date":"2025-02-23T16:49:01","date_gmt":"2025-02-23T16:49:01","guid":{"rendered":"https:\/\/edimeinter.com\/libreria\/?post_type=product&#038;p=14212"},"modified":"2025-03-11T21:21:24","modified_gmt":"2025-03-11T21:21:24","slug":"urologia-practica-5a-edicion","status":"publish","type":"product","link":"https:\/\/edimeinter.com\/libreria\/product\/urologia-practica-5a-edicion\/","title":{"rendered":"Urolog\u00eda pr\u00e1ctica. 5\u00aa Edici\u00f3n"},"content":{"rendered":"\t\t<div data-elementor-type=\"wp-post\" data-elementor-id=\"14212\" class=\"elementor elementor-14212\">\n\t\t\t\t<div class=\"elementor-element elementor-element-2612b12 e-flex e-con-boxed e-con e-parent\" data-id=\"2612b12\" data-element_type=\"container\" data-e-type=\"container\">\n\t\t\t\t\t<div class=\"e-con-inner\">\n\t\t\n\t\t<div class=\"elementor-element elementor-element-498707ae elementor-widget elementor-widget-text-editor\" data-id=\"498707ae\" data-element_type=\"widget\" data-e-type=\"widget\" data-widget_type=\"text-editor.default\">\n\t\t\t\t<div class=\"elementor-widget-container\">\n\t\t\t\t\t\t\t\t\t<p><strong>Urolog\u00eda Pr\u00e1ctica 5\u00aa ed<\/strong>\u00a0es un libro de consulta pensado para ur\u00f3logos m\u00e9dicos de otras especialidades y estudiantes de Medicina que quieran acceder a una informaci\u00f3n resumida rigurosa y completamente actualizada sobre cualquier tema de la patolog\u00eda urogenital. Adem\u00e1s su car\u00e1cter esquem\u00e1tico con numerosos diagramas de muy f\u00e1cil comprensi\u00f3n y tablas de f\u00e1rmacos (que incluyen el principio activo la dosis y la duraci\u00f3n del tratamiento) lo hace id\u00f3neo para ser revisado r\u00e1pidamente en la propia consulta en urgencias o a pie de cama del paciente ingresado.<\/p><p>En definitiva esta\u00a0<strong>5\u00aa edici\u00f3n<\/strong>\u00a0de\u00a0<strong>Urolog\u00eda Pr\u00e1ctica<\/strong>\u00a0mantiene el formato eminentemente \u00fatil y actualizado de ediciones anteriores pero va m\u00e1s all\u00e1 incluyendo nuevos cap\u00edtulos m\u00e1s tablas diagramas de flujo dibujos fotograf\u00edas y c\u00f3digos QR que permitir\u00e1n al lector interesado obtener una informaci\u00f3n resumida de r\u00e1pido acceso y f\u00e1cil comprensi\u00f3n.<\/p>\t\t\t\t\t\t\t\t<\/div>\n\t\t\t\t<\/div>\n\t\t\t\t\t<\/div>\n\t\t\t\t<\/div>\n\t\t\t\t<\/div>\n\t\t","protected":false},"excerpt":{"rendered":"<p><strong>Autores:<\/strong>\u00a0Enrique Broseta Rico &amp; Alberto Bud\u00eda Alba &amp; Juan Pablo Burgu\u00e9s Gasi\u00f3n &amp; Saturnino Luj\u00e1n Marco<br \/>\n<strong>ISBN:<\/strong>\u00a09788491135296<br \/>\n<strong>Editorial:<\/strong>\u00a0Elsevier<br \/>\n<strong>Edici\u00f3n:<\/strong>\u00a05\u00aa<br \/>\n<strong>Especialidad<\/strong>: Urolog\u00eda<br \/>\n<strong>P\u00e1ginas<\/strong>: 1040<br \/>\n\u00a9 2020<\/p>\n","protected":false},"featured_media":14213,"comment_status":"open","ping_status":"open","template":"","meta":{"_joinchat":[]},"product_cat":[148],"product_tag":[85,149],"class_list":{"0":"post-14212","1":"product","2":"type-product","3":"status-publish","4":"has-post-thumbnail","6":"product_cat-urologia","7":"product_tag-elsevier","8":"product_tag-urologia","10":"first","11":"outofstock","12":"featured","13":"taxable","14":"shipping-taxable","15":"purchasable","16":"product-type-simple"},"_links":{"self":[{"href":"https:\/\/edimeinter.com\/libreria\/wp-json\/wp\/v2\/product\/14212","targetHints":{"allow":["GET"]}}],"collection":[{"href":"https:\/\/edimeinter.com\/libreria\/wp-json\/wp\/v2\/product"}],"about":[{"href":"https:\/\/edimeinter.com\/libreria\/wp-json\/wp\/v2\/types\/product"}],"replies":[{"embeddable":true,"href":"https:\/\/edimeinter.com\/libreria\/wp-json\/wp\/v2\/comments?post=14212"}],"version-history":[{"count":4,"href":"https:\/\/edimeinter.com\/libreria\/wp-json\/wp\/v2\/product\/14212\/revisions"}],"predecessor-version":[{"id":14217,"href":"https:\/\/edimeinter.com\/libreria\/wp-json\/wp\/v2\/product\/14212\/revisions\/14217"}],"wp:featuredmedia":[{"embeddable":true,"href":"https:\/\/edimeinter.com\/libreria\/wp-json\/wp\/v2\/media\/14213"}],"wp:attachment":[{"href":"https:\/\/edimeinter.com\/libreria\/wp-json\/wp\/v2\/media?parent=14212"}],"wp:term":[{"taxonomy":"product_cat","embeddable":true,"href":"https:\/\/edimeinter.com\/libreria\/wp-json\/wp\/v2\/product_cat?post=14212"},{"taxonomy":"product_tag","embeddable":true,"href":"https:\/\/edimeinter.com\/libreria\/wp-json\/wp\/v2\/product_tag?post=14212"}],"curies":[{"name":"wp","href":"https:\/\/api.w.org\/{rel}","templated":true}]}}