{"id":14239,"date":"2025-02-23T17:30:58","date_gmt":"2025-02-23T17:30:58","guid":{"rendered":"https:\/\/edimeinter.com\/libreria\/?post_type=product&#038;p=14239"},"modified":"2025-03-12T16:29:06","modified_gmt":"2025-03-12T16:29:06","slug":"wheeler-anatomia-fisiologia-y-oclusion-dental-11a-edicion","status":"publish","type":"product","link":"https:\/\/edimeinter.com\/libreria\/product\/wheeler-anatomia-fisiologia-y-oclusion-dental-11a-edicion\/","title":{"rendered":"Wheeler. Anatom\u00eda fisiolog\u00eda y oclusi\u00f3n dental. 11\u00aa Edici\u00f3n"},"content":{"rendered":"\t\t<div data-elementor-type=\"wp-post\" data-elementor-id=\"14239\" class=\"elementor elementor-14239\">\n\t\t\t\t<div class=\"elementor-element elementor-element-2612b12 e-flex e-con-boxed e-con e-parent\" data-id=\"2612b12\" data-element_type=\"container\" data-e-type=\"container\">\n\t\t\t\t\t<div class=\"e-con-inner\">\n\t\t\n\t\t<div class=\"elementor-element elementor-element-498707ae elementor-widget elementor-widget-text-editor\" data-id=\"498707ae\" data-element_type=\"widget\" data-e-type=\"widget\" data-widget_type=\"text-editor.default\">\n\t\t\t\t<div class=\"elementor-widget-container\">\n\t\t\t\t\t\t\t\t\t<p>La und\u00e9cima edici\u00f3n de esta referencia de la odontolog\u00eda se centra en las aplicaciones cl\u00ednicas y proporciona una visi\u00f3n incomparable de la anatom\u00eda pr\u00e1ctica incluyendo las denticiones la formaci\u00f3n de la pulpa la secuencia de la erupci\u00f3n dental y numerosos aspectos cl\u00ednicos.<\/p><p>Proporciona informaci\u00f3n actualizada que incorpora las m\u00e1s recientes investigaciones para ofrecer al lector las mejores pr\u00e1cticas. Incluye objetivos de aprendizaje y preguntas preliminares al comienzo de cada cap\u00edtulo a fin de ayudar al lector a centrarse en las expectativas de adquisici\u00f3n de conocimientos y pensamiento cr\u00edtico.<\/p><p>Ofrece un cap\u00edtulo enteramente dedicado a las aplicaciones cl\u00ednicas con actividades pr\u00e1cticas y casos cl\u00ednicos como preparaci\u00f3n para los ex\u00e1menes. Incorpora dos \u00fatiles ap\u00e9ndices que ayudan a repasar la morfolog\u00eda dental y las caracter\u00edsticas de la dentici\u00f3n permanente. Contiene m\u00e1s de 800 figuras en color que incluyen tanto detalladas ilustraciones anat\u00f3micas como excelentes fotograf\u00edas cl\u00ednicas.<\/p><p>Acceso a la p\u00e1gina web de Expert Consult donde puede accederse a numerosos recursos como ejercicios pr\u00e1cticos animaciones v\u00eddeos cuestionarios y presentaciones de PowerPoint. El contenido de ExpertConsult.com est\u00e1 \u00edntegramente en ingl\u00e9s.<\/p><p>Esta obra ofrece la informaci\u00f3n m\u00e1s actualizada las mejores pr\u00e1cticas y las herramientas necesarias para superar con \u00e9xito la asignatura y proporcionar las bases para una exitosa futura pr\u00e1ctica cl\u00ednica.<\/p>\t\t\t\t\t\t\t\t<\/div>\n\t\t\t\t<\/div>\n\t\t\t\t\t<\/div>\n\t\t\t\t<\/div>\n\t\t\t\t<\/div>\n\t\t","protected":false},"excerpt":{"rendered":"<p><strong>Autores:<\/strong>\u00a0Stanley J. Nelson<br \/>\n<strong>ISBN:<\/strong>\u00a09788491138068<br \/>\n<strong>Editorial:<\/strong>\u00a0Elsevier<br \/>\n<strong>Edici\u00f3n:<\/strong>\u00a011\u00aa<br \/>\n<strong>Especialidad<\/strong>: Odontolog\u00eda y Ortodoncia<br \/>\n<strong>P\u00e1ginas<\/strong>: 336<br \/>\n\u00a9 2020<\/p>\n","protected":false},"featured_media":14240,"comment_status":"open","ping_status":"open","template":"","meta":{"_joinchat":[]},"product_cat":[140],"product_tag":[85,141],"class_list":{"0":"post-14239","1":"product","2":"type-product","3":"status-publish","4":"has-post-thumbnail","6":"product_cat-odontologia-y-ortodoncia","7":"product_tag-elsevier","8":"product_tag-odontologia-y-ortodoncia","10":"first","11":"instock","12":"featured","13":"taxable","14":"shipping-taxable","15":"purchasable","16":"product-type-simple"},"_links":{"self":[{"href":"https:\/\/edimeinter.com\/libreria\/wp-json\/wp\/v2\/product\/14239","targetHints":{"allow":["GET"]}}],"collection":[{"href":"https:\/\/edimeinter.com\/libreria\/wp-json\/wp\/v2\/product"}],"about":[{"href":"https:\/\/edimeinter.com\/libreria\/wp-json\/wp\/v2\/types\/product"}],"replies":[{"embeddable":true,"href":"https:\/\/edimeinter.com\/libreria\/wp-json\/wp\/v2\/comments?post=14239"}],"version-history":[{"count":4,"href":"https:\/\/edimeinter.com\/libreria\/wp-json\/wp\/v2\/product\/14239\/revisions"}],"predecessor-version":[{"id":14244,"href":"https:\/\/edimeinter.com\/libreria\/wp-json\/wp\/v2\/product\/14239\/revisions\/14244"}],"wp:featuredmedia":[{"embeddable":true,"href":"https:\/\/edimeinter.com\/libreria\/wp-json\/wp\/v2\/media\/14240"}],"wp:attachment":[{"href":"https:\/\/edimeinter.com\/libreria\/wp-json\/wp\/v2\/media?parent=14239"}],"wp:term":[{"taxonomy":"product_cat","embeddable":true,"href":"https:\/\/edimeinter.com\/libreria\/wp-json\/wp\/v2\/product_cat?post=14239"},{"taxonomy":"product_tag","embeddable":true,"href":"https:\/\/edimeinter.com\/libreria\/wp-json\/wp\/v2\/product_tag?post=14239"}],"curies":[{"name":"wp","href":"https:\/\/api.w.org\/{rel}","templated":true}]}}