{"id":14252,"date":"2025-02-23T17:45:27","date_gmt":"2025-02-23T17:45:27","guid":{"rendered":"https:\/\/edimeinter.com\/libreria\/?post_type=product&#038;p=14252"},"modified":"2025-03-13T21:01:23","modified_gmt":"2025-03-13T21:01:23","slug":"medicina-intensiva-practica-basada-en-la-evidencia-3a-edicion","status":"publish","type":"product","link":"https:\/\/edimeinter.com\/libreria\/product\/medicina-intensiva-practica-basada-en-la-evidencia-3a-edicion\/","title":{"rendered":"Medicina intensiva. Pr\u00e1ctica basada en la evidencia. 3\u00aa Edici\u00f3n"},"content":{"rendered":"\t\t<div data-elementor-type=\"wp-post\" data-elementor-id=\"14252\" class=\"elementor elementor-14252\">\n\t\t\t\t<div class=\"elementor-element elementor-element-2612b12 e-flex e-con-boxed e-con e-parent\" data-id=\"2612b12\" data-element_type=\"container\" data-e-type=\"container\">\n\t\t\t\t\t<div class=\"e-con-inner\">\n\t\t\n\t\t<div class=\"elementor-element elementor-element-498707ae elementor-widget elementor-widget-text-editor\" data-id=\"498707ae\" data-element_type=\"widget\" data-e-type=\"widget\" data-widget_type=\"text-editor.default\">\n\t\t\t\t<div class=\"elementor-widget-container\">\n\t\t\t\t\t\t\t\t\t<p>Medicina intensiva. Pr\u00e1ctica basada en la evidencia 3.\u00aa edici\u00f3n permite abordar cualquier problema de medicina intensiva con una estrategia pr\u00e1ctica y homog\u00e9nea basada en las mejores pr\u00e1cticas.<\/p><p>Sus cap\u00edtulos basados en preguntas abarcan la amplia variedad de opciones cl\u00ednicas en medicina intensiva analizan la investigaci\u00f3n relevante y proporcionan recomendaciones basadas en un an\u00e1lisis exhaustivo de la evidencia disponible.<\/p><p>Presenta informaci\u00f3n actualizada basada en investigaciones actuales e incluye casos totalmente nuevos sobre temas clave y controversias como el uso\/sobreuso de antibi\u00f3ticos la resistencia a f\u00e1rmacos en la UCI la ventilaci\u00f3n mec\u00e1nica no invasiva la frecuencia de las transfusiones y la duraci\u00f3n de las terapias sustitutivas de la funci\u00f3n renal. Proporciona numerosas tablas de referencia r\u00e1pida que resumen la literatura disponible y los enfoques cl\u00ednicos recomendados.<\/p><p>Los Dres. Clifford S. Deutschman y Patrick J. Neligan junto con casi 200 expertos en medicina intensiva ofrecen un marco exhaustivo para aplicar la evidencia en la pr\u00e1ctica con el fin de ayudar tanto a los residentes como a los m\u00e9dicos en ejercicio a obtener los mejores resultados posibles para los pacientes en estado cr\u00edtico.<\/p><p>Incluye acceso al ebook en ingl\u00e9s en Expert Consult. Este contenido electr\u00f3nico le permitir\u00e1 realizar b\u00fasquedas en todo el texto las figuras y las referencias del libro desde diversos dispositivos.<\/p>\t\t\t\t\t\t\t\t<\/div>\n\t\t\t\t<\/div>\n\t\t\t\t\t<\/div>\n\t\t\t\t<\/div>\n\t\t\t\t<\/div>\n\t\t","protected":false},"excerpt":{"rendered":"<p><strong>Autores:<\/strong>\u00a0Clifford S. Deutschman &amp; Patrick J. Neligan<br \/>\n<strong>ISBN:<\/strong>\u00a09788491137832<br \/>\n<strong>Editorial:<\/strong>\u00a0Elsevier<br \/>\n<strong>Edici\u00f3n:<\/strong>\u00a03\u00aa<br \/>\n<strong>Especialidad<\/strong>: Cuidados Intensivos<br \/>\n<strong>P\u00e1ginas<\/strong>: 688<br \/>\n\u00a9 2020<\/p>\n","protected":false},"featured_media":14253,"comment_status":"open","ping_status":"open","template":"","meta":{"_joinchat":[]},"product_cat":[179],"product_tag":[180,85],"class_list":{"0":"post-14252","1":"product","2":"type-product","3":"status-publish","4":"has-post-thumbnail","6":"product_cat-cuidados-intensivos","7":"product_tag-cuidados-intensivos","8":"product_tag-elsevier","10":"first","11":"outofstock","12":"featured","13":"taxable","14":"shipping-taxable","15":"purchasable","16":"product-type-simple"},"_links":{"self":[{"href":"https:\/\/edimeinter.com\/libreria\/wp-json\/wp\/v2\/product\/14252","targetHints":{"allow":["GET"]}}],"collection":[{"href":"https:\/\/edimeinter.com\/libreria\/wp-json\/wp\/v2\/product"}],"about":[{"href":"https:\/\/edimeinter.com\/libreria\/wp-json\/wp\/v2\/types\/product"}],"replies":[{"embeddable":true,"href":"https:\/\/edimeinter.com\/libreria\/wp-json\/wp\/v2\/comments?post=14252"}],"version-history":[{"count":5,"href":"https:\/\/edimeinter.com\/libreria\/wp-json\/wp\/v2\/product\/14252\/revisions"}],"predecessor-version":[{"id":16138,"href":"https:\/\/edimeinter.com\/libreria\/wp-json\/wp\/v2\/product\/14252\/revisions\/16138"}],"wp:featuredmedia":[{"embeddable":true,"href":"https:\/\/edimeinter.com\/libreria\/wp-json\/wp\/v2\/media\/14253"}],"wp:attachment":[{"href":"https:\/\/edimeinter.com\/libreria\/wp-json\/wp\/v2\/media?parent=14252"}],"wp:term":[{"taxonomy":"product_cat","embeddable":true,"href":"https:\/\/edimeinter.com\/libreria\/wp-json\/wp\/v2\/product_cat?post=14252"},{"taxonomy":"product_tag","embeddable":true,"href":"https:\/\/edimeinter.com\/libreria\/wp-json\/wp\/v2\/product_tag?post=14252"}],"curies":[{"name":"wp","href":"https:\/\/api.w.org\/{rel}","templated":true}]}}