{"id":14264,"date":"2025-02-23T18:11:59","date_gmt":"2025-02-23T18:11:59","guid":{"rendered":"https:\/\/edimeinter.com\/libreria\/?post_type=product&#038;p=14264"},"modified":"2025-09-10T20:45:13","modified_gmt":"2025-09-10T20:45:13","slug":"genetica-medica-6a-edicion","status":"publish","type":"product","link":"https:\/\/edimeinter.com\/libreria\/product\/genetica-medica-6a-edicion\/","title":{"rendered":"Gen\u00e9tica m\u00e9dica. 6\u00aa Edici\u00f3n"},"content":{"rendered":"\t\t<div data-elementor-type=\"wp-post\" data-elementor-id=\"14264\" class=\"elementor elementor-14264\">\n\t\t\t\t<div class=\"elementor-element elementor-element-2612b12 e-flex e-con-boxed e-con e-parent\" data-id=\"2612b12\" data-element_type=\"container\" data-e-type=\"container\">\n\t\t\t\t\t<div class=\"e-con-inner\">\n\t\t\n\t\t<div class=\"elementor-element elementor-element-498707ae elementor-widget elementor-widget-text-editor\" data-id=\"498707ae\" data-element_type=\"widget\" data-e-type=\"widget\" data-widget_type=\"text-editor.default\">\n\t\t\t\t<div class=\"elementor-widget-container\">\n\t\t\t\t\t\t\t\t\t<p>Nueva edici\u00f3n de este texto que integra los conceptos clave con la pr\u00e1ctica cl\u00ednica present\u00e1ndolos mediante numerosas ilustraciones tablas res\u00famenes de conceptos y otros recursos dise\u00f1ados para potenciar un aprendizaje eficaz y la comprensi\u00f3n del contenido m\u00e1s complejo en el campo de la gen\u00e9tica m\u00e9dica.<\/p><p>Aborda los temas m\u00e1s actuales incluida las escalas de riesgo polig\u00e9nico y sus posibles aplicaciones en la diabetes el c\u00e1ncer y las cardiopat\u00edas y las \u00faltimas tecnolog\u00edas de secuenciaci\u00f3n y su aplicaci\u00f3n cl\u00ednica en las pruebas gen\u00e9ticas y el diagn\u00f3stico. Ofrece una descripci\u00f3n totalmente actualizada de las distintas modalidades y aplicaciones de las pruebas gen\u00e9ticas.<\/p>\t\t\t\t\t\t\t\t<\/div>\n\t\t\t\t<\/div>\n\t\t\t\t\t<\/div>\n\t\t\t\t<\/div>\n\t\t\t\t<\/div>\n\t\t","protected":false},"excerpt":{"rendered":"<p><strong>Autores:<\/strong>\u00a0Lynn B. Jorde &amp; J.C. Carey &amp; M.J. Bamshad<br \/>\n<strong>ISBN:<\/strong>\u00a09788491137979<br \/>\n<strong>Editorial:<\/strong>\u00a0Elsevier<br \/>\n<strong>Edici\u00f3n:<\/strong>\u00a06\u00aa<br \/>\n<strong>Especialidad<\/strong>: Gen\u00e9tica<br \/>\n<strong>P\u00e1ginas<\/strong>: 324<br \/>\n\u00a9 2020<\/p>\n","protected":false},"featured_media":14265,"comment_status":"open","ping_status":"closed","template":"","meta":{"_joinchat":[]},"product_cat":[144],"product_tag":[85,145],"class_list":{"0":"post-14264","1":"product","2":"type-product","3":"status-publish","4":"has-post-thumbnail","6":"product_cat-genetica","7":"product_tag-elsevier","8":"product_tag-genetica","10":"first","11":"outofstock","12":"featured","13":"taxable","14":"shipping-taxable","15":"purchasable","16":"product-type-simple"},"_links":{"self":[{"href":"https:\/\/edimeinter.com\/libreria\/wp-json\/wp\/v2\/product\/14264","targetHints":{"allow":["GET"]}}],"collection":[{"href":"https:\/\/edimeinter.com\/libreria\/wp-json\/wp\/v2\/product"}],"about":[{"href":"https:\/\/edimeinter.com\/libreria\/wp-json\/wp\/v2\/types\/product"}],"replies":[{"embeddable":true,"href":"https:\/\/edimeinter.com\/libreria\/wp-json\/wp\/v2\/comments?post=14264"}],"version-history":[{"count":8,"href":"https:\/\/edimeinter.com\/libreria\/wp-json\/wp\/v2\/product\/14264\/revisions"}],"predecessor-version":[{"id":16892,"href":"https:\/\/edimeinter.com\/libreria\/wp-json\/wp\/v2\/product\/14264\/revisions\/16892"}],"wp:featuredmedia":[{"embeddable":true,"href":"https:\/\/edimeinter.com\/libreria\/wp-json\/wp\/v2\/media\/14265"}],"wp:attachment":[{"href":"https:\/\/edimeinter.com\/libreria\/wp-json\/wp\/v2\/media?parent=14264"}],"wp:term":[{"taxonomy":"product_cat","embeddable":true,"href":"https:\/\/edimeinter.com\/libreria\/wp-json\/wp\/v2\/product_cat?post=14264"},{"taxonomy":"product_tag","embeddable":true,"href":"https:\/\/edimeinter.com\/libreria\/wp-json\/wp\/v2\/product_tag?post=14264"}],"curies":[{"name":"wp","href":"https:\/\/api.w.org\/{rel}","templated":true}]}}