{"id":14308,"date":"2025-02-23T19:15:50","date_gmt":"2025-02-23T19:15:50","guid":{"rendered":"https:\/\/edimeinter.com\/libreria\/?post_type=product&#038;p=14308"},"modified":"2025-03-12T16:39:37","modified_gmt":"2025-03-12T16:39:37","slug":"lo-esencial-en-neumologia-5a-edicion","status":"publish","type":"product","link":"https:\/\/edimeinter.com\/libreria\/product\/lo-esencial-en-neumologia-5a-edicion\/","title":{"rendered":"Lo esencial en neumolog\u00eda. 5\u00aa Edici\u00f3n"},"content":{"rendered":"\t\t<div data-elementor-type=\"wp-post\" data-elementor-id=\"14308\" class=\"elementor elementor-14308\">\n\t\t\t\t<div class=\"elementor-element elementor-element-2612b12 e-flex e-con-boxed e-con e-parent\" data-id=\"2612b12\" data-element_type=\"container\" data-e-type=\"container\">\n\t\t\t\t\t<div class=\"e-con-inner\">\n\t\t\n\t\t<div class=\"elementor-element elementor-element-498707ae elementor-widget elementor-widget-text-editor\" data-id=\"498707ae\" data-element_type=\"widget\" data-e-type=\"widget\" data-widget_type=\"text-editor.default\">\n\t\t\t\t<div class=\"elementor-widget-container\">\n\t\t\t\t\t\t\t\t\t<p>Los Cursos Crash escritos por m\u00e9dicos noveles y revisados por un equipo de asesores universitarios contienen la informaci\u00f3n imprescindible para el repaso de cada asignatura en un formato manejable.<\/p><p>El texto a\u00fana la experiencia m\u00e9dica de los autores los ex\u00e1menes y el inter\u00e9s por la investigaci\u00f3n para ofrecer una visi\u00f3n global de la neumolog\u00eda desde sus fundamentos fisiol\u00f3gicos hasta los ex\u00e1menes finales y la pr\u00e1ctica hospitalaria. Incluye las directrices cl\u00ednicas actualizadas y proporciona consejos pr\u00e1cticos reales para orientar el proceso de razonamiento ante los problemas respiratorios tanto en ex\u00e1menes como en la vida real.<\/p>\t\t\t\t\t\t\t\t<\/div>\n\t\t\t\t<\/div>\n\t\t\t\t\t<\/div>\n\t\t\t\t<\/div>\n\t\t\t\t<\/div>\n\t\t","protected":false},"excerpt":{"rendered":"<p><strong>Autores:<\/strong>\u00a0Hannah Lawrence<br \/>\n<strong>ISBN:<\/strong>\u00a09788491137313<br \/>\n<strong>Editorial:<\/strong>\u00a0Elsevier<br \/>\n<strong>Edici\u00f3n:<\/strong>\u00a05\u00aa<br \/>\n<strong>Especialidad<\/strong>: Neumolog\u00eda<br \/>\n<strong>P\u00e1ginas<\/strong>: 264<br \/>\n\u00a9 2020<\/p>\n","protected":false},"featured_media":14309,"comment_status":"open","ping_status":"open","template":"","meta":{"_joinchat":[]},"product_cat":[223],"product_tag":[85,224],"class_list":{"0":"post-14308","1":"product","2":"type-product","3":"status-publish","4":"has-post-thumbnail","6":"product_cat-neumologia","7":"product_tag-elsevier","8":"product_tag-neumologia","10":"first","11":"outofstock","12":"featured","13":"taxable","14":"shipping-taxable","15":"purchasable","16":"product-type-simple"},"_links":{"self":[{"href":"https:\/\/edimeinter.com\/libreria\/wp-json\/wp\/v2\/product\/14308","targetHints":{"allow":["GET"]}}],"collection":[{"href":"https:\/\/edimeinter.com\/libreria\/wp-json\/wp\/v2\/product"}],"about":[{"href":"https:\/\/edimeinter.com\/libreria\/wp-json\/wp\/v2\/types\/product"}],"replies":[{"embeddable":true,"href":"https:\/\/edimeinter.com\/libreria\/wp-json\/wp\/v2\/comments?post=14308"}],"version-history":[{"count":4,"href":"https:\/\/edimeinter.com\/libreria\/wp-json\/wp\/v2\/product\/14308\/revisions"}],"predecessor-version":[{"id":14313,"href":"https:\/\/edimeinter.com\/libreria\/wp-json\/wp\/v2\/product\/14308\/revisions\/14313"}],"wp:featuredmedia":[{"embeddable":true,"href":"https:\/\/edimeinter.com\/libreria\/wp-json\/wp\/v2\/media\/14309"}],"wp:attachment":[{"href":"https:\/\/edimeinter.com\/libreria\/wp-json\/wp\/v2\/media?parent=14308"}],"wp:term":[{"taxonomy":"product_cat","embeddable":true,"href":"https:\/\/edimeinter.com\/libreria\/wp-json\/wp\/v2\/product_cat?post=14308"},{"taxonomy":"product_tag","embeddable":true,"href":"https:\/\/edimeinter.com\/libreria\/wp-json\/wp\/v2\/product_tag?post=14308"}],"curies":[{"name":"wp","href":"https:\/\/api.w.org\/{rel}","templated":true}]}}