{"id":14335,"date":"2025-02-23T20:19:32","date_gmt":"2025-02-23T20:19:32","guid":{"rendered":"https:\/\/edimeinter.com\/libreria\/?post_type=product&#038;p=14335"},"modified":"2025-03-12T16:43:37","modified_gmt":"2025-03-12T16:43:37","slug":"tratado-de-medicina-geriatrica-2a-edicion","status":"publish","type":"product","link":"https:\/\/edimeinter.com\/libreria\/product\/tratado-de-medicina-geriatrica-2a-edicion\/","title":{"rendered":"Tratado de medicina geri\u00e1trica. 2\u00aa Edici\u00f3n"},"content":{"rendered":"\t\t<div data-elementor-type=\"wp-post\" data-elementor-id=\"14335\" class=\"elementor elementor-14335\">\n\t\t\t\t<div class=\"elementor-element elementor-element-2612b12 e-flex e-con-boxed e-con e-parent\" data-id=\"2612b12\" data-element_type=\"container\" data-e-type=\"container\">\n\t\t\t\t\t<div class=\"e-con-inner\">\n\t\t\n\t\t<div class=\"elementor-element elementor-element-498707ae elementor-widget elementor-widget-text-editor\" data-id=\"498707ae\" data-element_type=\"widget\" data-e-type=\"widget\" data-widget_type=\"text-editor.default\">\n\t\t\t\t<div class=\"elementor-widget-container\">\n\t\t\t\t\t\t\t\t\t<p>La 2\u00aa edici\u00f3n del\u00a0<em>Tratado de Medicina Geri\u00e1trica. Fundamentos de la atenci\u00f3n sanitaria a los mayores<\/em>\u00a0aporta el\u00a0<em>core<\/em>\u00a0de conocimientos necesarios para los profesionales de habla hispana siendo una herramienta imprescindible para la formaci\u00f3n de geriatras as\u00ed como para la actualizaci\u00f3n de profesionales.<\/p>\t\t\t\t\t\t\t\t<\/div>\n\t\t\t\t<\/div>\n\t\t\t\t\t<\/div>\n\t\t\t\t<\/div>\n\t\t\t\t<\/div>\n\t\t","protected":false},"excerpt":{"rendered":"<p><strong>Autores:<\/strong>\u00a0Pedro Abizanda Soler &amp; Leocadio Rodr\u00edguez Ma\u00f1as<br \/>\n<strong>ISBN:<\/strong>\u00a09788491132981<br \/>\n<strong>Editorial:<\/strong>\u00a0Elsevier<br \/>\n<strong>Edici\u00f3n:<\/strong>\u00a02\u00aa<br \/>\n<strong>Especialidad<\/strong>: Geriatr\u00eda<br \/>\n<strong>P\u00e1ginas<\/strong>: 1280<br \/>\n\u00a9 2020<\/p>\n","protected":false},"featured_media":14336,"comment_status":"open","ping_status":"open","template":"","meta":{"_joinchat":[]},"product_cat":[195],"product_tag":[85,196],"class_list":{"0":"post-14335","1":"product","2":"type-product","3":"status-publish","4":"has-post-thumbnail","6":"product_cat-geriatria","7":"product_tag-elsevier","8":"product_tag-geriatria","10":"first","11":"instock","12":"featured","13":"taxable","14":"shipping-taxable","15":"purchasable","16":"product-type-simple"},"_links":{"self":[{"href":"https:\/\/edimeinter.com\/libreria\/wp-json\/wp\/v2\/product\/14335","targetHints":{"allow":["GET"]}}],"collection":[{"href":"https:\/\/edimeinter.com\/libreria\/wp-json\/wp\/v2\/product"}],"about":[{"href":"https:\/\/edimeinter.com\/libreria\/wp-json\/wp\/v2\/types\/product"}],"replies":[{"embeddable":true,"href":"https:\/\/edimeinter.com\/libreria\/wp-json\/wp\/v2\/comments?post=14335"}],"version-history":[{"count":7,"href":"https:\/\/edimeinter.com\/libreria\/wp-json\/wp\/v2\/product\/14335\/revisions"}],"predecessor-version":[{"id":14343,"href":"https:\/\/edimeinter.com\/libreria\/wp-json\/wp\/v2\/product\/14335\/revisions\/14343"}],"wp:featuredmedia":[{"embeddable":true,"href":"https:\/\/edimeinter.com\/libreria\/wp-json\/wp\/v2\/media\/14336"}],"wp:attachment":[{"href":"https:\/\/edimeinter.com\/libreria\/wp-json\/wp\/v2\/media?parent=14335"}],"wp:term":[{"taxonomy":"product_cat","embeddable":true,"href":"https:\/\/edimeinter.com\/libreria\/wp-json\/wp\/v2\/product_cat?post=14335"},{"taxonomy":"product_tag","embeddable":true,"href":"https:\/\/edimeinter.com\/libreria\/wp-json\/wp\/v2\/product_tag?post=14335"}],"curies":[{"name":"wp","href":"https:\/\/api.w.org\/{rel}","templated":true}]}}