{"id":14408,"date":"2025-02-23T22:25:57","date_gmt":"2025-02-23T22:25:57","guid":{"rendered":"https:\/\/edimeinter.com\/libreria\/?post_type=product&#038;p=14408"},"modified":"2025-06-06T22:11:58","modified_gmt":"2025-06-06T22:11:58","slug":"farreras-rozman-medicina-interna-19a-edicion","status":"publish","type":"product","link":"https:\/\/edimeinter.com\/libreria\/product\/farreras-rozman-medicina-interna-19a-edicion\/","title":{"rendered":"Farreras Rozman. Medicina Interna. 19\u00aa Edici\u00f3n"},"content":{"rendered":"\t\t<div data-elementor-type=\"wp-post\" data-elementor-id=\"14408\" class=\"elementor elementor-14408\">\n\t\t\t\t\n<div class=\"elementor-element elementor-element-2612b12 e-flex e-con-boxed e-con e-parent\" data-id=\"2612b12\" data-element_type=\"container\" data-e-type=\"container\">\n\t\t\t\t\t<div class=\"e-con-inner\">\n\t\t\t\t<div class=\"elementor-element elementor-element-498707ae elementor-widget elementor-widget-text-editor\" data-id=\"498707ae\" data-element_type=\"widget\" data-e-type=\"widget\" data-widget_type=\"text-editor.default\">\n\t\t\t\t<div class=\"elementor-widget-container\">\n\t\t\t\t\t\t\t\t\t<p>Obra publicada ininterrumpidamente desde hace casi cien a\u00f1os que sigue siendo la obra de referencia en espa\u00f1ol de Medicina Interna.<\/p><p>La obra constituye una s\u00edntesis excepcional de los temas fundamentales de la especialidad con un perfecto equilibrio entre los dos objetivos primordiales: un enfoque cl\u00ednico necesariamente pr\u00e1ctico y un gran rigor acad\u00b4\u00b4emico y did\u00e1ctico.<\/p><p>Incorpora nuevos colaboradores expertos en sus \u00e1mbitos tanto de Espa\u00f1a como de Latinoam\u00e9rica que se integran en un equio de prestigio ya consolidado.<\/p><p>Todas las secciones aportan novedades digang\u00f3stica o terap\u00e9uticas. Incluye cap\u00edtulos nuevos como \u00abSeguridad del paciente y de la pr\u00e1ctica m\u00e9dica\u00bb \u00abPsiquiatr\u00eda perinatal\u00bb \u00bb Trastornos de la glicosilaci\u00f3n de las prote\u00ednas\u00bb e \u00abIntoxicaciones por armas qu\u00edmicas\u00bb. Se han incluido las novedades hasta la fecha del Covid-19 en el cap\u00edtulo de viriasis respiratorias. Las secciones de Inmunolog\u00eda y Gen\u00e9tica M\u00e9dica presentan en esta edici\u00f3n una orientaci\u00f3n m\u00e1s cl\u00ednica pero manteniend aquellos conceptos b\u00e1sicos imprescindibles para su comprensi\u00f3n. Acceso on line a la galer\u00eda de im\u00e1genes y tablas de referencia.<\/p>\t\t\t\t\t\t\t\t<\/div>\n\t\t\t\t<\/div>\n\t\t\t\t\t<\/div>\n\t\t\t\t<\/div>\n\t\t\t\t<\/div>\n\t\t","protected":false},"excerpt":{"rendered":"<p><strong>Autores:<\/strong>\u00a0Ciril Rozman Borstnar &amp; Francesc Cardellach<br \/>\n<strong>ISBN:<\/strong>\u00a09788491135456<br \/>\n<strong>Editorial:<\/strong>\u00a0Elsevier<br \/>\n<strong>Edici\u00f3n:<\/strong>\u00a019\u00aa<br \/>\n<strong>Especialidad<\/strong>: Medicina Interna<br \/>\n<strong>P\u00e1ginas<\/strong>: 2923<br \/>\n\u00a9 2020<\/p>\n","protected":false},"featured_media":14409,"comment_status":"open","ping_status":"closed","template":"","meta":{"_joinchat":[]},"product_cat":[150],"product_tag":[85,151,174],"class_list":{"0":"post-14408","1":"product","2":"type-product","3":"status-publish","4":"has-post-thumbnail","6":"product_cat-medicina-interna","7":"product_tag-elsevier","8":"product_tag-medicina-interna","9":"product_tag-outlet","11":"first","12":"instock","13":"sale","14":"featured","15":"taxable","16":"shipping-taxable","17":"purchasable","18":"product-type-simple"},"_links":{"self":[{"href":"https:\/\/edimeinter.com\/libreria\/wp-json\/wp\/v2\/product\/14408","targetHints":{"allow":["GET"]}}],"collection":[{"href":"https:\/\/edimeinter.com\/libreria\/wp-json\/wp\/v2\/product"}],"about":[{"href":"https:\/\/edimeinter.com\/libreria\/wp-json\/wp\/v2\/types\/product"}],"replies":[{"embeddable":true,"href":"https:\/\/edimeinter.com\/libreria\/wp-json\/wp\/v2\/comments?post=14408"}],"version-history":[{"count":5,"href":"https:\/\/edimeinter.com\/libreria\/wp-json\/wp\/v2\/product\/14408\/revisions"}],"predecessor-version":[{"id":16499,"href":"https:\/\/edimeinter.com\/libreria\/wp-json\/wp\/v2\/product\/14408\/revisions\/16499"}],"wp:featuredmedia":[{"embeddable":true,"href":"https:\/\/edimeinter.com\/libreria\/wp-json\/wp\/v2\/media\/14409"}],"wp:attachment":[{"href":"https:\/\/edimeinter.com\/libreria\/wp-json\/wp\/v2\/media?parent=14408"}],"wp:term":[{"taxonomy":"product_cat","embeddable":true,"href":"https:\/\/edimeinter.com\/libreria\/wp-json\/wp\/v2\/product_cat?post=14408"},{"taxonomy":"product_tag","embeddable":true,"href":"https:\/\/edimeinter.com\/libreria\/wp-json\/wp\/v2\/product_tag?post=14408"}],"curies":[{"name":"wp","href":"https:\/\/api.w.org\/{rel}","templated":true}]}}

Farreras Rozman. Medicina Interna. 19ª Edición

<div data-elementor-type="wp-post" data-elementor-id="14408" class="elementor elementor-14408">
				
<div class="elementor-element elementor-element-2612b12 e-flex e-con-boxed e-con e-parent" data-id="2612b12" data-element_type="container" data-e-type="container">
					<div class="e-con-inner">
				<div class="elementor-element elementor-element-498707ae elementor-widget elementor-widget-text-editor" data-id="498707ae" data-element_type="widget" data-e-type="widget" data-widget_type="text-editor.default">
				<div class="elementor-widget-container">
									<p>Obra publicada ininterrumpidamente desde hace casi cien años que sigue siendo la obra de referencia en español de Medicina Interna.</p><p>La obra constituye una síntesis excepcional de los temas fundamentales de la especialidad con un perfecto equilibrio entre los dos objetivos primordiales: un enfoque clínico necesariamente práctico y un gran rigor acad´´emico y didáctico.</p><p>Incorpora nuevos colaboradores expertos en sus ámbitos tanto de España como de Latinoamérica que se integran en un equio de prestigio ya consolidado.</p><p>Todas las secciones aportan novedades digangóstica o terapéuticas. Incluye capítulos nuevos como «Seguridad del paciente y de la práctica médica» «Psiquiatría perinatal» » Trastornos de la glicosilación de las proteínas» e «Intoxicaciones por armas químicas». Se han incluido las novedades hasta la fecha del Covid-19 en el capítulo de viriasis respiratorias. Las secciones de Inmunología y Genética Médica presentan en esta edición una orientación más clínica pero manteniend aquellos conceptos básicos imprescindibles para su comprensión. Acceso on line a la galería de imágenes y tablas de referencia.</p>								</div>
				</div>
					</div>
				</div>
				</div>

<p><strong>Autores:</strong> Ciril Rozman Borstnar &amp; Francesc Cardellach<br />
<strong>ISBN:</strong> 9788491135456<br />
<strong>Editorial:</strong> Elsevier<br />
<strong>Edición:</strong> 19ª<br />
<strong>Especialidad</strong>: Medicina Interna<br />
<strong>Páginas</strong>: 2923<br />
© 2020</p>
