{"id":14513,"date":"2025-02-24T17:21:47","date_gmt":"2025-02-24T17:21:47","guid":{"rendered":"https:\/\/edimeinter.com\/libreria\/?post_type=product&#038;p=14513"},"modified":"2026-03-16T19:55:12","modified_gmt":"2026-03-16T19:55:12","slug":"lo-esencial-en-ginecologia-y-obstetricia-4a-edicion","status":"publish","type":"product","link":"https:\/\/edimeinter.com\/libreria\/product\/lo-esencial-en-ginecologia-y-obstetricia-4a-edicion\/","title":{"rendered":"Lo esencial en ginecolog\u00eda y obstetricia. 4\u00aa Edici\u00f3n"},"content":{"rendered":"\t\t<div data-elementor-type=\"wp-post\" data-elementor-id=\"14513\" class=\"elementor elementor-14513\">\n\t\t\t\t<div class=\"elementor-element elementor-element-2612b12 e-flex e-con-boxed e-con e-parent\" data-id=\"2612b12\" data-element_type=\"container\" data-e-type=\"container\">\n\t\t\t\t\t<div class=\"e-con-inner\">\n\t\t\n\t\t<div class=\"elementor-element elementor-element-498707ae elementor-widget elementor-widget-text-editor\" data-id=\"498707ae\" data-element_type=\"widget\" data-e-type=\"widget\" data-widget_type=\"text-editor.default\">\n\t\t\t\t<div class=\"elementor-widget-container\">\n\t\t\t\t\t\t\t\t\t<p>Los Cursos Crash escritos por m\u00e9dicos noveles y revisados por un equipo de asesores universitarios contienen la informaci\u00f3n imprescindible para el repaso de cada asignatura en un formato manejable.<\/p><p>Cada cap\u00edtulo gu\u00eda de forma sucinta por todos los temas curriculares integrando los aspectos cl\u00ednicos con la ciencia b\u00e1sica relevante evistando los detalles innecesarios o confusos.<\/p><p>Esta cuarta edici\u00f3n contin\u00faa ofreciendo la informaci\u00f3n esencial de una manera clara y concisa combinando texto actualizado con tablas as\u00ed como apuntes y sugerencia que se centran en la importancia de realizar una buen anamnesis.<\/p><p>Despu\u00e9s de exponer el manejo para cada tema se ha revisado la popular secci\u00f3n de autoevaluaci\u00f3n de acuerdo con las t\u00e9cnicas de examen actuales. As\u00edmimso se ha redise\u00f1ado las ilustraciones que ahora son en color.<\/p>\t\t\t\t\t\t\t\t<\/div>\n\t\t\t\t<\/div>\n\t\t\t\t\t<\/div>\n\t\t\t\t<\/div>\n\t\t\t\t<\/div>\n\t\t","protected":false},"excerpt":{"rendered":"<p><strong>Autores:<\/strong>\u00a0Sophie Kay &amp; Charlotte Jean Sandhu<br \/>\n<strong>ISBN:<\/strong>\u00a09788491137016<br \/>\n<strong>Editorial:<\/strong>\u00a0Elsevier<br \/>\n<strong>Edici\u00f3n:<\/strong>\u00a04\u00aa<br \/>\n<strong>Especialidad<\/strong>: Ginecolog\u00eda y Obstetricia<br \/>\n<strong>P\u00e1ginas<\/strong>: 320<br \/>\n\u00a9 2020<\/p>\n","protected":false},"featured_media":14514,"comment_status":"open","ping_status":"closed","template":"","meta":{"_joinchat":[]},"product_cat":[104],"product_tag":[85,105],"class_list":{"0":"post-14513","1":"product","2":"type-product","3":"status-publish","4":"has-post-thumbnail","6":"product_cat-ginecologia-y-obstetricia","7":"product_tag-elsevier","8":"product_tag-ginecologia-y-obstetricia","10":"first","11":"outofstock","12":"featured","13":"taxable","14":"shipping-taxable","15":"purchasable","16":"product-type-simple"},"_links":{"self":[{"href":"https:\/\/edimeinter.com\/libreria\/wp-json\/wp\/v2\/product\/14513","targetHints":{"allow":["GET"]}}],"collection":[{"href":"https:\/\/edimeinter.com\/libreria\/wp-json\/wp\/v2\/product"}],"about":[{"href":"https:\/\/edimeinter.com\/libreria\/wp-json\/wp\/v2\/types\/product"}],"replies":[{"embeddable":true,"href":"https:\/\/edimeinter.com\/libreria\/wp-json\/wp\/v2\/comments?post=14513"}],"version-history":[{"count":5,"href":"https:\/\/edimeinter.com\/libreria\/wp-json\/wp\/v2\/product\/14513\/revisions"}],"predecessor-version":[{"id":17846,"href":"https:\/\/edimeinter.com\/libreria\/wp-json\/wp\/v2\/product\/14513\/revisions\/17846"}],"wp:featuredmedia":[{"embeddable":true,"href":"https:\/\/edimeinter.com\/libreria\/wp-json\/wp\/v2\/media\/14514"}],"wp:attachment":[{"href":"https:\/\/edimeinter.com\/libreria\/wp-json\/wp\/v2\/media?parent=14513"}],"wp:term":[{"taxonomy":"product_cat","embeddable":true,"href":"https:\/\/edimeinter.com\/libreria\/wp-json\/wp\/v2\/product_cat?post=14513"},{"taxonomy":"product_tag","embeddable":true,"href":"https:\/\/edimeinter.com\/libreria\/wp-json\/wp\/v2\/product_tag?post=14513"}],"curies":[{"name":"wp","href":"https:\/\/api.w.org\/{rel}","templated":true}]}}