{"id":14549,"date":"2025-02-26T16:23:02","date_gmt":"2025-02-26T16:23:02","guid":{"rendered":"https:\/\/edimeinter.com\/libreria\/?post_type=product&#038;p=14549"},"modified":"2025-03-12T17:47:56","modified_gmt":"2025-03-12T17:47:56","slug":"trastornos-de-la-conducta-alimentaria-y-obesidad-en-ninos-y-adolescentes-1a-edicion","status":"publish","type":"product","link":"https:\/\/edimeinter.com\/libreria\/product\/trastornos-de-la-conducta-alimentaria-y-obesidad-en-ninos-y-adolescentes-1a-edicion\/","title":{"rendered":"Trastornos de la conducta alimentaria y obesidad en ni\u00f1os y adolescentes. 1\u00aa Edici\u00f3n"},"content":{"rendered":"\t\t<div data-elementor-type=\"wp-post\" data-elementor-id=\"14549\" class=\"elementor elementor-14549\">\n\t\t\t\t<div class=\"elementor-element elementor-element-2612b12 e-flex e-con-boxed e-con e-parent\" data-id=\"2612b12\" data-element_type=\"container\" data-e-type=\"container\">\n\t\t\t\t\t<div class=\"e-con-inner\">\n\t\t\n\t\t<div class=\"elementor-element elementor-element-498707ae elementor-widget elementor-widget-text-editor\" data-id=\"498707ae\" data-element_type=\"widget\" data-e-type=\"widget\" data-widget_type=\"text-editor.default\">\n\t\t\t\t<div class=\"elementor-widget-container\">\n\t\t\t\t\t\t\t\t\t<p>El objetivo de este libro es proporcionar a los m\u00e9dicos y terapeutas el conocimiento suficiente sobre la detecci\u00f3n y el tratamiento de los trastornos alimentarios con especial \u00e9nfasis en la infancia y adolescencia.<\/p><p>Proporciona a los pediatras y psiquiatras informaci\u00f3n actualizada en este campo cada vez m\u00e1s importante incluyendo secciones pr\u00e1cticas sobre aspectos relacionados con el desarrollo de los trastornos alimentarios sintomatolog\u00eda epidemiolog\u00eda etiolog\u00eda y patofisiolog\u00eda tratamiento y prevenci\u00f3n.<\/p><p>Se incluyen la mayor\u00eda de los trastornos de la conducta alimentaria descritos en el DSM-5 con \u00e9nfasis especial en los aspectos del desarrollo ya que la mayor\u00eda de estas enfermedades aparecen entre la pubertad y la edad adulta temprana.<\/p><p>Dado que muchos de los autores trabajan con ni\u00f1os adolescentes y sus familias se ha puesto especial inter\u00e9s en dedicar espacio suficiente a la descripci\u00f3n de las diferentes estrategias de prevenci\u00f3n y tratamiento.<\/p>\t\t\t\t\t\t\t\t<\/div>\n\t\t\t\t<\/div>\n\t\t\t\t\t<\/div>\n\t\t\t\t<\/div>\n\t\t\t\t<\/div>\n\t\t","protected":false},"excerpt":{"rendered":"<p><strong>Autores:<\/strong>\u00a0Johannes Hebebrand &amp; Beate Herpertz-Dahlmann<br \/>\n<strong>ISBN:<\/strong>\u00a09788491135760<br \/>\n<strong>Editorial:<\/strong>\u00a0Elsevier<br \/>\n<strong>Edici\u00f3n:<\/strong>\u00a01\u00aa<br \/>\n<strong>Especialidad<\/strong>:\u00a0Nutrici\u00f3n<br \/>\n<strong>P\u00e1ginas<\/strong>: 200<br \/>\n\u00a9 2019<\/p>\n","protected":false},"featured_media":14550,"comment_status":"open","ping_status":"open","template":"","meta":{"_joinchat":[]},"product_cat":[106],"product_tag":[85,107],"class_list":{"0":"post-14549","1":"product","2":"type-product","3":"status-publish","4":"has-post-thumbnail","6":"product_cat-nutricion-y-dietoterapia","7":"product_tag-elsevier","8":"product_tag-nutricion-y-dietoterapia","10":"first","11":"instock","12":"featured","13":"taxable","14":"shipping-taxable","15":"purchasable","16":"product-type-simple"},"_links":{"self":[{"href":"https:\/\/edimeinter.com\/libreria\/wp-json\/wp\/v2\/product\/14549","targetHints":{"allow":["GET"]}}],"collection":[{"href":"https:\/\/edimeinter.com\/libreria\/wp-json\/wp\/v2\/product"}],"about":[{"href":"https:\/\/edimeinter.com\/libreria\/wp-json\/wp\/v2\/types\/product"}],"replies":[{"embeddable":true,"href":"https:\/\/edimeinter.com\/libreria\/wp-json\/wp\/v2\/comments?post=14549"}],"version-history":[{"count":4,"href":"https:\/\/edimeinter.com\/libreria\/wp-json\/wp\/v2\/product\/14549\/revisions"}],"predecessor-version":[{"id":14554,"href":"https:\/\/edimeinter.com\/libreria\/wp-json\/wp\/v2\/product\/14549\/revisions\/14554"}],"wp:featuredmedia":[{"embeddable":true,"href":"https:\/\/edimeinter.com\/libreria\/wp-json\/wp\/v2\/media\/14550"}],"wp:attachment":[{"href":"https:\/\/edimeinter.com\/libreria\/wp-json\/wp\/v2\/media?parent=14549"}],"wp:term":[{"taxonomy":"product_cat","embeddable":true,"href":"https:\/\/edimeinter.com\/libreria\/wp-json\/wp\/v2\/product_cat?post=14549"},{"taxonomy":"product_tag","embeddable":true,"href":"https:\/\/edimeinter.com\/libreria\/wp-json\/wp\/v2\/product_tag?post=14549"}],"curies":[{"name":"wp","href":"https:\/\/api.w.org\/{rel}","templated":true}]}}