{"id":14561,"date":"2025-02-26T16:32:32","date_gmt":"2025-02-26T16:32:32","guid":{"rendered":"https:\/\/edimeinter.com\/libreria\/?post_type=product&#038;p=14561"},"modified":"2025-03-12T17:55:29","modified_gmt":"2025-03-12T17:55:29","slug":"kaplan-anestesia-en-cirugia-cardiaca-2a-edicion","status":"publish","type":"product","link":"https:\/\/edimeinter.com\/libreria\/product\/kaplan-anestesia-en-cirugia-cardiaca-2a-edicion\/","title":{"rendered":"Kaplan. Anestesia en cirug\u00eda cardiaca. 2\u00aa Edici\u00f3n"},"content":{"rendered":"\t\t<div data-elementor-type=\"wp-post\" data-elementor-id=\"14561\" class=\"elementor elementor-14561\">\n\t\t\t\t<div class=\"elementor-element elementor-element-2612b12 e-flex e-con-boxed e-con e-parent\" data-id=\"2612b12\" data-element_type=\"container\" data-e-type=\"container\">\n\t\t\t\t\t<div class=\"e-con-inner\">\n\t\t\n\t\t<div class=\"elementor-element elementor-element-498707ae elementor-widget elementor-widget-text-editor\" data-id=\"498707ae\" data-element_type=\"widget\" data-e-type=\"widget\" data-widget_type=\"text-editor.default\">\n\t\t\t\t<div class=\"elementor-widget-container\">\n\t\t\t\t\t\t\t\t\t<p>Segunda edici\u00f3n de un texto pr\u00e1ctico conciso y de f\u00e1cil manejo que recoge la informaci\u00f3n necesaria para mejorar el tratamiento anest\u00e9sico en pacientes con cardiopat\u00edas que vaya a someterse a una cirug\u00eda.<\/p><p>La segunda edici\u00f3n de esta obra incluye temas nuevos cruciales para la pr\u00e1ctica actual de la anestesiolog\u00eda card\u00edaca como la ecocardiograf\u00eda transesof\u00e1gica los procedimientos valvulares percut\u00e1neos los marcapasos y los desfibriladores internos autom\u00e1ticos modernos usados para la terapia de resincronizaci\u00f3n card\u00edaca los dispositivos de asistencia del ventr\u00edculo izquierdo (DAVI) y la terapia con oxigenaci\u00f3n por membrana extracorp\u00f3rea para la insuficiencia card\u00edaca.<\/p><p>A lo largo del contenido se incluyen ayudas did\u00e1cticas de diversa \u00edndole para destacar la informaci\u00f3n m\u00e1s relevante: cuadros did\u00e1cticos con conclusiones pr\u00e1cticas puntos clave al principio de cada cap\u00edtulo y una reducci\u00f3n importante de las referencias para destacar las citas fundamentales.<\/p><p>Todos los cap\u00edtulos se elaboran por expertos en cada \u00e1rea integrando y coordinando contenido de \u00e1reas como la anestesiolog\u00eda cardiolog\u00eda cirug\u00eda card\u00edaca cuidados cr\u00edticos y farmacolog\u00eda cl\u00ednica.<\/p>\t\t\t\t\t\t\t\t<\/div>\n\t\t\t\t<\/div>\n\t\t\t\t\t<\/div>\n\t\t\t\t<\/div>\n\t\t\t\t<\/div>\n\t\t","protected":false},"excerpt":{"rendered":"<p><strong>Autores:<\/strong>\u00a0Joel A. Kaplan &amp; Brett Cronin &amp; Timothy Maus<br \/>\n<strong>ISBN:<\/strong>\u00a09788491135470<br \/>\n<strong>Editorial:<\/strong>\u00a0Elsevier<br \/>\n<strong>Edici\u00f3n:<\/strong>\u00a02\u00aa<br \/>\n<strong>Especialidad<\/strong>:\u00a0Anestesiolog\u00eda<br \/>\n<strong>P\u00e1ginas<\/strong>: 888<br \/>\n\u00a9 2019<\/p>\n","protected":false},"featured_media":14562,"comment_status":"open","ping_status":"open","template":"","meta":{"_joinchat":[]},"product_cat":[86],"product_tag":[87,85],"class_list":{"0":"post-14561","1":"product","2":"type-product","3":"status-publish","4":"has-post-thumbnail","6":"product_cat-anestesiologia-y-reanimacion","7":"product_tag-anestesiologia-y-reanimacion","8":"product_tag-elsevier","10":"first","11":"instock","12":"featured","13":"taxable","14":"shipping-taxable","15":"purchasable","16":"product-type-simple"},"_links":{"self":[{"href":"https:\/\/edimeinter.com\/libreria\/wp-json\/wp\/v2\/product\/14561","targetHints":{"allow":["GET"]}}],"collection":[{"href":"https:\/\/edimeinter.com\/libreria\/wp-json\/wp\/v2\/product"}],"about":[{"href":"https:\/\/edimeinter.com\/libreria\/wp-json\/wp\/v2\/types\/product"}],"replies":[{"embeddable":true,"href":"https:\/\/edimeinter.com\/libreria\/wp-json\/wp\/v2\/comments?post=14561"}],"version-history":[{"count":4,"href":"https:\/\/edimeinter.com\/libreria\/wp-json\/wp\/v2\/product\/14561\/revisions"}],"predecessor-version":[{"id":14566,"href":"https:\/\/edimeinter.com\/libreria\/wp-json\/wp\/v2\/product\/14561\/revisions\/14566"}],"wp:featuredmedia":[{"embeddable":true,"href":"https:\/\/edimeinter.com\/libreria\/wp-json\/wp\/v2\/media\/14562"}],"wp:attachment":[{"href":"https:\/\/edimeinter.com\/libreria\/wp-json\/wp\/v2\/media?parent=14561"}],"wp:term":[{"taxonomy":"product_cat","embeddable":true,"href":"https:\/\/edimeinter.com\/libreria\/wp-json\/wp\/v2\/product_cat?post=14561"},{"taxonomy":"product_tag","embeddable":true,"href":"https:\/\/edimeinter.com\/libreria\/wp-json\/wp\/v2\/product_tag?post=14561"}],"curies":[{"name":"wp","href":"https:\/\/api.w.org\/{rel}","templated":true}]}}