{"id":14591,"date":"2025-02-26T17:24:17","date_gmt":"2025-02-26T17:24:17","guid":{"rendered":"https:\/\/edimeinter.com\/libreria\/?post_type=product&#038;p=14591"},"modified":"2025-03-28T20:11:08","modified_gmt":"2025-03-28T20:11:08","slug":"evaluacion-y-manejo-de-la-disfagia-en-otorrinolaringologia-1a-edicion","status":"publish","type":"product","link":"https:\/\/edimeinter.com\/libreria\/product\/evaluacion-y-manejo-de-la-disfagia-en-otorrinolaringologia-1a-edicion\/","title":{"rendered":"Evaluaci\u00f3n y manejo de la disfagia en otorrinolaringolog\u00eda. 1\u00aa Edici\u00f3n"},"content":{"rendered":"\t\t<div data-elementor-type=\"wp-post\" data-elementor-id=\"14591\" class=\"elementor elementor-14591\">\n\t\t\t\t<div class=\"elementor-element elementor-element-2612b12 e-flex e-con-boxed e-con e-parent\" data-id=\"2612b12\" data-element_type=\"container\" data-e-type=\"container\">\n\t\t\t\t\t<div class=\"e-con-inner\">\n\t\t\n\t\t<div class=\"elementor-element elementor-element-498707ae elementor-widget elementor-widget-text-editor\" data-id=\"498707ae\" data-element_type=\"widget\" data-e-type=\"widget\" data-widget_type=\"text-editor.default\">\n\t\t\t\t<div class=\"elementor-widget-container\">\n\t\t\t\t\t\t\t\t\t<p>T\u00edtulo que presenta una rigurosa revisi\u00f3n de los aspectos que intervienen en la evaluaci\u00f3n y el tratamiento de la disfagia.<\/p><p>El manual recoge todos los temas relevantes para la evaluaci\u00f3n y el tratamiento del a disfagia en otorrinolaringolog\u00eda incluyendo los avances que se han producido en este \u00e1mbito relativos a la evaluaci\u00f3n lo cual ha hecho que se planteen opciones terap\u00e9uticas y abordajes terap\u00e9uticos m\u00e1s espec\u00edficos para el paciente.<\/p><p>El contenido est\u00e1 estructurado de forma concisa y l\u00f3gica para optimizar la evaluaci\u00f3n y el tratamiento de la disfagia. Por ello presenta una primera secci\u00f3n general con aspectos anat\u00f3micos y fisiol\u00f3gicos una segunda secci\u00f3n que expone todas las herramientas de las que dispone el cl\u00ednico para la evaluaci\u00f3n de la funci\u00f3n de la degluci\u00f3n y una \u00faltima secci\u00f3n con una gu\u00eda cl\u00ednica pr\u00e1ctica para la valoraci\u00f3n y tratamiento de las principales patolog\u00edas que provocan disfagia orofar\u00edngea y esof\u00e1gica.<\/p><p>Participan en este t\u00edtulo otorrinolaring\u00f3logos con una gran experiencia en el \u00e1mbito de la disfagia as\u00ed como otros profesionales implicados en el abordaje de esta condici\u00f3n tales como -gastroenter\u00f3logos cirujanos generales y tor\u00e1cicos cirujanos de columna y radi\u00f3logos.<\/p>\t\t\t\t\t\t\t\t<\/div>\n\t\t\t\t<\/div>\n\t\t\t\t\t<\/div>\n\t\t\t\t<\/div>\n\t\t\t\t<\/div>\n\t\t","protected":false},"excerpt":{"rendered":"<p><strong>Autores:<\/strong>\u00a0Dinesh Chhetri &amp; Karuna Dewan<br \/>\n<strong>ISBN:<\/strong>\u00a09788491136859<br \/>\n<strong>Editorial:<\/strong>\u00a0Elsevier<br \/>\n<strong>Edici\u00f3n:<\/strong>\u00a01\u00aa<br \/>\n<strong>Especialidad<\/strong>: Otorrinolaringolog\u00eda<br \/>\n<strong>P\u00e1ginas<\/strong>: 224<br \/>\n\u00a9 2020<\/p>\n","protected":false},"featured_media":14592,"comment_status":"open","ping_status":"open","template":"","meta":{"_joinchat":[]},"product_cat":[156],"product_tag":[85,157],"class_list":{"0":"post-14591","1":"product","2":"type-product","3":"status-publish","4":"has-post-thumbnail","6":"product_cat-otorrinolaringologia","7":"product_tag-elsevier","8":"product_tag-otorrinolaringologia","10":"first","11":"instock","12":"featured","13":"purchasable","14":"product-type-simple"},"_links":{"self":[{"href":"https:\/\/edimeinter.com\/libreria\/wp-json\/wp\/v2\/product\/14591","targetHints":{"allow":["GET"]}}],"collection":[{"href":"https:\/\/edimeinter.com\/libreria\/wp-json\/wp\/v2\/product"}],"about":[{"href":"https:\/\/edimeinter.com\/libreria\/wp-json\/wp\/v2\/types\/product"}],"replies":[{"embeddable":true,"href":"https:\/\/edimeinter.com\/libreria\/wp-json\/wp\/v2\/comments?post=14591"}],"version-history":[{"count":5,"href":"https:\/\/edimeinter.com\/libreria\/wp-json\/wp\/v2\/product\/14591\/revisions"}],"predecessor-version":[{"id":14597,"href":"https:\/\/edimeinter.com\/libreria\/wp-json\/wp\/v2\/product\/14591\/revisions\/14597"}],"wp:featuredmedia":[{"embeddable":true,"href":"https:\/\/edimeinter.com\/libreria\/wp-json\/wp\/v2\/media\/14592"}],"wp:attachment":[{"href":"https:\/\/edimeinter.com\/libreria\/wp-json\/wp\/v2\/media?parent=14591"}],"wp:term":[{"taxonomy":"product_cat","embeddable":true,"href":"https:\/\/edimeinter.com\/libreria\/wp-json\/wp\/v2\/product_cat?post=14591"},{"taxonomy":"product_tag","embeddable":true,"href":"https:\/\/edimeinter.com\/libreria\/wp-json\/wp\/v2\/product_tag?post=14591"}],"curies":[{"name":"wp","href":"https:\/\/api.w.org\/{rel}","templated":true}]}}