{"id":14646,"date":"2025-02-26T18:23:34","date_gmt":"2025-02-26T18:23:34","guid":{"rendered":"https:\/\/edimeinter.com\/libreria\/?post_type=product&#038;p=14646"},"modified":"2026-02-03T21:32:32","modified_gmt":"2026-02-03T21:32:32","slug":"cirugia-oral-y-maxilofacial-contemporanea-7a-edicion","status":"publish","type":"product","link":"https:\/\/edimeinter.com\/libreria\/product\/cirugia-oral-y-maxilofacial-contemporanea-7a-edicion\/","title":{"rendered":"Cirug\u00eda oral y maxilofacial contempor\u00e1nea. 7\u00aa Edici\u00f3n"},"content":{"rendered":"\t\t<div data-elementor-type=\"wp-post\" data-elementor-id=\"14646\" class=\"elementor elementor-14646\">\n\t\t\t\t<div class=\"elementor-element elementor-element-2612b12 e-flex e-con-boxed e-con e-parent\" data-id=\"2612b12\" data-element_type=\"container\" data-e-type=\"container\">\n\t\t\t\t\t<div class=\"e-con-inner\">\n\t\t\n\t\t<div class=\"elementor-element elementor-element-498707ae elementor-widget elementor-widget-text-editor\" data-id=\"498707ae\" data-element_type=\"widget\" data-e-type=\"widget\" data-widget_type=\"text-editor.default\">\n\t\t\t\t<div class=\"elementor-widget-container\">\n\t\t\t\t\t\t\t\t\t<p>Nueva edici\u00f3n de una de las obras de cirug\u00eda dental m\u00e1s respetadas en el mundo que ofrece una panor\u00e1mica de los procedimientos quir\u00fargicos m\u00e1s avanzados y de los desarrollos m\u00e1s recientes.<\/p><p>Describe con gran detalle las t\u00e9cnicas fundamentales de la evaluaci\u00f3n el diagn\u00f3stico y el tratamiento de los problemas cl\u00ednicos que suele tratar el odont\u00f3logo general.<\/p><p>La gran cantidad de figuras permite una comprensi\u00f3n f\u00e1cil de las t\u00e9cnicas quir\u00fargicas y tambi\u00e9n hace que los lectores aprecien mejor la base biol\u00f3gica y los fundamentos t\u00e9cnicos.<\/p><p>Ofrece informaci\u00f3n sobre el tratamiento quir\u00fargico avanzado y m\u00e1s complejo de los pacientes con problemas que suelen tratar los especialistas en cirug\u00eda oral y maxilofacial pero que primero suelen ser vistos y evaluados por otros profesionales dentales.<\/p>\t\t\t\t\t\t\t\t<\/div>\n\t\t\t\t<\/div>\n\t\t\t\t\t<\/div>\n\t\t\t\t<\/div>\n\t\t\t\t<\/div>\n\t\t","protected":false},"excerpt":{"rendered":"<p><strong>Autores:<\/strong>\u00a0James R. Hupp &amp; Edward Ellis &amp; Myron R. Tucker<br \/>\n<strong>ISBN:<\/strong>\u00a09788491136354<br \/>\n<strong>Editorial:<\/strong>\u00a0Elsevier<br \/>\n<strong>Edici\u00f3n:<\/strong>\u00a07\u00aa<br \/>\n<strong>Especialidad<\/strong>:\u00a0Odontolog\u00eda<br \/>\n<strong>P\u00e1ginas<\/strong>: 720<br \/>\n\u00a9 2020<\/p>\n","protected":false},"featured_media":14647,"comment_status":"open","ping_status":"closed","template":"","meta":{"_joinchat":[]},"product_cat":[140],"product_tag":[85,141],"class_list":{"0":"post-14646","1":"product","2":"type-product","3":"status-publish","4":"has-post-thumbnail","6":"product_cat-odontologia-y-ortodoncia","7":"product_tag-elsevier","8":"product_tag-odontologia-y-ortodoncia","10":"first","11":"outofstock","12":"featured","13":"purchasable","14":"product-type-simple"},"_links":{"self":[{"href":"https:\/\/edimeinter.com\/libreria\/wp-json\/wp\/v2\/product\/14646","targetHints":{"allow":["GET"]}}],"collection":[{"href":"https:\/\/edimeinter.com\/libreria\/wp-json\/wp\/v2\/product"}],"about":[{"href":"https:\/\/edimeinter.com\/libreria\/wp-json\/wp\/v2\/types\/product"}],"replies":[{"embeddable":true,"href":"https:\/\/edimeinter.com\/libreria\/wp-json\/wp\/v2\/comments?post=14646"}],"version-history":[{"count":5,"href":"https:\/\/edimeinter.com\/libreria\/wp-json\/wp\/v2\/product\/14646\/revisions"}],"predecessor-version":[{"id":17828,"href":"https:\/\/edimeinter.com\/libreria\/wp-json\/wp\/v2\/product\/14646\/revisions\/17828"}],"wp:featuredmedia":[{"embeddable":true,"href":"https:\/\/edimeinter.com\/libreria\/wp-json\/wp\/v2\/media\/14647"}],"wp:attachment":[{"href":"https:\/\/edimeinter.com\/libreria\/wp-json\/wp\/v2\/media?parent=14646"}],"wp:term":[{"taxonomy":"product_cat","embeddable":true,"href":"https:\/\/edimeinter.com\/libreria\/wp-json\/wp\/v2\/product_cat?post=14646"},{"taxonomy":"product_tag","embeddable":true,"href":"https:\/\/edimeinter.com\/libreria\/wp-json\/wp\/v2\/product_tag?post=14646"}],"curies":[{"name":"wp","href":"https:\/\/api.w.org\/{rel}","templated":true}]}}